{"id":125,"date":"2024-11-04T20:09:04","date_gmt":"2024-11-04T19:09:04","guid":{"rendered":"https:\/\/wp.uni-koblenz.de\/cssbibb\/?page_id=125"},"modified":"2026-03-27T09:01:01","modified_gmt":"2026-03-27T08:01:01","slug":"teaching","status":"publish","type":"page","link":"https:\/\/wp.uni-koblenz.de\/cssbibb\/en\/research\/teaching\/","title":{"rendered":"Teaching"},"content":{"rendered":"<div class=\"entry-content\">\n<h2>Lectures<\/h2>\n\n\n<ul class=\"wp-block-list\">\n<li><em>Summer 2027: Einf\u00fchrung in die Digital Humanities (University of Koblenz, planned<em>, JD<\/em>)<\/em><\/li>\n\n\n\n<li><em>Winter 2026\/27: Complex Networks (University of Koblenz, planned<em>, JD<\/em>)<\/em><\/li>\n\n\n\n<li><em>Winter 2026\/27: Einf\u00fchrung in Computational Social Science I (University of Koblenz, MT+JD, planned)<\/em><\/li>\n\n\n\n<li><strong>Summer 2026: Einf\u00fchrung in Computational Social Science II (University of Koblenz, MT+JD, planned)<\/strong><\/li>\n\n\n\n<li><em>Winter 2025\/26: Einf\u00fchrung in Computational Social Science I (University of Koblenz, MT+JD)<\/em><\/li>\n\n\n\n<li><em>Winter 2025\/26: Complex Networks (University of Koblenz, planned, JD)<\/em><\/li>\n \t<li><strong>Summer 2025: Einf\u00fchrung in Computational Social Science II (University of Koblenz, MT+JD)<\/strong><\/li>\n \t<li>Winter 2024\/25: Algorithms and Advanced Data Structures (Linnaeus University, V\u00e4xj\u00f6, Sweden, JD)<\/li>\n \t<li>Winter 2024\/25: Einf\u00fchrung in Computational Social Science I (University of Koblenz, MT+JD)<\/li>\n \t<li>Summer 2024: Einf\u00fchrung in R (Fortgeschrittene Methoden der Datenanalyse (FDMA)), Institut f\u00fcr Politische Wissenschaft und Soziologie, Universit\u00e4t Bonn (MT)<\/li>\n \t<li>Winter 2023\/24: Transformatory Times \u2013 Technischer Wandel und soziologische Theorie (Vertiefungsmodul Allgemeine Soziologie (VMAS)), Institut f\u00fcr Politische Wissenschaft und Soziologie, Universit\u00e4t Bonn (MT)<\/li>\n \t<li>Summer 2023: Graph Theory (University of Koblenz, JD)<\/li>\n \t<li>Summer 2023: Einf\u00fchrung in R (Fortgeschrittene Methoden der Datenanalyse (FDMA)), Institut f\u00fcr Politische Wissenschaft und Soziologie, Universit\u00e4t Bonn (MT)<\/li>\n \t<li>Summer 2022: Graph Theory (University of Koblenz-Landau, JD)<\/li>\n \t<li>Summer 2022: Einf\u00fchrung in R (Fortgeschrittene Methoden der Datenanalyse (FDMA)), Institut f\u00fcr Politische Wissenschaft und Soziologie, Universit\u00e4t Bonn (MT)<\/li>\n \t<li>Summer 2021: Einf\u00fchrung in R (Fortgeschrittene Methoden der Datenanalyse (FDMA)), Institut f\u00fcr Politische Wissenschaft und Soziologie, Universit\u00e4t Bonn (MT)<\/li>\n \t<li>Summer 2018: Einf\u00fchrung in R (Fortgeschrittene Methoden der Datenanalyse (FDMA)), Institut f\u00fcr Politische Wissenschaft und Soziologie, Universit\u00e4t Bonn (MT)<\/li>\n<\/ul>\n\n\n<h2 class=\"wp-block-heading\">Seminars<\/h2>\n<ul class=\"wp-block-list\">\n<li>Winter 2023\/24: Open und Linked Data in der sozialwissenschaftlichen Forschung (University of Bonn).<\/li>\n<li>Winter 2022\/23: Algorithmen auf Knowledge Graphen (University of Koblenz, JD).<\/li>\n<li>Summer 2020: Knowledge Graphs and their Applications in Life Sciences (University of Bonn, JD)<\/li>\n<li>Winter 2017\/18: Proseminar: Empirische Forschung und Politikberatung (VMM), Institut f\u00fcr Politische Wissenschaft und Soziologie, Universit\u00e4t Bonn (MT)<\/li>\n<li>Winter 2016\/11: Proseminar: Empirische Forschung und Politikberatung (VMM), Institut f\u00fcr Politische Wissenschaft und Soziologie, Universit\u00e4t Bonn (MT)<\/li>\n<li>Winter 2015\/16: Proseminar: Empirische Forschung und Politikberatung (VMM), Institut f\u00fcr Politische Wissenschaft und Soziologie, Universit\u00e4t Bonn (MT)<\/li>\n<\/ul>\n<h2 class=\"wp-block-heading\">Labs<\/h2>\n<ul class=\"wp-block-list\">\n<li>Summer 2025: Projektpraktikum in CSS (University of Koblenz)<\/li>\n<li>Summer 2025: Computational Social Sciences, Forschungspraktikum (University of Koblenz, together with Thomas Reiser)<\/li>\n<li>Winter 2024\/25: Projektpraktikum in CSS (University of Koblenz)<\/li>\n<li>Winter 2024\/25: Computational Social Sciences, Forschungspraktikum (University of Koblenz, together with Thomas Reiser)<\/li>\n<li>Summer 2024: Computational Social Sciences, Forschungspraktikum (University of Koblenz)<\/li>\n<li>Winter 2023\/24: Computational Social Sciences, Forschungspraktikum (University of Koblenz)<\/li>\n<li>Summer 2023: Computational Social Sciences, Forschungspraktikum (University of Koblenz)<\/li>\n<li>Winter 2022\/23: Forschungspraktikum (University of Koblenz)<\/li>\n<li>Winter 2019\/20: Programming Lab II (University of Bonn)<\/li>\n<li>Winter 2018\/19: Programming Lab II (University of Bonn)<\/li>\n<li>Winter 2017\/18: Programming Lab III (University of Bonn)<\/li>\n<li>Winter 2016\/17: Programming Lab III (University of Bonn, together with Dr. Marc Jacobs)<\/li>\n<\/ul>\n<\/div>","protected":false},"excerpt":{"rendered":"<p>Lectures Seminars Winter 2023\/24: Open und Linked Data in der sozialwissenschaftlichen Forschung (University of Bonn). Winter 2022\/23: Algorithmen auf Knowledge Graphen (University of Koblenz, JD). Summer 2020: Knowledge Graphs and their Applications in Life Sciences (University of Bonn, JD) Winter &hellip;<\/p>\n<p class=\"read-more\"> <a class=\"more-link\" href=\"https:\/\/wp.uni-koblenz.de\/cssbibb\/en\/research\/teaching\/\"> <span class=\"screen-reader-text\">Teaching<\/span> Weiterlesen &raquo;<\/a><\/p>\n","protected":false},"author":760,"featured_media":0,"parent":121,"menu_order":0,"comment_status":"closed","ping_status":"closed","template":"","meta":{"_bbp_topic_count":0,"_bbp_reply_count":0,"_bbp_total_topic_count":0,"_bbp_total_reply_count":0,"_bbp_voice_count":0,"_bbp_anonymous_reply_count":0,"_bbp_topic_count_hidden":0,"_bbp_reply_count_hidden":0,"_bbp_forum_subforum_count":0,"footnotes":""},"class_list":["post-125","page","type-page","status-publish","hentry"],"_links":{"self":[{"href":"https:\/\/wp.uni-koblenz.de\/cssbibb\/wp-json\/wp\/v2\/pages\/125","targetHints":{"allow":["GET"]}}],"collection":[{"href":"https:\/\/wp.uni-koblenz.de\/cssbibb\/wp-json\/wp\/v2\/pages"}],"about":[{"href":"https:\/\/wp.uni-koblenz.de\/cssbibb\/wp-json\/wp\/v2\/types\/page"}],"author":[{"embeddable":true,"href":"https:\/\/wp.uni-koblenz.de\/cssbibb\/wp-json\/wp\/v2\/users\/760"}],"replies":[{"embeddable":true,"href":"https:\/\/wp.uni-koblenz.de\/cssbibb\/wp-json\/wp\/v2\/comments?post=125"}],"version-history":[{"count":3,"href":"https:\/\/wp.uni-koblenz.de\/cssbibb\/wp-json\/wp\/v2\/pages\/125\/revisions"}],"predecessor-version":[{"id":796,"href":"https:\/\/wp.uni-koblenz.de\/cssbibb\/wp-json\/wp\/v2\/pages\/125\/revisions\/796"}],"up":[{"embeddable":true,"href":"https:\/\/wp.uni-koblenz.de\/cssbibb\/wp-json\/wp\/v2\/pages\/121"}],"wp:attachment":[{"href":"https:\/\/wp.uni-koblenz.de\/cssbibb\/wp-json\/wp\/v2\/media?parent=125"}],"curies":[{"name":"wp","href":"https:\/\/api.w.org\/{rel}","templated":true}]}}