{"id":3,"date":"2024-10-31T13:17:37","date_gmt":"2024-10-31T12:17:37","guid":{"rendered":"https:\/\/wp.uni-koblenz.de\/cssbibb\/veranstaltungen\/"},"modified":"2025-03-29T09:48:19","modified_gmt":"2025-03-29T08:48:19","slug":"forschung","status":"publish","type":"page","link":"https:\/\/wp.uni-koblenz.de\/cssbibb\/forschung\/","title":{"rendered":"Forschung"},"content":{"rendered":"<p>Hier stellen wir unsere Aktivit\u00e4ten im Rahmen der Lehre an der Universit\u00e4t Koblenz im Bereich der Computational Social Sciences vor. Wir sind ein interdisziplin\u00e4res Team von Forschenden aus universit\u00e4ren und au\u00dferuniversit\u00e4ren Einrichtungen.<\/p>\n<p>Unsere Forschung hat einen Schwerpunkt in der Berufsbildungsforschung und l\u00e4sst sich in drei Hauptbereiche unterteilen, die sich oft \u00fcberschneiden:<\/p>\n<div class=\"wp-block-columns is-layout-flex wp-container-core-columns-is-layout-1 wp-block-columns-is-layout-flex\">\n<div class=\"wp-block-column is-layout-flow wp-block-column-is-layout-flow\">\n<figure class=\"wp-block-image size-full\"><img loading=\"lazy\" decoding=\"async\" class=\"wp-image-56\" src=\"https:\/\/wp.uni-koblenz.de\/cssbibb\/wp-content\/uploads\/sites\/232\/2024\/11\/grafik-3.png\" alt=\"\" width=\"619\" height=\"295\" \/><\/figure>\n<\/div>\n<div class=\"wp-block-column is-layout-flow wp-block-column-is-layout-flow\">\n<p><strong>KI f\u00fcr und in der CSS<\/strong><\/p>\n<p>Ein gro\u00dfer Teil unserer Forschung besch\u00e4ftigt sich mit KI f\u00fcr datenwissenschaftliche Ans\u00e4tze in der CSS oder mit KI in der CSS, z.B. dem Einsatz von KI in Gesellschaft und Bildung sowie deren kritischer Reflexion.<\/p>\n<\/div>\n<\/div>\n<hr class=\"wp-block-separator has-alpha-channel-opacity\" \/>\n<div class=\"wp-block-columns is-layout-flex wp-container-core-columns-is-layout-2 wp-block-columns-is-layout-flex\">\n<div class=\"wp-block-column is-layout-flow wp-block-column-is-layout-flow\">\n<figure class=\"wp-block-image size-full\"><img loading=\"lazy\" decoding=\"async\" class=\"wp-image-57\" src=\"https:\/\/wp.uni-koblenz.de\/cssbibb\/wp-content\/uploads\/sites\/232\/2024\/11\/grafik-4.png\" alt=\"\" width=\"737\" height=\"425\" \/><\/figure>\n<\/div>\n<div class=\"wp-block-column is-layout-flow wp-block-column-is-layout-flow\">\n<p><strong>Data Science f\u00fcr CSS<\/strong><\/p>\n<p>In diesem Bereich geht es nicht nur um Big-Data-Analysen (Big Data), verkn\u00fcpfte Daten und Workflows, z. B. f\u00fcr geografische oder temporale Daten, sondern auch um deren Einbettung in sozialwissenschaftliche Theoriebildung und Experimente.<\/p>\n<\/div>\n<\/div>\n<hr class=\"wp-block-separator has-alpha-channel-opacity\" \/>\n<div class=\"wp-block-columns is-layout-flex wp-container-core-columns-is-layout-3 wp-block-columns-is-layout-flex\">\n<div class=\"wp-block-column is-layout-flow wp-block-column-is-layout-flow\">\n<figure class=\"wp-block-image size-full\"><img loading=\"lazy\" decoding=\"async\" class=\"wp-image-60\" src=\"https:\/\/wp.uni-koblenz.de\/cssbibb\/wp-content\/uploads\/sites\/232\/2024\/11\/grafik-5.png\" alt=\"\" width=\"673\" height=\"486\" \/><\/figure>\n<\/div>\n<div class=\"wp-block-column is-layout-flow wp-block-column-is-layout-flow\">\n<p><strong>Complex Networks<\/strong><\/p>\n<p>Dieser Bereich beinhaltet soziale und historische Netzwerkanalyse, Wissensgraphen, Ontologien, aber auch Datenverkn\u00fcpfungen und die Analyse von Netzwerken mittels Algorithmen, KI und Visualisierung.<\/p>\n<\/div>\n<\/div>\n<hr class=\"wp-block-separator has-alpha-channel-opacity\" \/>\n<div class=\"wp-block-columns is-layout-flex wp-container-core-columns-is-layout-4 wp-block-columns-is-layout-flex\">\n<div class=\"wp-block-column is-layout-flow wp-block-column-is-layout-flow\">\n<div class=\"wp-block-image\">\n<figure class=\"aligncenter is-resized\"><\/figure>\n<\/div>\n<\/div>\n<\/div>\n\n\n<p><\/p>\n","protected":false},"excerpt":{"rendered":"<p>CONTENTS<\/p>\n<div class=\"read-more\"><a href=\"https:\/\/wp.uni-koblenz.de\/cssbibb\/forschung\/\">Weiterlesen &#8250;<\/a><\/div>\n<p><!-- end of .read-more --><\/p>\n","protected":false},"author":760,"featured_media":0,"parent":0,"menu_order":3,"comment_status":"closed","ping_status":"closed","template":"","meta":{"_bbp_topic_count":0,"_bbp_reply_count":0,"_bbp_total_topic_count":0,"_bbp_total_reply_count":0,"_bbp_voice_count":0,"_bbp_anonymous_reply_count":0,"_bbp_topic_count_hidden":0,"_bbp_reply_count_hidden":0,"_bbp_forum_subforum_count":0,"footnotes":""},"class_list":["post-3","page","type-page","status-publish","hentry"],"_links":{"self":[{"href":"https:\/\/wp.uni-koblenz.de\/cssbibb\/wp-json\/wp\/v2\/pages\/3","targetHints":{"allow":["GET"]}}],"collection":[{"href":"https:\/\/wp.uni-koblenz.de\/cssbibb\/wp-json\/wp\/v2\/pages"}],"about":[{"href":"https:\/\/wp.uni-koblenz.de\/cssbibb\/wp-json\/wp\/v2\/types\/page"}],"author":[{"embeddable":true,"href":"https:\/\/wp.uni-koblenz.de\/cssbibb\/wp-json\/wp\/v2\/users\/760"}],"replies":[{"embeddable":true,"href":"https:\/\/wp.uni-koblenz.de\/cssbibb\/wp-json\/wp\/v2\/comments?post=3"}],"version-history":[{"count":1,"href":"https:\/\/wp.uni-koblenz.de\/cssbibb\/wp-json\/wp\/v2\/pages\/3\/revisions"}],"predecessor-version":[{"id":427,"href":"https:\/\/wp.uni-koblenz.de\/cssbibb\/wp-json\/wp\/v2\/pages\/3\/revisions\/427"}],"wp:attachment":[{"href":"https:\/\/wp.uni-koblenz.de\/cssbibb\/wp-json\/wp\/v2\/media?parent=3"}],"curies":[{"name":"wp","href":"https:\/\/api.w.org\/{rel}","templated":true}]}}