{"id":18,"date":"2021-11-24T17:15:53","date_gmt":"2021-11-24T16:15:53","guid":{"rendered":"https:\/\/wp.uni-koblenz.de\/geheimnis\/?page_id=18"},"modified":"2022-01-23T13:29:41","modified_gmt":"2022-01-23T12:29:41","slug":"beitraege","status":"publish","type":"page","link":"https:\/\/wp.uni-koblenz.de\/geheimnis\/beitraege\/","title":{"rendered":"Beitr\u00e4ge &amp; Essays"},"content":{"rendered":"\t\t<div data-elementor-type=\"wp-page\" data-elementor-id=\"18\" class=\"elementor elementor-18\">\n\t\t\t\t\t\t<section class=\"elementor-section elementor-top-section elementor-element elementor-element-59afacc elementor-section-boxed elementor-section-height-default elementor-section-height-default\" data-id=\"59afacc\" data-element_type=\"section\" data-e-type=\"section\" data-settings=\"{&quot;background_background&quot;:&quot;classic&quot;}\">\n\t\t\t\t\t\t<div class=\"elementor-container elementor-column-gap-default\">\n\t\t\t\t\t<div class=\"elementor-column elementor-col-100 elementor-top-column elementor-element elementor-element-10b1a98\" data-id=\"10b1a98\" data-element_type=\"column\" data-e-type=\"column\">\n\t\t\t<div class=\"elementor-widget-wrap elementor-element-populated\">\n\t\t\t\t\t\t<div class=\"elementor-element elementor-element-b8d0bfe elementor-widget elementor-widget-heading\" data-id=\"b8d0bfe\" data-element_type=\"widget\" data-e-type=\"widget\" data-widget_type=\"heading.default\">\n\t\t\t\t<div class=\"elementor-widget-container\">\n\t\t\t\t\t<h2 class=\"elementor-heading-title elementor-size-default\">Beitr\u00e4ge &amp; Essays       <\/h2>\t\t\t\t<\/div>\n\t\t\t\t<\/div>\n\t\t\t\t\t<\/div>\n\t\t<\/div>\n\t\t\t\t\t<\/div>\n\t\t<\/section>\n\t\t\t\t<section class=\"elementor-section elementor-top-section elementor-element elementor-element-f0b4855 elementor-section-boxed elementor-section-height-default elementor-section-height-default\" data-id=\"f0b4855\" data-element_type=\"section\" data-e-type=\"section\" data-settings=\"{&quot;background_background&quot;:&quot;classic&quot;}\">\n\t\t\t\t\t\t<div class=\"elementor-container elementor-column-gap-default\">\n\t\t\t\t\t<div class=\"elementor-column elementor-col-100 elementor-top-column elementor-element elementor-element-b52b7f3\" data-id=\"b52b7f3\" data-element_type=\"column\" data-e-type=\"column\">\n\t\t\t<div class=\"elementor-widget-wrap elementor-element-populated\">\n\t\t\t\t\t\t<div class=\"elementor-element elementor-element-6fabdc0 elementor-widget elementor-widget-text-editor\" data-id=\"6fabdc0\" data-element_type=\"widget\" data-e-type=\"widget\" data-widget_type=\"text-editor.default\">\n\t\t\t\t<div class=\"elementor-widget-container\">\n\t\t\t\t\t\t\t\t\t<p><span style=\"font-size: 10pt\"><em><span style=\"font-family: georgia, palatino, serif\">Einige<\/span><\/em><span style=\"font-family: georgia, palatino, serif\"><em> der Beitr\u00e4ge sind aufgrund ihres Datenvolumens nicht auf dieser Homepage,\u00a0 sondern passwortgesch\u00fctzt auf dem Server der Universit\u00e4t Koblenz\u00a0 gespeichert. Das Passwort lautet:<\/em> GeheimnisXY\u00a0<\/span><\/span><\/p>\t\t\t\t\t\t\t\t<\/div>\n\t\t\t\t<\/div>\n\t\t\t\t<div class=\"elementor-element elementor-element-2de5fc9 elementor-widget elementor-widget-text-editor\" data-id=\"2de5fc9\" data-element_type=\"widget\" data-e-type=\"widget\" data-widget_type=\"text-editor.default\">\n\t\t\t\t<div class=\"elementor-widget-container\">\n\t\t\t\t\t\t\t\t\t<p><span style=\"font-family: georgia, palatino, serif;color: #000000\"><span style=\"font-size: medium\">Gerd Antos: <a href=\"https:\/\/wp.uni-koblenz.de\/geheimnis\/wp-content\/uploads\/sites\/177\/2022\/01\/Antos_Sprachliche-Selfies-1.pdf\" target=\"_blank\" rel=\"noopener\">Sprachliche Selfies. Selbstbez\u00fcgliche Kommunikation zwischen Selbstverst\u00e4ndigung und Selbsterm\u00e4chtigung<\/a><\/span><\/span><\/p><p><span style=\"color: #000000;font-family: georgia, palatino, serif\"><span style=\"font-size: medium\">Helga Arend: <\/span><a href=\"https:\/\/wp.uni-koblenz.de\/geheimnis\/wp-content\/uploads\/sites\/177\/2021\/12\/Arend-Konstruktion-von-Naehe-und-Distanz-in-Herrmans-Roman-Daheim.pdf\" target=\"_blank\" rel=\"noopener\"><span style=\"font-size: medium\">Konstruktion von Distanz und N\u00e4he durch sprachliche Formen und kommunikative Akte in Judith Herrmanns Roman Daheim<\/span><\/a><\/span><\/p><p><span style=\"font-family: georgia, palatino, serif;color: #000000\"><span style=\"font-size: medium\">Hajo Diekmannshenke: <a href=\"https:\/\/wp.uni-koblenz.de\/geheimnis\/wp-content\/uploads\/sites\/177\/2022\/01\/Diekmannshenke-Was-nicht-gesagt-werden-darf.pdf\" target=\"_blank\" rel=\"noopener\">Was nicht gesagt (und doch gesagt?) wird. Zensur \u2013 Tabu \u2013 \u201cAnstand\u201d<\/a><\/span><\/span><\/p><p><span style=\"font-size: 12pt;font-family: georgia, palatino, serif\">Gru\u00df &amp; Kuss-Projekt: <\/span><a href=\"https:\/\/wp.uni-koblenz.de\/geheimnis\/wp-content\/uploads\/sites\/177\/2022\/01\/Grusswort-Gruss-Kuss-Projekt.pdf\" target=\"_blank\" rel=\"noopener\"><span style=\"font-size: 12pt;font-family: georgia, palatino, serif\">Gru\u00dfwort<\/span><\/a><\/p><p><span style=\"color: #000000;font-family: georgia, palatino, serif\"><span style=\"font-size: medium\">Martin Luginb\u00fchl:<\/span><span style=\"font-size: xx-small\"><a style=\"color: #000000\" href=\"https:\/\/cloud.uni-koblenz-landau.de\/f\/83464999\" target=\"_blank\" rel=\"noopener\">\u00a0<\/a><\/span><a href=\"https:\/\/cloud.uni-koblenz-landau.de\/s\/kD2Hn54XjCbPD88\/authenticate\/showShare\" target=\"_blank\" rel=\"noopener\"><span style=\"font-size: medium\">N\u00e4he in der Tagesschau-Moderation als multimodale Hervorbringu<\/span><span style=\"font-size: medium\">ng<\/span><\/a><\/span><\/p><p><span style=\"font-family: georgia, palatino, serif;color: #000000\"><span style=\"font-size: medium\">Konstanze Marx: <a href=\"https:\/\/www.google.com\/url?q=https%3A%2F%2Fcloud.uni-koblenz-landau.de%2Fs%2FTw88qcxiCHJowFq&amp;sa=D&amp;sntz=1&amp;usg=AFQjCNGoE87G2G8uv5eksahogidJsWCruw\" target=\"_blank\" rel=\"noopener\">No Shit. Kritik in Sozialen Medien<\/a><\/span><\/span><\/p><p><span style=\"font-family: georgia, palatino, serif;color: #000000\"><span style=\"font-size: medium\">Simon Meier-Vieracker: <a href=\"https:\/\/wp.uni-koblenz.de\/geheimnis\/wp-content\/uploads\/sites\/177\/2022\/01\/Meier-Vieracker_Liebesbriefe_TikTok.pdf\" target=\"_blank\" rel=\"noopener\">#Liebesbriefe auf TikTok. Rekontextualisierung eines Genre auf einer multimodalen Social Media Plattform<\/a><\/span><\/span><\/p><p><span style=\"font-family: georgia, palatino, serif;color: #000000\"><span style=\"font-size: medium\">Iris Mei\u00dfner: <a href=\"https:\/\/www.google.com\/url?q=https%3A%2F%2Fcloud.uni-koblenz-landau.de%2Fs%2F3fwf8y3XWPzSg3M&amp;sa=D&amp;sntz=1&amp;usg=AFQjCNF6XSpuiOf1BREyjXTwhFxBQY1CJA\" target=\"_blank\" rel=\"noopener\">Sprachliche Konstruktion von Vertrautheit, N\u00e4he und Geheimnis<\/a><\/span><\/span><\/p><p><span style=\"color: #000000;font-family: georgia, palatino, serif\"><span style=\"font-size: medium\">Stefan Neuhaus:<\/span><span style=\"font-size: xx-small\">\u00a0<\/span><a href=\"https:\/\/cloud.uni-koblenz-landau.de\/s\/pixrCsT7Wqfk5s5\/authenticate\/showShare\" target=\"_blank\" rel=\"noopener\"><span style=\"font-size: medium\">Das Geheimnis der Literatur<\/span><\/a><\/span><\/p><p><span style=\"color: #000000;font-family: georgia, palatino, serif\"><span style=\"font-size: medium\">Heike Rettig: <\/span><a href=\"https:\/\/wp.uni-koblenz.de\/geheimnis\/heike-rettig-zuneigung-zeigen-als-dimension-der-beziehungsgestaltung-in-interspezies-interaktionen\/\" target=\"_blank\" rel=\"noopener\"><span style=\"font-size: medium\">Zuneigung \u2013 Zeigen als Dimension der Beziehungsgestaltung in der Interspezies \u2013 Interaktion<\/span><\/a><\/span><\/p><p><span style=\"color: #000000;font-family: georgia, palatino, serif\"><span style=\"font-size: medium\">Helmut Schmiedt: <a href=\"https:\/\/wp.uni-koblenz.de\/geheimnis\/wp-content\/uploads\/sites\/177\/2021\/12\/Schmiedt-Das-Schweigen-und-das-Glueck.pdf\" target=\"_blank\" rel=\"noopener\">Das Schweigen und das Gl\u00fcck<\/a><\/span><\/span><\/p><p><span style=\"color: #000000;font-family: georgia, palatino, serif\"><span style=\"font-size: medium\">Ulrich Schmitz: <a href=\"https:\/\/cloud.uni-koblenz-landau.de\/s\/jyzR5gDwQeFZ8si\" target=\"_blank\" rel=\"noopener\">Private Botschaften im \u00f6ffentlichen Raum. Vertrautheit und N\u00e4he in der Linguistic Landscape von Gro\u00dfst\u00e4dten <\/a><\/span><\/span><span style=\"color: #000000;font-family: georgia, palatino, serif\"><span style=\"font-size: medium\"><a href=\"https:\/\/wp.uni-koblenz.de\/geheimnis\/wp-content\/uploads\/sites\/177\/2021\/12\/Schmitz-Private-Botschaften-im-oeffentlichen-Raum.pdf\" target=\"_blank\" rel=\"noopener\">(Textversion)<\/a><\/span><\/span><\/p><p><span style=\"font-family: georgia, palatino, serif;color: #000000\"><span style=\"font-size: medium\">Lesya Skintey: <a href=\"https:\/\/cloud.uni-koblenz-landau.de\/s\/84N4zZiMBfCkrbD\/authenticate\/showShare\" target=\"_blank\" rel=\"noopener\">Vertrautheit, N\u00e4he und Geheimnis: Zugeh\u00f6rigkeitsbezogene Positionierungen mehrsprachiger Kinder in Interaktionen im Kindergarten. Erkenntnisse aus einer ethnografischen Studie<\/a><\/span><\/span><\/p><p><span style=\"color: #000000;font-family: georgia, palatino, serif\"><span style=\"font-size: medium\">Pamela Steen: <\/span><a href=\"https:\/\/wp.uni-koblenz.de\/geheimnis\/pamela-steen-vertrautheit-und-liebe-in-der-mensch-tier-beziehung-tierliebes-briefe-als-vermittler-in-humananimalischen-emotionsgemeinschaften\/\" target=\"_blank\" rel=\"noopener\"><span style=\"font-size: medium\">Vertrautheit und Liebe in der Mensch-Tier-Beziehung. Tier(liebes-)briefe als Vermittler in humanimalischen Emotionsgemeinschaften<\/span><\/a><\/span><\/p><p><span style=\"color: #000000;font-family: georgia, palatino, serif\"><span style=\"font-size: medium\">Marie-Luise W\u00fcnsche: <\/span><a href=\"https:\/\/wp.uni-koblenz.de\/geheimnis\/wp-content\/uploads\/sites\/177\/2021\/12\/Wuensche-Herr-Adamson-Ein-mehrfach-adressierter-Audio-Liebesbrief.pdf\" target=\"_blank\" rel=\"noopener\"><span style=\"font-size: medium\">Urs Widmers Herr Adamson \u2013 Ein mehrfach adressierter Audio-Liebesbrief\u00a0\u00a0<\/span><\/a><\/span><\/p>\t\t\t\t\t\t\t\t<\/div>\n\t\t\t\t<\/div>\n\t\t\t\t\t<\/div>\n\t\t<\/div>\n\t\t\t\t\t<\/div>\n\t\t<\/section>\n\t\t\t\t<section class=\"elementor-section elementor-top-section elementor-element elementor-element-0fc55dc elementor-section-boxed elementor-section-height-default elementor-section-height-default\" data-id=\"0fc55dc\" data-element_type=\"section\" data-e-type=\"section\">\n\t\t\t\t\t\t<div class=\"elementor-container elementor-column-gap-default\">\n\t\t\t\t\t<div class=\"elementor-column elementor-col-100 elementor-top-column elementor-element elementor-element-2205ae1\" data-id=\"2205ae1\" data-element_type=\"column\" data-e-type=\"column\">\n\t\t\t<div class=\"elementor-widget-wrap elementor-element-populated\">\n\t\t\t\t\t\t<div class=\"elementor-element elementor-element-dd89c9e elementor-widget elementor-widget-text-editor\" data-id=\"dd89c9e\" data-element_type=\"widget\" data-e-type=\"widget\" data-widget_type=\"text-editor.default\">\n\t\t\t\t<div class=\"elementor-widget-container\">\n\t\t\t\t\t\t\t\t\t<p style=\"text-align: center\"><a href=\"https:\/\/www.google.com\/url?q=https%3A%2F%2Funi-koblenz-de.zoom.us%2Fj%2F6105214094%3Fpwd%3DTEQ5a0FhMDhTcldsWVBTaU9vbU91dz09&amp;sa=D&amp;sntz=1&amp;usg=AFQjCNFR24AArQn7qG6YExaCJneBy7ct3g\" target=\"_blank\" rel=\"noopener\"><span style=\"font-size: 12pt;font-family: georgia, palatino, serif\">Zugang zum Symposium am 21.01.22 von 9:30 Uhr bis ca.16:00 Uhr (Link)<\/span><\/a><br \/><span style=\"font-size: 12pt;font-family: georgia, palatino, serif\">Meeting-ID: 610 521 4094. Kenncode: uRw2tA<\/span><\/p>\t\t\t\t\t\t\t\t<\/div>\n\t\t\t\t<\/div>\n\t\t\t\t\t<\/div>\n\t\t<\/div>\n\t\t\t\t\t<\/div>\n\t\t<\/section>\n\t\t\t\t<\/div>\n\t\t","protected":false},"excerpt":{"rendered":"<p>Beitr\u00e4ge &amp; Essays Einige der Beitr\u00e4ge sind aufgrund ihres Datenvolumens nicht auf dieser Homepage,\u00a0 sondern passwortgesch\u00fctzt auf dem Server der Universit\u00e4t Koblenz\u00a0 gespeichert. Das Passwort lautet: GeheimnisXY\u00a0 Gerd Antos: Sprachliche Selfies. Selbstbez\u00fcgliche Kommunikation zwischen Selbstverst\u00e4ndigung und Selbsterm\u00e4chtigung Helga Arend: Konstruktion von Distanz und N\u00e4he durch sprachliche Formen und kommunikative Akte in Judith Herrmanns Roman Daheim [&hellip;]<\/p>\n","protected":false},"author":11,"featured_media":0,"parent":0,"menu_order":0,"comment_status":"closed","ping_status":"closed","template":"","meta":{"ocean_post_layout":"full-screen","ocean_both_sidebars_style":"","ocean_both_sidebars_content_width":0,"ocean_both_sidebars_sidebars_width":0,"ocean_sidebar":"0","ocean_second_sidebar":"0","ocean_disable_margins":"enable","ocean_add_body_class":"","ocean_shortcode_before_top_bar":"","ocean_shortcode_after_top_bar":"","ocean_shortcode_before_header":"","ocean_shortcode_after_header":"","ocean_has_shortcode":"","ocean_shortcode_after_title":"","ocean_shortcode_before_footer_widgets":"","ocean_shortcode_after_footer_widgets":"","ocean_shortcode_before_footer_bottom":"","ocean_shortcode_after_footer_bottom":"","ocean_display_top_bar":"default","ocean_display_header":"default","ocean_header_style":"","ocean_center_header_left_menu":"0","ocean_custom_header_template":"0","ocean_custom_logo":0,"ocean_custom_retina_logo":0,"ocean_custom_logo_max_width":0,"ocean_custom_logo_tablet_max_width":0,"ocean_custom_logo_mobile_max_width":0,"ocean_custom_logo_max_height":0,"ocean_custom_logo_tablet_max_height":0,"ocean_custom_logo_mobile_max_height":0,"ocean_header_custom_menu":"0","ocean_menu_typo_font_family":"0","ocean_menu_typo_font_subset":"","ocean_menu_typo_font_size":0,"ocean_menu_typo_font_size_tablet":0,"ocean_menu_typo_font_size_mobile":0,"ocean_menu_typo_font_size_unit":"px","ocean_menu_typo_font_weight":"","ocean_menu_typo_font_weight_tablet":"","ocean_menu_typo_font_weight_mobile":"","ocean_menu_typo_transform":"","ocean_menu_typo_transform_tablet":"","ocean_menu_typo_transform_mobile":"","ocean_menu_typo_line_height":0,"ocean_menu_typo_line_height_tablet":0,"ocean_menu_typo_line_height_mobile":0,"ocean_menu_typo_line_height_unit":"","ocean_menu_typo_spacing":0,"ocean_menu_typo_spacing_tablet":0,"ocean_menu_typo_spacing_mobile":0,"ocean_menu_typo_spacing_unit":"","ocean_menu_link_color":"","ocean_menu_link_color_hover":"","ocean_menu_link_color_active":"","ocean_menu_link_background":"","ocean_menu_link_hover_background":"","ocean_menu_link_active_background":"","ocean_menu_social_links_bg":"","ocean_menu_social_hover_links_bg":"","ocean_menu_social_links_color":"","ocean_menu_social_hover_links_color":"","ocean_disable_title":"on","ocean_disable_heading":"default","ocean_post_title":"","ocean_post_subheading":"","ocean_post_title_style":"","ocean_post_title_background_color":"","ocean_post_title_background":0,"ocean_post_title_bg_image_position":"","ocean_post_title_bg_image_attachment":"","ocean_post_title_bg_image_repeat":"","ocean_post_title_bg_image_size":"","ocean_post_title_height":0,"ocean_post_title_bg_overlay":0.5,"ocean_post_title_bg_overlay_color":"","ocean_disable_breadcrumbs":"default","ocean_breadcrumbs_color":"","ocean_breadcrumbs_separator_color":"","ocean_breadcrumbs_links_color":"","ocean_breadcrumbs_links_hover_color":"","ocean_display_footer_widgets":"off","ocean_display_footer_bottom":"off","ocean_custom_footer_template":"0","footnotes":""},"class_list":["post-18","page","type-page","status-publish","hentry","entry"],"_links":{"self":[{"href":"https:\/\/wp.uni-koblenz.de\/geheimnis\/wp-json\/wp\/v2\/pages\/18","targetHints":{"allow":["GET"]}}],"collection":[{"href":"https:\/\/wp.uni-koblenz.de\/geheimnis\/wp-json\/wp\/v2\/pages"}],"about":[{"href":"https:\/\/wp.uni-koblenz.de\/geheimnis\/wp-json\/wp\/v2\/types\/page"}],"author":[{"embeddable":true,"href":"https:\/\/wp.uni-koblenz.de\/geheimnis\/wp-json\/wp\/v2\/users\/11"}],"replies":[{"embeddable":true,"href":"https:\/\/wp.uni-koblenz.de\/geheimnis\/wp-json\/wp\/v2\/comments?post=18"}],"version-history":[{"count":334,"href":"https:\/\/wp.uni-koblenz.de\/geheimnis\/wp-json\/wp\/v2\/pages\/18\/revisions"}],"predecessor-version":[{"id":725,"href":"https:\/\/wp.uni-koblenz.de\/geheimnis\/wp-json\/wp\/v2\/pages\/18\/revisions\/725"}],"wp:attachment":[{"href":"https:\/\/wp.uni-koblenz.de\/geheimnis\/wp-json\/wp\/v2\/media?parent=18"}],"curies":[{"name":"wp","href":"https:\/\/api.w.org\/{rel}","templated":true}]}}