{"id":122,"date":"2018-07-12T17:30:28","date_gmt":"2018-07-12T15:30:28","guid":{"rendered":"https:\/\/wp.uni-koblenz.de\/kpt2018\/?page_id=122"},"modified":"2018-07-13T20:48:45","modified_gmt":"2018-07-13T18:48:45","slug":"ablauf","status":"publish","type":"page","link":"https:\/\/wp.uni-koblenz.de\/kpt2018\/ablauf\/","title":{"rendered":"Ablauf"},"content":{"rendered":"<p style=\"text-align: center\">10.00 Begr\u00fc\u00dfung<\/p>\n<p style=\"text-align: center\">Univ.-Prof. Dr. Dr. h.c. Ludwig Tavernier<br \/>\nLeiter des Instituts f\u00fcr Kunstwissenschaft<\/p>\n<p style=\"text-align: center\">\nJoachim Kie\u00dfling<br \/>\nVorstand BDK Fachverband f\u00fcr Kunstp\u00e4dagogik, RLP<\/p>\n<p style=\"text-align: center\">\n10.30 Workshops Teil 1<\/p>\n<p style=\"text-align: center\">\n12.30 Mittagspause<\/p>\n<p style=\"text-align: center\">\n13.30 Workshops Teil 2<\/p>\n<p style=\"text-align: center\">\n15.30 Kaffepause<\/p>\n<p style=\"text-align: center\">\n16.30 Feedback im Plenum<\/p>\n","protected":false},"excerpt":{"rendered":"<p>10.00 Begr\u00fc\u00dfung Univ.-Prof. Dr. Dr. h.c. Ludwig Tavernier Leiter des Instituts f\u00fcr Kunstwissenschaft Joachim Kie\u00dfling Vorstand BDK Fachverband f\u00fcr Kunstp\u00e4dagogik, RLP 10.30 Workshops Teil 1 12.30 Mittagspause 13.30 Workshops Teil 2 15.30 Kaffepause 16.30 Feedback im Plenum<\/p>\n","protected":false},"author":11,"featured_media":0,"parent":0,"menu_order":0,"comment_status":"closed","ping_status":"closed","template":"","meta":{"footnotes":""},"class_list":["post-122","page","type-page","status-publish","hentry"],"_links":{"self":[{"href":"https:\/\/wp.uni-koblenz.de\/kpt2018\/wp-json\/wp\/v2\/pages\/122","targetHints":{"allow":["GET"]}}],"collection":[{"href":"https:\/\/wp.uni-koblenz.de\/kpt2018\/wp-json\/wp\/v2\/pages"}],"about":[{"href":"https:\/\/wp.uni-koblenz.de\/kpt2018\/wp-json\/wp\/v2\/types\/page"}],"author":[{"embeddable":true,"href":"https:\/\/wp.uni-koblenz.de\/kpt2018\/wp-json\/wp\/v2\/users\/11"}],"replies":[{"embeddable":true,"href":"https:\/\/wp.uni-koblenz.de\/kpt2018\/wp-json\/wp\/v2\/comments?post=122"}],"version-history":[{"count":3,"href":"https:\/\/wp.uni-koblenz.de\/kpt2018\/wp-json\/wp\/v2\/pages\/122\/revisions"}],"predecessor-version":[{"id":130,"href":"https:\/\/wp.uni-koblenz.de\/kpt2018\/wp-json\/wp\/v2\/pages\/122\/revisions\/130"}],"wp:attachment":[{"href":"https:\/\/wp.uni-koblenz.de\/kpt2018\/wp-json\/wp\/v2\/media?parent=122"}],"curies":[{"name":"wp","href":"https:\/\/api.w.org\/{rel}","templated":true}]}}

<p style="text-align: center">10.00 Begrüßung</p>
<p style="text-align: center">Univ.-Prof. Dr. Dr. h.c. Ludwig Tavernier<br />
Leiter des Instituts für Kunstwissenschaft</p>
<p style="text-align: center">
Joachim Kießling<br />
Vorstand BDK Fachverband für Kunstpädagogik, RLP</p>
<p style="text-align: center">
10.30 Workshops Teil 1</p>
<p style="text-align: center">
12.30 Mittagspause</p>
<p style="text-align: center">
13.30 Workshops Teil 2</p>
<p style="text-align: center">
15.30 Kaffepause</p>
<p style="text-align: center">
16.30 Feedback im Plenum</p>

<p>10.00 Begrüßung Univ.-Prof. Dr. Dr. h.c. Ludwig Tavernier Leiter des Instituts für Kunstwissenschaft Joachim Kießling Vorstand BDK Fachverband für Kunstpädagogik, RLP 10.30 Workshops Teil 1 12.30 Mittagspause 13.30 Workshops Teil 2 15.30 Kaffepause 16.30 Feedback im Plenum</p>
