{"id":83,"date":"2018-06-07T23:17:51","date_gmt":"2018-06-07T21:17:51","guid":{"rendered":"https:\/\/wp.uni-koblenz.de\/kpt2018\/?page_id=83"},"modified":"2018-11-27T23:30:19","modified_gmt":"2018-11-27T22:30:19","slug":"intention","status":"publish","type":"page","link":"https:\/\/wp.uni-koblenz.de\/kpt2018\/","title":{"rendered":"Intention"},"content":{"rendered":"<p style=\"text-align: left\"><em><span style=\"font-family: helvetica, arial, sans-serif\">Dieser Kunstp\u00e4dagogische Tag steht im Zeichen der praktischen Arbeit im Kunstunterricht. Hier wird Digitales als auch Analoges sinnvoll verbunden. Die Workshops bieten erprobte Unterrichtsideen, die nur Impulse sein sollen, um m\u00f6glichst frei mit diesen arbeiten zu k\u00f6nnen. <\/span><\/em><em><span style=\"font-family: helvetica, arial, sans-serif\">Auch scheinbar rein analoge Workshops werden mit den aktuellen Medien ganz einfach verbunden werden k\u00f6nnen .<\/span><\/em><br>\n<em><span style=\"font-family: helvetica, arial, sans-serif\">Nicht nur die Sch\u00fclerinnen und Sch\u00fcler <\/span><\/em><em><span style=\"font-family: helvetica, arial, sans-serif\">m\u00fcssen im Fokus der Planung von Schule <\/span><\/em><em><span style=\"font-family: helvetica, arial, sans-serif\">stehen, sondern auch die Menschen, die unterrichten!<\/span><\/em><\/p>\n<p style=\"text-align: center\"><em><span style=\"font-family: helvetica, arial, sans-serif\">Dies ist eine <\/span><\/em><span style=\"color: #ff0000\"><strong><em><span style=\"font-family: helvetica, arial, sans-serif\">Anstiftung zum \u00e4sthetischen Handeln <\/span><\/em><\/strong><\/span><em><span style=\"font-family: helvetica, arial, sans-serif\">in der Schule! (Selle, 1990)<\/span><\/em><\/p>\n<p style=\"text-align: center\"><span style=\"font-family: helvetica, arial, sans-serif;color: #ff0000\"><strong><em>ANMELDUNG an Claudia Erdmann <a href=\"mailto:ikw@uni-koblenz.de\">ikw@uni-koblenz.de<\/a><\/em><\/strong><\/span><\/p>\n<p style=\"text-align: left\">\n<\/p><p><a href=\"http:\/\/www.blitzbrief.de\/\"><img loading=\"lazy\" decoding=\"async\" class=\"alignnone wp-image-106 size-full\" src=\"https:\/\/wp.uni-koblenz.de\/kpt2018\/wp-content\/uploads\/sites\/53\/2018\/06\/BDK-Logo.png\" alt=\"\" width=\"131\" height=\"87\"><\/a>&nbsp;&nbsp;&nbsp;&nbsp;&nbsp;&nbsp;&nbsp;&nbsp; &nbsp; &nbsp; &nbsp; &nbsp; &nbsp; &nbsp; &nbsp; &nbsp; &nbsp; &nbsp; &nbsp; &nbsp;&nbsp; <a href=\"https:\/\/www.uni-koblenz-landau.de\/de\/koblenz\/zfl\"><img loading=\"lazy\" decoding=\"async\" class=\"alignnone wp-image-107 size-medium\" src=\"https:\/\/wp.uni-koblenz.de\/kpt2018\/wp-content\/uploads\/sites\/53\/2018\/06\/zfl_logo_hintergrund_weiss-ZfL-300x51.jpg\" alt=\"\" width=\"300\" height=\"51\" srcset=\"https:\/\/wp.uni-koblenz.de\/kpt2018\/wp-content\/uploads\/sites\/53\/2018\/06\/zfl_logo_hintergrund_weiss-ZfL-300x51.jpg 300w, https:\/\/wp.uni-koblenz.de\/kpt2018\/wp-content\/uploads\/sites\/53\/2018\/06\/zfl_logo_hintergrund_weiss-ZfL-768x130.jpg 768w, https:\/\/wp.uni-koblenz.de\/kpt2018\/wp-content\/uploads\/sites\/53\/2018\/06\/zfl_logo_hintergrund_weiss-ZfL-1024x173.jpg 1024w, https:\/\/wp.uni-koblenz.de\/kpt2018\/wp-content\/uploads\/sites\/53\/2018\/06\/zfl_logo_hintergrund_weiss-ZfL-600x101.jpg 600w\" sizes=\"auto, (max-width: 300px) 100vw, 300px\" \/><\/a>&nbsp;&nbsp; &nbsp; &nbsp; &nbsp; &nbsp; &nbsp; &nbsp; &nbsp; &nbsp; &nbsp; &nbsp; &nbsp; &nbsp; &nbsp; &nbsp; &nbsp; &nbsp; &nbsp; &nbsp; &nbsp; &nbsp; &nbsp; &nbsp; &nbsp; &nbsp; &nbsp; &nbsp; &nbsp;&nbsp; <a href=\"https:\/\/www.uni-koblenz-landau.de\/de\/koblenz\/fb2\/ikw\"><img loading=\"lazy\" decoding=\"async\" class=\"alignnone wp-image-109 size-full\" src=\"https:\/\/wp.uni-koblenz.de\/kpt2018\/wp-content\/uploads\/sites\/53\/2018\/06\/logo-e1528443609470.png\" alt=\"\" width=\"250\" height=\"40\"><\/a><\/p>\n\n\n<figure class=\"wp-block-embed-instagram wp-block-embed\"><div class=\"wp-block-embed__wrapper\">\nhttps:\/\/www.instagram.com\/kpt_impulse\/\n<\/div><\/figure>\n","protected":false},"excerpt":{"rendered":"<p>Dieser Kunstp\u00e4dagogische Tag steht im Zeichen der praktischen Arbeit im Kunstunterricht. Hier wird Digitales als auch Analoges sinnvoll verbunden. Die Workshops bieten erprobte Unterrichtsideen, die nur Impulse sein sollen, um m\u00f6glichst frei mit diesen arbeiten zu k\u00f6nnen. Auch scheinbar rein analoge Workshops werden mit den aktuellen Medien ganz einfach verbunden werden k\u00f6nnen . Nicht nur [&hellip;]<\/p>\n","protected":false},"author":11,"featured_media":0,"parent":0,"menu_order":0,"comment_status":"closed","ping_status":"closed","template":"page-fullwidth.php","meta":{"footnotes":""},"class_list":["post-83","page","type-page","status-publish","hentry"],"_links":{"self":[{"href":"https:\/\/wp.uni-koblenz.de\/kpt2018\/wp-json\/wp\/v2\/pages\/83","targetHints":{"allow":["GET"]}}],"collection":[{"href":"https:\/\/wp.uni-koblenz.de\/kpt2018\/wp-json\/wp\/v2\/pages"}],"about":[{"href":"https:\/\/wp.uni-koblenz.de\/kpt2018\/wp-json\/wp\/v2\/types\/page"}],"author":[{"embeddable":true,"href":"https:\/\/wp.uni-koblenz.de\/kpt2018\/wp-json\/wp\/v2\/users\/11"}],"replies":[{"embeddable":true,"href":"https:\/\/wp.uni-koblenz.de\/kpt2018\/wp-json\/wp\/v2\/comments?post=83"}],"version-history":[{"count":15,"href":"https:\/\/wp.uni-koblenz.de\/kpt2018\/wp-json\/wp\/v2\/pages\/83\/revisions"}],"predecessor-version":[{"id":142,"href":"https:\/\/wp.uni-koblenz.de\/kpt2018\/wp-json\/wp\/v2\/pages\/83\/revisions\/142"}],"wp:attachment":[{"href":"https:\/\/wp.uni-koblenz.de\/kpt2018\/wp-json\/wp\/v2\/media?parent=83"}],"curies":[{"name":"wp","href":"https:\/\/api.w.org\/{rel}","templated":true}]}}

<p style="text-align: left"><em><span style="font-family: helvetica, arial, sans-serif">Dieser Kunstpädagogische Tag steht im Zeichen der praktischen Arbeit im Kunstunterricht. Hier wird Digitales als auch Analoges sinnvoll verbunden. Die Workshops bieten erprobte Unterrichtsideen, die nur Impulse sein sollen, um möglichst frei mit diesen arbeiten zu können. </span></em><em><span style="font-family: helvetica, arial, sans-serif">Auch scheinbar rein analoge Workshops werden mit den aktuellen Medien ganz einfach verbunden werden können .</span></em><br>
<em><span style="font-family: helvetica, arial, sans-serif">Nicht nur die Schülerinnen und Schüler </span></em><em><span style="font-family: helvetica, arial, sans-serif">müssen im Fokus der Planung von Schule </span></em><em><span style="font-family: helvetica, arial, sans-serif">stehen, sondern auch die Menschen, die unterrichten!</span></em></p>
<p style="text-align: center"><em><span style="font-family: helvetica, arial, sans-serif">Dies ist eine </span></em><span style="color: #ff0000"><strong><em><span style="font-family: helvetica, arial, sans-serif">Anstiftung zum ästhetischen Handeln </span></em></strong></span><em><span style="font-family: helvetica, arial, sans-serif">in der Schule! (Selle, 1990)</span></em></p>
<p style="text-align: center"><span style="font-family: helvetica, arial, sans-serif;color: #ff0000"><strong><em>ANMELDUNG an Claudia Erdmann <a href="mailto:ikw@uni-koblenz.de">ikw@uni-koblenz.de</a></em></strong></span></p>
<p style="text-align: left">
</p><p><a href="http://www.blitzbrief.de/"><img loading="lazy" decoding="async" class="alignnone wp-image-106 size-full" src="https://wp.uni-koblenz.de/kpt2018/wp-content/uploads/sites/53/2018/06/BDK-Logo.png" alt="" width="131" height="87"></a>&nbsp;&nbsp;&nbsp;&nbsp;&nbsp;&nbsp;&nbsp;&nbsp; &nbsp; &nbsp; &nbsp; &nbsp; &nbsp; &nbsp; &nbsp; &nbsp; &nbsp; &nbsp; &nbsp; &nbsp;&nbsp; <a href="https://www.uni-koblenz-landau.de/de/koblenz/zfl"><img loading="lazy" decoding="async" class="alignnone wp-image-107 size-medium" src="https://wp.uni-koblenz.de/kpt2018/wp-content/uploads/sites/53/2018/06/zfl_logo_hintergrund_weiss-ZfL-300x51.jpg" alt="" width="300" height="51" srcset="https://wp.uni-koblenz.de/kpt2018/wp-content/uploads/sites/53/2018/06/zfl_logo_hintergrund_weiss-ZfL-300x51.jpg 300w, https://wp.uni-koblenz.de/kpt2018/wp-content/uploads/sites/53/2018/06/zfl_logo_hintergrund_weiss-ZfL-768x130.jpg 768w, https://wp.uni-koblenz.de/kpt2018/wp-content/uploads/sites/53/2018/06/zfl_logo_hintergrund_weiss-ZfL-1024x173.jpg 1024w, https://wp.uni-koblenz.de/kpt2018/wp-content/uploads/sites/53/2018/06/zfl_logo_hintergrund_weiss-ZfL-600x101.jpg 600w" sizes="auto, (max-width: 300px) 100vw, 300px" /></a>&nbsp;&nbsp; &nbsp; &nbsp; &nbsp; &nbsp; &nbsp; &nbsp; &nbsp; &nbsp; &nbsp; &nbsp; &nbsp; &nbsp; &nbsp; &nbsp; &nbsp; &nbsp; &nbsp; &nbsp; &nbsp; &nbsp; &nbsp; &nbsp; &nbsp; &nbsp; &nbsp; &nbsp; &nbsp;&nbsp; <a href="https://www.uni-koblenz-landau.de/de/koblenz/fb2/ikw"><img loading="lazy" decoding="async" class="alignnone wp-image-109 size-full" src="https://wp.uni-koblenz.de/kpt2018/wp-content/uploads/sites/53/2018/06/logo-e1528443609470.png" alt="" width="250" height="40"></a></p>


<figure class="wp-block-embed-instagram wp-block-embed"><div class="wp-block-embed__wrapper">
https://www.instagram.com/kpt_impulse/
</div></figure>

<p>Dieser Kunstpädagogische Tag steht im Zeichen der praktischen Arbeit im Kunstunterricht. Hier wird Digitales als auch Analoges sinnvoll verbunden. Die Workshops bieten erprobte Unterrichtsideen, die nur Impulse sein sollen, um möglichst frei mit diesen arbeiten zu können. Auch scheinbar rein analoge Workshops werden mit den aktuellen Medien ganz einfach verbunden werden können . Nicht nur [&hellip;]</p>
