{"id":86,"date":"2018-06-07T23:03:21","date_gmt":"2018-06-07T21:03:21","guid":{"rendered":"https:\/\/wp.uni-koblenz.de\/kpt2018\/?page_id=86"},"modified":"2018-11-29T21:04:29","modified_gmt":"2018-11-29T20:04:29","slug":"siebdruck","status":"publish","type":"page","link":"https:\/\/wp.uni-koblenz.de\/kpt2018\/siebdruck\/","title":{"rendered":"Siebdruck"},"content":{"rendered":"<p><em><span style=\"font-family: helvetica, arial, sans-serif\">Workshop 5 &#8211; Ulrich Krumsieg &#8211; Laura Fee Hildebrand<br>\nSiebdruck<br>\n@sekundarstufe1+2<br>\nDer Siebdruck hat sich mit aktuell kosteng\u00fcnstigen Angeboten zu einer sehr beliebten Praxis entwickelt. Vor allem der Textildruck ist f\u00fcr SuS aller Stufen und zumeist auch f\u00fcr die Schulverwaltung interessant.<br>\nIch zeige Ihnen die Technik von der Vorlagenherstellung bis zum fertig gedruckten Textil. Bitte bringen Sie Textilien mit.<\/span><\/em><\/p>\n\n\n<blockquote class=\"wp-block-quote is-layout-flow wp-block-quote-is-layout-flow\"><p>Der Workshop Siebdruck im Kunstunterricht begann mit einem kurzen Austausch, was Siebdruck \u00fcberhaupt ist, wer schon Erfahrungen in diesem Bereich hat und was man sich darunter vorstelle. Nach einer kurzen theoretischen Einf\u00fchrung wurde alles anhand von praktischen Beispielen erkl\u00e4rt. <br>W\u00e4hrend es anfangs zu kalkuliertem Durcheinander kommt (da die Arbeitsschritte alle neu sind und die meisten keine Erfahrung in dem Bereich haben) konnten die TeilnehmerInnen &nbsp;nach der Einf\u00fchrungsphase eigenst\u00e4ndig arbeiten. <br>&nbsp;<br>So erstellten wir neben den bereits mitgebrachten Vorlagen gemeinsam weitere Vorlagen. So erarbeiteten sich die Teilnehmer die Schritte der Bildbearbeitung bei Photoshop mit zwischenzeitlichen Hilfestellungen. <br>&nbsp;<br>Wir beschichteten Siebe, belichteten diese, wuschen sie aus und druckten die Motive auf Papier und Textilien. Dazu zeigte ich den TeilnehmerInnen die Handhabung und sie setzten dies anschlie\u00dfend selbstst\u00e4ndig um. Dabei gaben sie sich gegenseitig Hilfestellung und unterst\u00fctzten sich bei den verschiedenen Arbeitsschritten. <br>&nbsp;<br>Nebenbei fanden anregende Diskussionen und Gespr\u00e4che \u00fcber das Thema statt. Den Lehrkr\u00e4ften hat der Workshop so gut gefallen, dass einige noch weit \u00fcber den Zeitplan hinaus geblieben sind und gedruckt haben. Dies ist ein Bild, dass sich nicht nur in dem Workshop zeigt, sondern auch in den Siebdruckseminaren f\u00fcr angehende Lehrkr\u00e4fte stetig beobachtet wird. Die Ergebnisse des Workshops sind auf der Homepage zu finden.Der Siebdruck ist f\u00fcr Sch\u00fclerinnen und Sch\u00fcler aller Klassenstufen geeignet. Hierbei sind der Kreativit\u00e4t keine Grenzen gesetzt. Es k\u00f6nnen sowohl freie Motive gezeichnet werden, Typografie behandelt werden, Scherenschnitt als Grundlage genommen werden, Fotografien bearbeitet werden etc. um eine Siebdruckvorlage herzustellen. Durch die vielf\u00e4ltige Einsetzbarkeit und kosteng\u00fcnstige Anschaffung ist der Siebdruck besonders interessant. <br>&nbsp;<br>Interessant aber auch f\u00fcr die SuS, die beispielsweise ihre eigene Kleidung herstellen k\u00f6nnen, f\u00fcr die Schulverwaltung, deren Werbung gedruckt werden kann oder auch f\u00fcr Abschlussklassen, die ihre Abschlussshirts selber drucken k\u00f6nnen. Es ist ein Prozess, der kein handwerkliches K\u00f6nnen voraussetzt und somit f\u00fcr jeden geeignet ist. Die SuS k\u00f6nnen neue Erfahrungen sammeln und sich ausprobieren. So entstehen die unterschiedlichsten Motive. Vor allem der Austausch und das freie Arbeiten sind ein gro\u00dfer Vorteil beim Arbeitsprozess. So wird neben der Kreativit\u00e4t auch die Eigenst\u00e4ndigkeit gef\u00f6rdert.<\/p><\/blockquote>\n\n\n\n<figure class=\"wp-block-image\"><img loading=\"lazy\" decoding=\"async\" width=\"775\" height=\"775\" src=\"https:\/\/wp.uni-koblenz.de\/kpt2018\/wp-content\/uploads\/sites\/53\/2018\/11\/Foto-26.10.18-13-49-16.jpg\" alt=\"\" class=\"wp-image-147\" srcset=\"https:\/\/wp.uni-koblenz.de\/kpt2018\/wp-content\/uploads\/sites\/53\/2018\/11\/Foto-26.10.18-13-49-16.jpg 775w, https:\/\/wp.uni-koblenz.de\/kpt2018\/wp-content\/uploads\/sites\/53\/2018\/11\/Foto-26.10.18-13-49-16-150x150.jpg 150w, https:\/\/wp.uni-koblenz.de\/kpt2018\/wp-content\/uploads\/sites\/53\/2018\/11\/Foto-26.10.18-13-49-16-300x300.jpg 300w, https:\/\/wp.uni-koblenz.de\/kpt2018\/wp-content\/uploads\/sites\/53\/2018\/11\/Foto-26.10.18-13-49-16-768x768.jpg 768w, https:\/\/wp.uni-koblenz.de\/kpt2018\/wp-content\/uploads\/sites\/53\/2018\/11\/Foto-26.10.18-13-49-16-600x600.jpg 600w, https:\/\/wp.uni-koblenz.de\/kpt2018\/wp-content\/uploads\/sites\/53\/2018\/11\/Foto-26.10.18-13-49-16-100x100.jpg 100w\" sizes=\"auto, (max-width: 775px) 100vw, 775px\" \/><\/figure>\n\n\n\n<figure class=\"wp-block-image is-resized\"><img loading=\"lazy\" decoding=\"async\" src=\"https:\/\/wp.uni-koblenz.de\/kpt2018\/wp-content\/uploads\/sites\/53\/2018\/11\/Foto-26.10.18-12-26-38-1024x497.jpg\" alt=\"\" class=\"wp-image-146\" width=\"581\" height=\"281\" srcset=\"https:\/\/wp.uni-koblenz.de\/kpt2018\/wp-content\/uploads\/sites\/53\/2018\/11\/Foto-26.10.18-12-26-38-1024x497.jpg 1024w, https:\/\/wp.uni-koblenz.de\/kpt2018\/wp-content\/uploads\/sites\/53\/2018\/11\/Foto-26.10.18-12-26-38-300x146.jpg 300w, https:\/\/wp.uni-koblenz.de\/kpt2018\/wp-content\/uploads\/sites\/53\/2018\/11\/Foto-26.10.18-12-26-38-768x373.jpg 768w, https:\/\/wp.uni-koblenz.de\/kpt2018\/wp-content\/uploads\/sites\/53\/2018\/11\/Foto-26.10.18-12-26-38-600x291.jpg 600w, https:\/\/wp.uni-koblenz.de\/kpt2018\/wp-content\/uploads\/sites\/53\/2018\/11\/Foto-26.10.18-12-26-38.jpg 1600w\" sizes=\"auto, (max-width: 581px) 100vw, 581px\" \/><\/figure>\n\n\n\n<figure class=\"wp-block-image\"><img loading=\"lazy\" decoding=\"async\" width=\"696\" height=\"696\" src=\"https:\/\/wp.uni-koblenz.de\/kpt2018\/wp-content\/uploads\/sites\/53\/2018\/11\/Foto-26.10.18-15-17-21.jpg\" alt=\"\" class=\"wp-image-164\" srcset=\"https:\/\/wp.uni-koblenz.de\/kpt2018\/wp-content\/uploads\/sites\/53\/2018\/11\/Foto-26.10.18-15-17-21.jpg 696w, https:\/\/wp.uni-koblenz.de\/kpt2018\/wp-content\/uploads\/sites\/53\/2018\/11\/Foto-26.10.18-15-17-21-150x150.jpg 150w, https:\/\/wp.uni-koblenz.de\/kpt2018\/wp-content\/uploads\/sites\/53\/2018\/11\/Foto-26.10.18-15-17-21-300x300.jpg 300w, https:\/\/wp.uni-koblenz.de\/kpt2018\/wp-content\/uploads\/sites\/53\/2018\/11\/Foto-26.10.18-15-17-21-600x600.jpg 600w, https:\/\/wp.uni-koblenz.de\/kpt2018\/wp-content\/uploads\/sites\/53\/2018\/11\/Foto-26.10.18-15-17-21-100x100.jpg 100w\" sizes=\"auto, (max-width: 696px) 100vw, 696px\" \/><\/figure>\n\n\n\n<figure class=\"wp-block-image is-resized\"><img loading=\"lazy\" decoding=\"async\" src=\"https:\/\/wp.uni-koblenz.de\/kpt2018\/wp-content\/uploads\/sites\/53\/2018\/11\/Foto-26.10.18-14-24-28-1-497x1024.jpg\" alt=\"\" class=\"wp-image-159\" width=\"584\" height=\"1203\" srcset=\"https:\/\/wp.uni-koblenz.de\/kpt2018\/wp-content\/uploads\/sites\/53\/2018\/11\/Foto-26.10.18-14-24-28-1-497x1024.jpg 497w, https:\/\/wp.uni-koblenz.de\/kpt2018\/wp-content\/uploads\/sites\/53\/2018\/11\/Foto-26.10.18-14-24-28-1-146x300.jpg 146w, https:\/\/wp.uni-koblenz.de\/kpt2018\/wp-content\/uploads\/sites\/53\/2018\/11\/Foto-26.10.18-14-24-28-1-768x1581.jpg 768w, https:\/\/wp.uni-koblenz.de\/kpt2018\/wp-content\/uploads\/sites\/53\/2018\/11\/Foto-26.10.18-14-24-28-1-600x1236.jpg 600w, https:\/\/wp.uni-koblenz.de\/kpt2018\/wp-content\/uploads\/sites\/53\/2018\/11\/Foto-26.10.18-14-24-28-1.jpg 777w\" sizes=\"auto, (max-width: 584px) 100vw, 584px\" \/><\/figure>\n","protected":false},"excerpt":{"rendered":"<p>Workshop 5 &#8211; Ulrich Krumsieg &#8211; Laura Fee Hildebrand Siebdruck @sekundarstufe1+2 Der Siebdruck hat sich mit aktuell kosteng\u00fcnstigen Angeboten zu einer sehr beliebten Praxis entwickelt. Vor allem der Textildruck ist f\u00fcr SuS aller Stufen und zumeist auch f\u00fcr die Schulverwaltung interessant. Ich zeige Ihnen die Technik von der Vorlagenherstellung bis zum fertig gedruckten Textil. Bitte [&hellip;]<\/p>\n","protected":false},"author":11,"featured_media":0,"parent":0,"menu_order":0,"comment_status":"closed","ping_status":"closed","template":"","meta":{"footnotes":""},"class_list":["post-86","page","type-page","status-publish","hentry"],"_links":{"self":[{"href":"https:\/\/wp.uni-koblenz.de\/kpt2018\/wp-json\/wp\/v2\/pages\/86","targetHints":{"allow":["GET"]}}],"collection":[{"href":"https:\/\/wp.uni-koblenz.de\/kpt2018\/wp-json\/wp\/v2\/pages"}],"about":[{"href":"https:\/\/wp.uni-koblenz.de\/kpt2018\/wp-json\/wp\/v2\/types\/page"}],"author":[{"embeddable":true,"href":"https:\/\/wp.uni-koblenz.de\/kpt2018\/wp-json\/wp\/v2\/users\/11"}],"replies":[{"embeddable":true,"href":"https:\/\/wp.uni-koblenz.de\/kpt2018\/wp-json\/wp\/v2\/comments?post=86"}],"version-history":[{"count":7,"href":"https:\/\/wp.uni-koblenz.de\/kpt2018\/wp-json\/wp\/v2\/pages\/86\/revisions"}],"predecessor-version":[{"id":167,"href":"https:\/\/wp.uni-koblenz.de\/kpt2018\/wp-json\/wp\/v2\/pages\/86\/revisions\/167"}],"wp:attachment":[{"href":"https:\/\/wp.uni-koblenz.de\/kpt2018\/wp-json\/wp\/v2\/media?parent=86"}],"curies":[{"name":"wp","href":"https:\/\/api.w.org\/{rel}","templated":true}]}}

<p><em><span style="font-family: helvetica, arial, sans-serif">Workshop 5 &#8211; Ulrich Krumsieg &#8211; Laura Fee Hildebrand<br>
Siebdruck<br>
@sekundarstufe1+2<br>
Der Siebdruck hat sich mit aktuell kostengünstigen Angeboten zu einer sehr beliebten Praxis entwickelt. Vor allem der Textildruck ist für SuS aller Stufen und zumeist auch für die Schulverwaltung interessant.<br>
Ich zeige Ihnen die Technik von der Vorlagenherstellung bis zum fertig gedruckten Textil. Bitte bringen Sie Textilien mit.</span></em></p>


<blockquote class="wp-block-quote is-layout-flow wp-block-quote-is-layout-flow"><p>Der Workshop Siebdruck im Kunstunterricht begann mit einem kurzen Austausch, was Siebdruck überhaupt ist, wer schon Erfahrungen in diesem Bereich hat und was man sich darunter vorstelle. Nach einer kurzen theoretischen Einführung wurde alles anhand von praktischen Beispielen erklärt. <br>Während es anfangs zu kalkuliertem Durcheinander kommt (da die Arbeitsschritte alle neu sind und die meisten keine Erfahrung in dem Bereich haben) konnten die TeilnehmerInnen &nbsp;nach der Einführungsphase eigenständig arbeiten. <br>&nbsp;<br>So erstellten wir neben den bereits mitgebrachten Vorlagen gemeinsam weitere Vorlagen. So erarbeiteten sich die Teilnehmer die Schritte der Bildbearbeitung bei Photoshop mit zwischenzeitlichen Hilfestellungen. <br>&nbsp;<br>Wir beschichteten Siebe, belichteten diese, wuschen sie aus und druckten die Motive auf Papier und Textilien. Dazu zeigte ich den TeilnehmerInnen die Handhabung und sie setzten dies anschließend selbstständig um. Dabei gaben sie sich gegenseitig Hilfestellung und unterstützten sich bei den verschiedenen Arbeitsschritten. <br>&nbsp;<br>Nebenbei fanden anregende Diskussionen und Gespräche über das Thema statt. Den Lehrkräften hat der Workshop so gut gefallen, dass einige noch weit über den Zeitplan hinaus geblieben sind und gedruckt haben. Dies ist ein Bild, dass sich nicht nur in dem Workshop zeigt, sondern auch in den Siebdruckseminaren für angehende Lehrkräfte stetig beobachtet wird. Die Ergebnisse des Workshops sind auf der Homepage zu finden.Der Siebdruck ist für Schülerinnen und Schüler aller Klassenstufen geeignet. Hierbei sind der Kreativität keine Grenzen gesetzt. Es können sowohl freie Motive gezeichnet werden, Typografie behandelt werden, Scherenschnitt als Grundlage genommen werden, Fotografien bearbeitet werden etc. um eine Siebdruckvorlage herzustellen. Durch die vielfältige Einsetzbarkeit und kostengünstige Anschaffung ist der Siebdruck besonders interessant. <br>&nbsp;<br>Interessant aber auch für die SuS, die beispielsweise ihre eigene Kleidung herstellen können, für die Schulverwaltung, deren Werbung gedruckt werden kann oder auch für Abschlussklassen, die ihre Abschlussshirts selber drucken können. Es ist ein Prozess, der kein handwerkliches Können voraussetzt und somit für jeden geeignet ist. Die SuS können neue Erfahrungen sammeln und sich ausprobieren. So entstehen die unterschiedlichsten Motive. Vor allem der Austausch und das freie Arbeiten sind ein großer Vorteil beim Arbeitsprozess. So wird neben der Kreativität auch die Eigenständigkeit gefördert.</p></blockquote>



<figure class="wp-block-image"><img loading="lazy" decoding="async" width="775" height="775" src="https://wp.uni-koblenz.de/kpt2018/wp-content/uploads/sites/53/2018/11/Foto-26.10.18-13-49-16.jpg" alt="" class="wp-image-147" srcset="https://wp.uni-koblenz.de/kpt2018/wp-content/uploads/sites/53/2018/11/Foto-26.10.18-13-49-16.jpg 775w, https://wp.uni-koblenz.de/kpt2018/wp-content/uploads/sites/53/2018/11/Foto-26.10.18-13-49-16-150x150.jpg 150w, https://wp.uni-koblenz.de/kpt2018/wp-content/uploads/sites/53/2018/11/Foto-26.10.18-13-49-16-300x300.jpg 300w, https://wp.uni-koblenz.de/kpt2018/wp-content/uploads/sites/53/2018/11/Foto-26.10.18-13-49-16-768x768.jpg 768w, https://wp.uni-koblenz.de/kpt2018/wp-content/uploads/sites/53/2018/11/Foto-26.10.18-13-49-16-600x600.jpg 600w, https://wp.uni-koblenz.de/kpt2018/wp-content/uploads/sites/53/2018/11/Foto-26.10.18-13-49-16-100x100.jpg 100w" sizes="auto, (max-width: 775px) 100vw, 775px" /></figure>



<figure class="wp-block-image is-resized"><img loading="lazy" decoding="async" src="https://wp.uni-koblenz.de/kpt2018/wp-content/uploads/sites/53/2018/11/Foto-26.10.18-12-26-38-1024x497.jpg" alt="" class="wp-image-146" width="581" height="281" srcset="https://wp.uni-koblenz.de/kpt2018/wp-content/uploads/sites/53/2018/11/Foto-26.10.18-12-26-38-1024x497.jpg 1024w, https://wp.uni-koblenz.de/kpt2018/wp-content/uploads/sites/53/2018/11/Foto-26.10.18-12-26-38-300x146.jpg 300w, https://wp.uni-koblenz.de/kpt2018/wp-content/uploads/sites/53/2018/11/Foto-26.10.18-12-26-38-768x373.jpg 768w, https://wp.uni-koblenz.de/kpt2018/wp-content/uploads/sites/53/2018/11/Foto-26.10.18-12-26-38-600x291.jpg 600w, https://wp.uni-koblenz.de/kpt2018/wp-content/uploads/sites/53/2018/11/Foto-26.10.18-12-26-38.jpg 1600w" sizes="auto, (max-width: 581px) 100vw, 581px" /></figure>



<figure class="wp-block-image"><img loading="lazy" decoding="async" width="696" height="696" src="https://wp.uni-koblenz.de/kpt2018/wp-content/uploads/sites/53/2018/11/Foto-26.10.18-15-17-21.jpg" alt="" class="wp-image-164" srcset="https://wp.uni-koblenz.de/kpt2018/wp-content/uploads/sites/53/2018/11/Foto-26.10.18-15-17-21.jpg 696w, https://wp.uni-koblenz.de/kpt2018/wp-content/uploads/sites/53/2018/11/Foto-26.10.18-15-17-21-150x150.jpg 150w, https://wp.uni-koblenz.de/kpt2018/wp-content/uploads/sites/53/2018/11/Foto-26.10.18-15-17-21-300x300.jpg 300w, https://wp.uni-koblenz.de/kpt2018/wp-content/uploads/sites/53/2018/11/Foto-26.10.18-15-17-21-600x600.jpg 600w, https://wp.uni-koblenz.de/kpt2018/wp-content/uploads/sites/53/2018/11/Foto-26.10.18-15-17-21-100x100.jpg 100w" sizes="auto, (max-width: 696px) 100vw, 696px" /></figure>



<figure class="wp-block-image is-resized"><img loading="lazy" decoding="async" src="https://wp.uni-koblenz.de/kpt2018/wp-content/uploads/sites/53/2018/11/Foto-26.10.18-14-24-28-1-497x1024.jpg" alt="" class="wp-image-159" width="584" height="1203" srcset="https://wp.uni-koblenz.de/kpt2018/wp-content/uploads/sites/53/2018/11/Foto-26.10.18-14-24-28-1-497x1024.jpg 497w, https://wp.uni-koblenz.de/kpt2018/wp-content/uploads/sites/53/2018/11/Foto-26.10.18-14-24-28-1-146x300.jpg 146w, https://wp.uni-koblenz.de/kpt2018/wp-content/uploads/sites/53/2018/11/Foto-26.10.18-14-24-28-1-768x1581.jpg 768w, https://wp.uni-koblenz.de/kpt2018/wp-content/uploads/sites/53/2018/11/Foto-26.10.18-14-24-28-1-600x1236.jpg 600w, https://wp.uni-koblenz.de/kpt2018/wp-content/uploads/sites/53/2018/11/Foto-26.10.18-14-24-28-1.jpg 777w" sizes="auto, (max-width: 584px) 100vw, 584px" /></figure>

<p>Workshop 5 &#8211; Ulrich Krumsieg &#8211; Laura Fee Hildebrand Siebdruck @sekundarstufe1+2 Der Siebdruck hat sich mit aktuell kostengünstigen Angeboten zu einer sehr beliebten Praxis entwickelt. Vor allem der Textildruck ist für SuS aller Stufen und zumeist auch für die Schulverwaltung interessant. Ich zeige Ihnen die Technik von der Vorlagenherstellung bis zum fertig gedruckten Textil. Bitte [&hellip;]</p>
