{"id":90,"date":"2018-06-07T23:14:01","date_gmt":"2018-06-07T21:14:01","guid":{"rendered":"https:\/\/wp.uni-koblenz.de\/kpt2018\/?page_id=90"},"modified":"2018-06-07T23:30:39","modified_gmt":"2018-06-07T21:30:39","slug":"was-soll-der-muell","status":"publish","type":"page","link":"https:\/\/wp.uni-koblenz.de\/kpt2018\/was-soll-der-muell\/","title":{"rendered":"Was soll der M\u00fcll?"},"content":{"rendered":"<p><em><span style=\"font-family: helvetica, arial, sans-serif\">Workshop 2 <\/span><\/em><br \/>\n<em><span style=\"font-family: helvetica, arial, sans-serif\">@grundschule<\/span><\/em><\/p>\n<p><em><span style=\"font-family: helvetica, arial, sans-serif\"><strong>Was soll der M\u00fcll? <\/strong><\/span><span style=\"font-family: helvetica, arial, sans-serif\"><strong>&#8211; Kreativer Umgang mit Plastikm\u00fcll in der Grundschule\u201c<\/strong><\/span><\/em><\/p>\n<p><em><span style=\"font-family: helvetica, arial, sans-serif\"><strong>Eine praxisorientierte Einf\u00fchrung in das Aktionsfeld Farbe des Teilrahmenplans Kunst f\u00fcr die Grundschulen <\/strong><\/span><\/em><\/p>\n<p><em><span style=\"font-family: helvetica, arial, sans-serif\">Referentin: Daniela Hoffmann, Fachleiterin f\u00fcr Bildende Kunst und Grundschulbildung am Staatlichen Studienseminar, Neuwied<\/span><\/em><\/p>\n<p><span style=\"font-family: helvetica, arial, sans-serif\"><em>Farben begleiten kindliche Entwicklungsprozesse von Anfang an. Schon vor dem Eintritt in die Grundschule erleben Kinder in unterschiedlichen Zusammenh\u00e4ngen die Wirkung von Farben. Durch Begegnung mit besonderen Gestaltungsmitteln, k\u00f6nnen diese Erfahrungen gef\u00f6rdert, Farbe als \u00e4sthetisches Ausdrucksmittel entdeckt und neue Wege des eigenen Farbausdrucks aufgezeigt werden.<\/em><\/span><\/p>\n<p><span style=\"font-family: helvetica, arial, sans-serif\"><em>Im Umgang mit buntem Plastikm\u00fcll bietet dieser Workshop einen Einblick in die vielf\u00e4ltigen und kreativen M\u00f6glichkeiten des Aktionsfelds Farbe des Teilrahmenplans Kunst f\u00fcr die Grundschulen. Zus\u00e4tzliche sollen Unterrichtsideen und Praxistipps die Umsetzung im eigenen Unterrichtsalltag erleichtern und Vernetzungen zu den anderen Lernbereichen der Grundschule aufgezeigt werden.<\/em><\/span><\/p>\n<p><span style=\"font-family: helvetica, arial, sans-serif\"><em>Das Angebot richtet sich an alle interessierten Grundschullehrkr\u00e4fte. Es werden keine besonderen Vorkenntnisse vorausgesetzt.<\/em><\/span><\/p>\n<p>&nbsp;<\/p>\n<p><span style=\"font-family: helvetica, arial, sans-serif\"><em>Bitte bringen Sie einfarbigen Plastikm\u00fcll mit!<\/em><\/span><\/p>\n<p><em><span style=\"font-family: helvetica, arial, sans-serif\">\u00a0<\/span><\/em><\/p>\n","protected":false},"excerpt":{"rendered":"<p>Workshop 2 @grundschule Was soll der M\u00fcll? &#8211; Kreativer Umgang mit Plastikm\u00fcll in der Grundschule\u201c Eine praxisorientierte Einf\u00fchrung in das Aktionsfeld Farbe des Teilrahmenplans Kunst f\u00fcr die Grundschulen Referentin: Daniela Hoffmann, Fachleiterin f\u00fcr Bildende Kunst und Grundschulbildung am Staatlichen Studienseminar, Neuwied Farben begleiten kindliche Entwicklungsprozesse von Anfang an. Schon vor dem Eintritt in die Grundschule [&hellip;]<\/p>\n","protected":false},"author":11,"featured_media":103,"parent":0,"menu_order":0,"comment_status":"closed","ping_status":"closed","template":"","meta":{"footnotes":""},"class_list":["post-90","page","type-page","status-publish","has-post-thumbnail","hentry"],"_links":{"self":[{"href":"https:\/\/wp.uni-koblenz.de\/kpt2018\/wp-json\/wp\/v2\/pages\/90","targetHints":{"allow":["GET"]}}],"collection":[{"href":"https:\/\/wp.uni-koblenz.de\/kpt2018\/wp-json\/wp\/v2\/pages"}],"about":[{"href":"https:\/\/wp.uni-koblenz.de\/kpt2018\/wp-json\/wp\/v2\/types\/page"}],"author":[{"embeddable":true,"href":"https:\/\/wp.uni-koblenz.de\/kpt2018\/wp-json\/wp\/v2\/users\/11"}],"replies":[{"embeddable":true,"href":"https:\/\/wp.uni-koblenz.de\/kpt2018\/wp-json\/wp\/v2\/comments?post=90"}],"version-history":[{"count":3,"href":"https:\/\/wp.uni-koblenz.de\/kpt2018\/wp-json\/wp\/v2\/pages\/90\/revisions"}],"predecessor-version":[{"id":104,"href":"https:\/\/wp.uni-koblenz.de\/kpt2018\/wp-json\/wp\/v2\/pages\/90\/revisions\/104"}],"wp:featuredmedia":[{"embeddable":true,"href":"https:\/\/wp.uni-koblenz.de\/kpt2018\/wp-json\/wp\/v2\/media\/103"}],"wp:attachment":[{"href":"https:\/\/wp.uni-koblenz.de\/kpt2018\/wp-json\/wp\/v2\/media?parent=90"}],"curies":[{"name":"wp","href":"https:\/\/api.w.org\/{rel}","templated":true}]}}

Was soll der Müll?

<p><em><span style="font-family: helvetica, arial, sans-serif">Workshop 2 </span></em><br />
<em><span style="font-family: helvetica, arial, sans-serif">@grundschule</span></em></p>
<p><em><span style="font-family: helvetica, arial, sans-serif"><strong>Was soll der Müll? </strong></span><span style="font-family: helvetica, arial, sans-serif"><strong>&#8211; Kreativer Umgang mit Plastikmüll in der Grundschule“</strong></span></em></p>
<p><em><span style="font-family: helvetica, arial, sans-serif"><strong>Eine praxisorientierte Einführung in das Aktionsfeld Farbe des Teilrahmenplans Kunst für die Grundschulen </strong></span></em></p>
<p><em><span style="font-family: helvetica, arial, sans-serif">Referentin: Daniela Hoffmann, Fachleiterin für Bildende Kunst und Grundschulbildung am Staatlichen Studienseminar, Neuwied</span></em></p>
<p><span style="font-family: helvetica, arial, sans-serif"><em>Farben begleiten kindliche Entwicklungsprozesse von Anfang an. Schon vor dem Eintritt in die Grundschule erleben Kinder in unterschiedlichen Zusammenhängen die Wirkung von Farben. Durch Begegnung mit besonderen Gestaltungsmitteln, können diese Erfahrungen gefördert, Farbe als ästhetisches Ausdrucksmittel entdeckt und neue Wege des eigenen Farbausdrucks aufgezeigt werden.</em></span></p>
<p><span style="font-family: helvetica, arial, sans-serif"><em>Im Umgang mit buntem Plastikmüll bietet dieser Workshop einen Einblick in die vielfältigen und kreativen Möglichkeiten des Aktionsfelds Farbe des Teilrahmenplans Kunst für die Grundschulen. Zusätzliche sollen Unterrichtsideen und Praxistipps die Umsetzung im eigenen Unterrichtsalltag erleichtern und Vernetzungen zu den anderen Lernbereichen der Grundschule aufgezeigt werden.</em></span></p>
<p><span style="font-family: helvetica, arial, sans-serif"><em>Das Angebot richtet sich an alle interessierten Grundschullehrkräfte. Es werden keine besonderen Vorkenntnisse vorausgesetzt.</em></span></p>
<p>&nbsp;</p>
<p><span style="font-family: helvetica, arial, sans-serif"><em>Bitte bringen Sie einfarbigen Plastikmüll mit!</em></span></p>
<p><em><span style="font-family: helvetica, arial, sans-serif"> </span></em></p>

<p>Workshop 2 @grundschule Was soll der Müll? &#8211; Kreativer Umgang mit Plastikmüll in der Grundschule“ Eine praxisorientierte Einführung in das Aktionsfeld Farbe des Teilrahmenplans Kunst für die Grundschulen Referentin: Daniela Hoffmann, Fachleiterin für Bildende Kunst und Grundschulbildung am Staatlichen Studienseminar, Neuwied Farben begleiten kindliche Entwicklungsprozesse von Anfang an. Schon vor dem Eintritt in die Grundschule [&hellip;]</p>
