{"id":253,"date":"2016-04-11T06:46:28","date_gmt":"2016-04-11T06:46:28","guid":{"rendered":"http:\/\/demo.themegrill.com\/spacious\/my-account\/"},"modified":"2026-03-10T08:22:03","modified_gmt":"2026-03-10T07:22:03","slug":"my-account","status":"publish","type":"page","link":"https:\/\/wp.uni-koblenz.de\/ressourcenundkonflikte\/my-account\/","title":{"rendered":"\u00dcber Uns"},"content":{"rendered":"<p><img loading=\"lazy\" decoding=\"async\" class=\"size-medium wp-image-496 alignleft\" src=\"https:\/\/wp.uni-koblenz.de\/ressourcenundkonflikte\/wp-content\/uploads\/sites\/117\/2020\/04\/uni-koblenz-300x300.jpg\" alt=\"\" width=\"300\" height=\"300\" \/>Wir sind Master-Studierende des Studiengangs Erziehungswissenschaft &#8211; Forschung und Entwicklung in Organisationen der Universit\u00e4t Koblenz im 4. Fachsemester, und stehen als Initiatoren und Hauptverantwortliche hinter dieser Website. Unser Studium erm\u00f6glicht uns fundierte wissenschaftliche Einblicke in die theoretische und praktische Arbeit der p\u00e4dagogischen Organisationsentwicklung. Einer wissenschaftlichen Subdisziplin, der vermehrt Aufmerksamkeit geschenkt wird.\u00a0<\/p>\n<p>Im Zuge eines Moduls \u00fcber Projektmanagement initiierten wir als dreik\u00f6pfiges Team in Kooperation mit der Friedensakademie Rheinland-Pfalz | Landau ein didaktisches Bildungsprojekt, das insbesondere Lehrenden eine Plattform bieten soll, sich \u00fcber Themen der Nachhaltigkeit und Ressourcenkonflikte informieren und austauschen zu k\u00f6nnen. Dieses basiert auf dem <a href=\"https:\/\/politische-bildung.rlp.de\/fileadmin\/files\/downloads\/Barth-Schimbold\/2020\/Aktuell_Sammelband-Ressourcen-Doppelseiten-27022020.pdf\">Sammelband<\/a> \u201eNat\u00fcrliche Ressourcen, Menschenrechte und Konflikte. Rohstoffherausforderungen in einer globalisierten Welt\u201c der durch die Friedensakademie Rheinland-Pfalz und die Landeszentrale Politische Bildung Rheinland-Pfalz im Fr\u00fchjahr 2020 herausgegeben wurde. Gleichzeitig m\u00f6chten wir dazu anregen, die Inhalte didaktisch in die Bildungsarbeit mit jungen Menschen, insbesondere in der Sekundarstufe II, einzubinden. Hierzu stellen wir verschiedene Angebote aufbereiteter Methoden zur Verf\u00fcgung.<\/p>\n<p>Hierbei wird der Fokus darauf gerichtet, wie Themen des Sammelbands mittels neuartiger Methoden sowohl im Pr\u00e4senz-Unterricht als auch in digitalen Lehrformaten in Einzel- und Gruppenarbeit vermittelt werden k\u00f6nnen. Den Lehrenden werden somit Themen und Methoden an die Hand gegeben, die Inhalten des Lehrplans entsprechen und die Verwendung des Sammelbands unterst\u00fctzen sollen. Aufgrund des aktuell hohen Bedarfs nach digitalen Lehrm\u00f6glichkeiten, bietet die Webseite Angebote, Themen durch bestimmte Methoden auch \u00fcber r\u00e4umliche Distanz hinweg bearbeiten zu k\u00f6nnen.<br \/>Durch interaktive Ausgestaltung wird die Vermittlung von Wissen an Sch\u00fcler*innen rund um Ressourcenkonflikte zukunftsf\u00e4hig gemacht, zugleich werden Lehrende bef\u00e4higt, \u00fcber ein digitales Angebot Ideen f\u00fcr ihre Unterrichtsgestaltung einzuholen. Unser Projekt befindet sich noch in<img loading=\"lazy\" decoding=\"async\" class=\"size-medium wp-image-915 alignright\" src=\"https:\/\/wp.uni-koblenz.de\/ressourcenundkonflikte\/wp-content\/uploads\/sites\/117\/2020\/05\/148-campus_koblenz_cafeteria400x267-300x200.jpg\" alt=\"\" width=\"300\" height=\"200\" srcset=\"https:\/\/wp.uni-koblenz.de\/ressourcenundkonflikte\/wp-content\/uploads\/sites\/117\/2020\/05\/148-campus_koblenz_cafeteria400x267-300x200.jpg 300w, https:\/\/wp.uni-koblenz.de\/ressourcenundkonflikte\/wp-content\/uploads\/sites\/117\/2020\/05\/148-campus_koblenz_cafeteria400x267.jpg 400w\" sizes=\"auto, (max-width: 300px) 100vw, 300px\" \/> den Kinderschuhen und ist als ein Beginn eines langen Prozesses zu verstehen. Wir sind bem\u00fcht die Plattform weiterzuentwickeln und regelm\u00e4\u00dfig mit neuen Inhalten zu f\u00fcllen. Wir danken Ihnen f\u00fcr Ihr Interesse an unserer Internetseite und w\u00fcnschen Ihnen viel Freude mit den bereitgestellten Inhalten.<\/p>\n<p>K. Fettig, Y. Heller, A.-F. Wischnewski<\/p>\n<p>\u00a0<\/p>\n\n\n<div class=\"wp-block-buttons aligncenter is-layout-flex wp-block-buttons-is-layout-flex\">\n<div class=\"wp-block-button\"><a class=\"wp-block-button__link has-text-color has-very-light-gray-color has-background has-vivid-cyan-blue-to-vivid-purple-gradient-background\" href=\"https:\/\/politische-bildung.rlp.de\/fileadmin\/files\/downloads\/Barth-Schimbold\/2020\/Aktuell_Sammelband-Ressourcen-Doppelseiten-27022020.pdf\" target=\"_blank\" rel=\"noreferrer noopener\">Hier geht&#8217;s zum kostenfreien Sammelband<\/a><\/div>\n<\/div>\n\n\n\n<p><\/p>\n","protected":false},"excerpt":{"rendered":"<p>Wir sind Master-Studierende des Studiengangs Erziehungswissenschaft &#8211; Forschung und Entwicklung in Organisationen der Universit\u00e4t Koblenz im 4. Fachsemester, und stehen als Initiatoren und Hauptverantwortliche hinter dieser Website. Unser Studium erm\u00f6glicht uns fundierte wissenschaftliche Einblicke in die theoretische und praktische Arbeit<\/p>\n","protected":false},"author":11,"featured_media":0,"parent":0,"menu_order":0,"comment_status":"closed","ping_status":"closed","template":"","meta":{"footnotes":""},"class_list":["post-253","page","type-page","status-publish","hentry"],"_links":{"self":[{"href":"https:\/\/wp.uni-koblenz.de\/ressourcenundkonflikte\/wp-json\/wp\/v2\/pages\/253","targetHints":{"allow":["GET"]}}],"collection":[{"href":"https:\/\/wp.uni-koblenz.de\/ressourcenundkonflikte\/wp-json\/wp\/v2\/pages"}],"about":[{"href":"https:\/\/wp.uni-koblenz.de\/ressourcenundkonflikte\/wp-json\/wp\/v2\/types\/page"}],"author":[{"embeddable":true,"href":"https:\/\/wp.uni-koblenz.de\/ressourcenundkonflikte\/wp-json\/wp\/v2\/users\/11"}],"replies":[{"embeddable":true,"href":"https:\/\/wp.uni-koblenz.de\/ressourcenundkonflikte\/wp-json\/wp\/v2\/comments?post=253"}],"version-history":[{"count":25,"href":"https:\/\/wp.uni-koblenz.de\/ressourcenundkonflikte\/wp-json\/wp\/v2\/pages\/253\/revisions"}],"predecessor-version":[{"id":919,"href":"https:\/\/wp.uni-koblenz.de\/ressourcenundkonflikte\/wp-json\/wp\/v2\/pages\/253\/revisions\/919"}],"wp:attachment":[{"href":"https:\/\/wp.uni-koblenz.de\/ressourcenundkonflikte\/wp-json\/wp\/v2\/media?parent=253"}],"curies":[{"name":"wp","href":"https:\/\/api.w.org\/{rel}","templated":true}]}}

Über Uns

<p><img loading="lazy" decoding="async" class="size-medium wp-image-496 alignleft" src="https://wp.uni-koblenz.de/ressourcenundkonflikte/wp-content/uploads/sites/117/2020/04/uni-koblenz-300x300.jpg" alt="" width="300" height="300" />Wir sind Master-Studierende des Studiengangs Erziehungswissenschaft &#8211; Forschung und Entwicklung in Organisationen der Universität Koblenz im 4. Fachsemester, und stehen als Initiatoren und Hauptverantwortliche hinter dieser Website. Unser Studium ermöglicht uns fundierte wissenschaftliche Einblicke in die theoretische und praktische Arbeit der pädagogischen Organisationsentwicklung. Einer wissenschaftlichen Subdisziplin, der vermehrt Aufmerksamkeit geschenkt wird. </p>
<p>Im Zuge eines Moduls über Projektmanagement initiierten wir als dreiköpfiges Team in Kooperation mit der Friedensakademie Rheinland-Pfalz | Landau ein didaktisches Bildungsprojekt, das insbesondere Lehrenden eine Plattform bieten soll, sich über Themen der Nachhaltigkeit und Ressourcenkonflikte informieren und austauschen zu können. Dieses basiert auf dem <a href="https://politische-bildung.rlp.de/fileadmin/files/downloads/Barth-Schimbold/2020/Aktuell_Sammelband-Ressourcen-Doppelseiten-27022020.pdf">Sammelband</a> „Natürliche Ressourcen, Menschenrechte und Konflikte. Rohstoffherausforderungen in einer globalisierten Welt“ der durch die Friedensakademie Rheinland-Pfalz und die Landeszentrale Politische Bildung Rheinland-Pfalz im Frühjahr 2020 herausgegeben wurde. Gleichzeitig möchten wir dazu anregen, die Inhalte didaktisch in die Bildungsarbeit mit jungen Menschen, insbesondere in der Sekundarstufe II, einzubinden. Hierzu stellen wir verschiedene Angebote aufbereiteter Methoden zur Verfügung.</p>
<p>Hierbei wird der Fokus darauf gerichtet, wie Themen des Sammelbands mittels neuartiger Methoden sowohl im Präsenz-Unterricht als auch in digitalen Lehrformaten in Einzel- und Gruppenarbeit vermittelt werden können. Den Lehrenden werden somit Themen und Methoden an die Hand gegeben, die Inhalten des Lehrplans entsprechen und die Verwendung des Sammelbands unterstützen sollen. Aufgrund des aktuell hohen Bedarfs nach digitalen Lehrmöglichkeiten, bietet die Webseite Angebote, Themen durch bestimmte Methoden auch über räumliche Distanz hinweg bearbeiten zu können.<br />Durch interaktive Ausgestaltung wird die Vermittlung von Wissen an Schüler*innen rund um Ressourcenkonflikte zukunftsfähig gemacht, zugleich werden Lehrende befähigt, über ein digitales Angebot Ideen für ihre Unterrichtsgestaltung einzuholen. Unser Projekt befindet sich noch in<img loading="lazy" decoding="async" class="size-medium wp-image-915 alignright" src="https://wp.uni-koblenz.de/ressourcenundkonflikte/wp-content/uploads/sites/117/2020/05/148-campus_koblenz_cafeteria400x267-300x200.jpg" alt="" width="300" height="200" srcset="https://wp.uni-koblenz.de/ressourcenundkonflikte/wp-content/uploads/sites/117/2020/05/148-campus_koblenz_cafeteria400x267-300x200.jpg 300w, https://wp.uni-koblenz.de/ressourcenundkonflikte/wp-content/uploads/sites/117/2020/05/148-campus_koblenz_cafeteria400x267.jpg 400w" sizes="auto, (max-width: 300px) 100vw, 300px" /> den Kinderschuhen und ist als ein Beginn eines langen Prozesses zu verstehen. Wir sind bemüht die Plattform weiterzuentwickeln und regelmäßig mit neuen Inhalten zu füllen. Wir danken Ihnen für Ihr Interesse an unserer Internetseite und wünschen Ihnen viel Freude mit den bereitgestellten Inhalten.</p>
<p>K. Fettig, Y. Heller, A.-F. Wischnewski</p>
<p> </p>


<div class="wp-block-buttons aligncenter is-layout-flex wp-block-buttons-is-layout-flex">
<div class="wp-block-button"><a class="wp-block-button__link has-text-color has-very-light-gray-color has-background has-vivid-cyan-blue-to-vivid-purple-gradient-background" href="https://politische-bildung.rlp.de/fileadmin/files/downloads/Barth-Schimbold/2020/Aktuell_Sammelband-Ressourcen-Doppelseiten-27022020.pdf" target="_blank" rel="noreferrer noopener">Hier geht&#8217;s zum kostenfreien Sammelband</a></div>
</div>



<p></p>

<p>Wir sind Master-Studierende des Studiengangs Erziehungswissenschaft &#8211; Forschung und Entwicklung in Organisationen der Universität Koblenz im 4. Fachsemester, und stehen als Initiatoren und Hauptverantwortliche hinter dieser Website. Unser Studium ermöglicht uns fundierte wissenschaftliche Einblicke in die theoretische und praktische Arbeit</p>
