{"id":31,"date":"2014-03-18T11:31:06","date_gmt":"2014-03-18T11:31:06","guid":{"rendered":"http:\/\/demo.themegrill.com\/spacious\/?page_id=31"},"modified":"2026-03-10T08:20:12","modified_gmt":"2026-03-10T07:20:12","slug":"contact-us","status":"publish","type":"page","link":"https:\/\/wp.uni-koblenz.de\/ressourcenundkonflikte\/contact-us\/","title":{"rendered":"Kontaktiere uns"},"content":{"rendered":"\n<p>Bei Fragen, Anregungen, W\u00fcnschen oder anderen Anliegen k\u00f6nnen Sie uns gerne kontaktieren:<\/p>\n\n\n\n<figure class=\"wp-block-image size-large is-resized\"><img loading=\"lazy\" decoding=\"async\" src=\"https:\/\/wp.uni-koblenz.de\/ressourcenundkonflikte\/wp-content\/uploads\/sites\/117\/2020\/05\/images-1.png\" alt=\"\" class=\"wp-image-940\" width=\"238\" height=\"38\" srcset=\"https:\/\/wp.uni-koblenz.de\/ressourcenundkonflikte\/wp-content\/uploads\/sites\/117\/2020\/05\/images-1.png 561w, https:\/\/wp.uni-koblenz.de\/ressourcenundkonflikte\/wp-content\/uploads\/sites\/117\/2020\/05\/images-1-300x48.png 300w\" sizes=\"auto, (max-width: 238px) 100vw, 238px\" \/><\/figure>\n\n\n\n<p><strong>Universit\u00e4t Koblenz<\/strong><\/p>\n\n\n\n<p>Universit\u00e4tsstra\u00dfe 1<\/p>\n\n\n\n<p>56070 Koblenz-Metternich<\/p>\n\n\n\n<p>Email: <\/p>\n\n\n\n<p>Tel.: 0261 287-0<br>Fax: 0261 37524<br><\/p>\n\n\n\n<p><strong>Postanschrift:<\/strong><\/p>\n\n\n\n<p>Postfach 201 602<br>56016 KoblenzTel.: 0261 <\/p>\n","protected":false},"excerpt":{"rendered":"<p>Bei Fragen, Anregungen, W\u00fcnschen oder anderen Anliegen k\u00f6nnen Sie uns gerne kontaktieren: Universit\u00e4t Koblenz Universit\u00e4tsstra\u00dfe 1 56070 Koblenz-Metternich Email: Tel.: 0261 287-0Fax: 0261 37524 Postanschrift: Postfach 201 60256016 KoblenzTel.: 0261<\/p>\n","protected":false},"author":11,"featured_media":0,"parent":0,"menu_order":0,"comment_status":"closed","ping_status":"open","template":"page-templates\/contact.php","meta":{"footnotes":""},"class_list":["post-31","page","type-page","status-publish","hentry"],"_links":{"self":[{"href":"https:\/\/wp.uni-koblenz.de\/ressourcenundkonflikte\/wp-json\/wp\/v2\/pages\/31","targetHints":{"allow":["GET"]}}],"collection":[{"href":"https:\/\/wp.uni-koblenz.de\/ressourcenundkonflikte\/wp-json\/wp\/v2\/pages"}],"about":[{"href":"https:\/\/wp.uni-koblenz.de\/ressourcenundkonflikte\/wp-json\/wp\/v2\/types\/page"}],"author":[{"embeddable":true,"href":"https:\/\/wp.uni-koblenz.de\/ressourcenundkonflikte\/wp-json\/wp\/v2\/users\/11"}],"replies":[{"embeddable":true,"href":"https:\/\/wp.uni-koblenz.de\/ressourcenundkonflikte\/wp-json\/wp\/v2\/comments?post=31"}],"version-history":[{"count":10,"href":"https:\/\/wp.uni-koblenz.de\/ressourcenundkonflikte\/wp-json\/wp\/v2\/pages\/31\/revisions"}],"predecessor-version":[{"id":941,"href":"https:\/\/wp.uni-koblenz.de\/ressourcenundkonflikte\/wp-json\/wp\/v2\/pages\/31\/revisions\/941"}],"wp:attachment":[{"href":"https:\/\/wp.uni-koblenz.de\/ressourcenundkonflikte\/wp-json\/wp\/v2\/media?parent=31"}],"curies":[{"name":"wp","href":"https:\/\/api.w.org\/{rel}","templated":true}]}}

<p>Bei Fragen, Anregungen, Wünschen oder anderen Anliegen können Sie uns gerne kontaktieren:</p>



<figure class="wp-block-image size-large is-resized"><img loading="lazy" decoding="async" src="https://wp.uni-koblenz.de/ressourcenundkonflikte/wp-content/uploads/sites/117/2020/05/images-1.png" alt="" class="wp-image-940" width="238" height="38" srcset="https://wp.uni-koblenz.de/ressourcenundkonflikte/wp-content/uploads/sites/117/2020/05/images-1.png 561w, https://wp.uni-koblenz.de/ressourcenundkonflikte/wp-content/uploads/sites/117/2020/05/images-1-300x48.png 300w" sizes="auto, (max-width: 238px) 100vw, 238px" /></figure>



<p><strong>Universität Koblenz</strong></p>



<p>Universitätsstraße 1</p>



<p>56070 Koblenz-Metternich</p>



<p>Email: </p>



<p>Tel.: 0261 287-0<br>Fax: 0261 37524<br></p>



<p><strong>Postanschrift:</strong></p>



<p>Postfach 201 602<br>56016 KoblenzTel.: 0261 </p>

<p>Bei Fragen, Anregungen, Wünschen oder anderen Anliegen können Sie uns gerne kontaktieren: Universität Koblenz Universitätsstraße 1 56070 Koblenz-Metternich Email: Tel.: 0261 287-0Fax: 0261 37524 Postanschrift: Postfach 201 60256016 KoblenzTel.: 0261</p>
