{"id":459,"date":"2020-04-27T09:09:41","date_gmt":"2020-04-27T07:09:41","guid":{"rendered":"https:\/\/wp.uni-koblenz.de\/ressourcenundkonflikte\/?page_id=459"},"modified":"2026-03-10T08:21:59","modified_gmt":"2026-03-10T07:21:59","slug":"sammelband","status":"publish","type":"page","link":"https:\/\/wp.uni-koblenz.de\/ressourcenundkonflikte\/sammelband\/","title":{"rendered":"Sammelband"},"content":{"rendered":"\n<p><\/p>\n\n\n\n<div class=\"wp-block-cover aligncenter has-background-dim\" style=\"background-image:url(https:\/\/wp.uni-koblenz.de\/ressourcenundkonflikte\/wp-content\/uploads\/sites\/117\/2020\/04\/unnamed-file-1024x578.png)\"><div class=\"wp-block-cover__inner-container is-layout-flow wp-block-cover-is-layout-flow\">\n<p style=\"font-size:22px\" class=\"has-text-align-center\"><strong>\u201eNat\u00fcrliche Ressourcen, Menschenrechte und Konflikte.\u00a0Rohstoffherausforderungen in einer globalisierten Welt\u201c<\/strong><\/p>\n\n\n\n<p><\/p>\n\n\n\n<p><\/p>\n\n\n\n<p><\/p>\n\n\n\n<p class=\"has-text-align-center\">ein Sammelband der\u00a0Friedensakademie\u00a0Rheinland-Pfalz und der Landeszentrale f\u00fcr politische Bildung Rheinland-Pfalz<\/p>\n<\/div><\/div>\n\n\n\n<p><\/p>\n\n\n\n<p><\/p>\n\n\n\n<p>Der aktuelle&nbsp;Sammelband bereitet komplexe&nbsp;Themen rund um Ressourcenkonflikte&nbsp;in Form von Lehrmaterial&nbsp;auf,&nbsp;um sie&nbsp;in&nbsp;die praktische Arbeit&nbsp;von LehrerInnen,&nbsp;BildungsreferentInnen, p\u00e4dagogischen Fachkr\u00e4ften, AktivistInnen und MultiplikatorInnen&nbsp;integrieren zu k\u00f6nnen.&nbsp;Durch die pr\u00e4gnanten Einf\u00fchrungen,&nbsp;Visualisierungen und&nbsp;Aufgabenstellungen regt er&nbsp;zur didaktischen Auseinandersetzung an und sensibilisiert&nbsp;Menschen f\u00fcr die Themen der globalen Ressourcenkonflikte.<\/p>\n\n\n\n<p>Exemplarisch werden&nbsp;neben&nbsp;Beispielen&nbsp;von Rohstoffkonflikten aus afrikanischen, asiatischen und mittel- bzw. s\u00fcdamerikanischen Staaten, ebenfalls die&nbsp;Rohstoffstrategien Europas und&nbsp;Deutschlands&nbsp;dargestellt. Er greift damit aktuelle handels- und gesellschaftspolitische Entwicklungen auf und bietet die M\u00f6glichkeit zur Bewusstseinsbildung \u00fcber die pers\u00f6nlichen Handlungen und Konsequenzen beim Konsum von Rohstoffen.&nbsp;<\/p>\n\n\n\n<p>Die Unterrichtsmaterialien&nbsp;wurden speziell&nbsp;f\u00fcr die Sekundarstufe II entwickelt und&nbsp;bieten besonders Lehrenden der F\u00e4cher Erdkunde, Geschichte und Sozialkunde der Sekundarstufe II einen Mehrwert durch folgende Vorteile:<\/p>\n\n\n\n<ul class=\"wp-block-list\"><li>Aktualit\u00e4t der&nbsp;Gesamtthematik und der ausgearbeiteten Beispiele<\/li><li>Verkn\u00fcpfung von politischen, geographischen, \u00f6konomischen, \u00f6kologischen und menschenrechtsrelevanten Aspekten<\/li><li>Geeignete Texte zur Bearbeitung der Themen folgender L\u00e4nder: Wasserkonflikt um den Nil &#8211; \u00c4gypten und \u00c4thiopien; Coltanabbau in der Demokratischen Republik Kongo; Erd\u00f6lgewinnung in Nigeria; Nickelabbau in Kuba; Seltene Erden in China; Illegaler Goldabbau in Peru; Rohstoffstrategie von Deutschland<\/li><li>Aufarbeitung der Textinhalte durch Anleitung f\u00fcr&nbsp;didaktische Methoden der Einzel- und Gruppenarbeit<\/li><li>F\u00e4cher\u00fcbergreifende thematische Relevanz und Wissensvermittlung<\/li><li>Steigerung von Wissensvermittlung, Methodenlernen und Handlungskompetenz der Sch\u00fcler*innen<\/li><li>Steigerung des Erkennens globaler Beziehungen zwischen Konsum und dessen Auswirkung auf Bedingungen der Produktion und damit verbundene Selbstreflexion der Sch\u00fcler*innen<\/li><\/ul>\n\n\n\n<div class=\"wp-block-buttons aligncenter is-layout-flex wp-block-buttons-is-layout-flex\">\n<div class=\"wp-block-button is-style-fill\"><a class=\"wp-block-button__link has-background\" href=\"https:\/\/politische-bildung.rlp.de\/fileadmin\/files\/downloads\/Barth-Schimbold\/2020\/Aktuell_Sammelband-Ressourcen-Doppelseiten-27022020.pdf\" style=\"background-color:#6c4ee4;border-radius:44px\" target=\"_blank\" rel=\"noreferrer noopener\">Hier geht&#8217;s zum Sammelband<\/a><\/div>\n<\/div>\n","protected":false},"excerpt":{"rendered":"<p>Der aktuelle&nbsp;Sammelband bereitet komplexe&nbsp;Themen rund um Ressourcenkonflikte&nbsp;in Form von Lehrmaterial&nbsp;auf,&nbsp;um sie&nbsp;in&nbsp;die praktische Arbeit&nbsp;von LehrerInnen,&nbsp;BildungsreferentInnen, p\u00e4dagogischen Fachkr\u00e4ften, AktivistInnen und MultiplikatorInnen&nbsp;integrieren zu k\u00f6nnen.&nbsp;Durch die pr\u00e4gnanten Einf\u00fchrungen,&nbsp;Visualisierungen und&nbsp;Aufgabenstellungen regt er&nbsp;zur didaktischen Auseinandersetzung an und sensibilisiert&nbsp;Menschen f\u00fcr die Themen der globalen Ressourcenkonflikte. Exemplarisch werden&nbsp;neben&nbsp;Beispielen&nbsp;von<\/p>\n","protected":false},"author":11,"featured_media":0,"parent":0,"menu_order":0,"comment_status":"closed","ping_status":"closed","template":"","meta":{"footnotes":""},"class_list":["post-459","page","type-page","status-publish","hentry"],"_links":{"self":[{"href":"https:\/\/wp.uni-koblenz.de\/ressourcenundkonflikte\/wp-json\/wp\/v2\/pages\/459","targetHints":{"allow":["GET"]}}],"collection":[{"href":"https:\/\/wp.uni-koblenz.de\/ressourcenundkonflikte\/wp-json\/wp\/v2\/pages"}],"about":[{"href":"https:\/\/wp.uni-koblenz.de\/ressourcenundkonflikte\/wp-json\/wp\/v2\/types\/page"}],"author":[{"embeddable":true,"href":"https:\/\/wp.uni-koblenz.de\/ressourcenundkonflikte\/wp-json\/wp\/v2\/users\/11"}],"replies":[{"embeddable":true,"href":"https:\/\/wp.uni-koblenz.de\/ressourcenundkonflikte\/wp-json\/wp\/v2\/comments?post=459"}],"version-history":[{"count":18,"href":"https:\/\/wp.uni-koblenz.de\/ressourcenundkonflikte\/wp-json\/wp\/v2\/pages\/459\/revisions"}],"predecessor-version":[{"id":946,"href":"https:\/\/wp.uni-koblenz.de\/ressourcenundkonflikte\/wp-json\/wp\/v2\/pages\/459\/revisions\/946"}],"wp:attachment":[{"href":"https:\/\/wp.uni-koblenz.de\/ressourcenundkonflikte\/wp-json\/wp\/v2\/media?parent=459"}],"curies":[{"name":"wp","href":"https:\/\/api.w.org\/{rel}","templated":true}]}}

<p></p>



<div class="wp-block-cover aligncenter has-background-dim" style="background-image:url(https://wp.uni-koblenz.de/ressourcenundkonflikte/wp-content/uploads/sites/117/2020/04/unnamed-file-1024x578.png)"><div class="wp-block-cover__inner-container is-layout-flow wp-block-cover-is-layout-flow">
<p style="font-size:22px" class="has-text-align-center"><strong>„Natürliche Ressourcen, Menschenrechte und Konflikte. Rohstoffherausforderungen in einer globalisierten Welt“</strong></p>



<p></p>



<p></p>



<p></p>



<p class="has-text-align-center">ein Sammelband der Friedensakademie Rheinland-Pfalz und der Landeszentrale für politische Bildung Rheinland-Pfalz</p>
</div></div>



<p></p>



<p></p>



<p>Der aktuelle&nbsp;Sammelband bereitet komplexe&nbsp;Themen rund um Ressourcenkonflikte&nbsp;in Form von Lehrmaterial&nbsp;auf,&nbsp;um sie&nbsp;in&nbsp;die praktische Arbeit&nbsp;von LehrerInnen,&nbsp;BildungsreferentInnen, pädagogischen Fachkräften, AktivistInnen und MultiplikatorInnen&nbsp;integrieren zu können.&nbsp;Durch die prägnanten Einführungen,&nbsp;Visualisierungen und&nbsp;Aufgabenstellungen regt er&nbsp;zur didaktischen Auseinandersetzung an und sensibilisiert&nbsp;Menschen für die Themen der globalen Ressourcenkonflikte.</p>



<p>Exemplarisch werden&nbsp;neben&nbsp;Beispielen&nbsp;von Rohstoffkonflikten aus afrikanischen, asiatischen und mittel- bzw. südamerikanischen Staaten, ebenfalls die&nbsp;Rohstoffstrategien Europas und&nbsp;Deutschlands&nbsp;dargestellt. Er greift damit aktuelle handels- und gesellschaftspolitische Entwicklungen auf und bietet die Möglichkeit zur Bewusstseinsbildung über die persönlichen Handlungen und Konsequenzen beim Konsum von Rohstoffen.&nbsp;</p>



<p>Die Unterrichtsmaterialien&nbsp;wurden speziell&nbsp;für die Sekundarstufe II entwickelt und&nbsp;bieten besonders Lehrenden der Fächer Erdkunde, Geschichte und Sozialkunde der Sekundarstufe II einen Mehrwert durch folgende Vorteile:</p>



<ul class="wp-block-list"><li>Aktualität der&nbsp;Gesamtthematik und der ausgearbeiteten Beispiele</li><li>Verknüpfung von politischen, geographischen, ökonomischen, ökologischen und menschenrechtsrelevanten Aspekten</li><li>Geeignete Texte zur Bearbeitung der Themen folgender Länder: Wasserkonflikt um den Nil &#8211; Ägypten und Äthiopien; Coltanabbau in der Demokratischen Republik Kongo; Erdölgewinnung in Nigeria; Nickelabbau in Kuba; Seltene Erden in China; Illegaler Goldabbau in Peru; Rohstoffstrategie von Deutschland</li><li>Aufarbeitung der Textinhalte durch Anleitung für&nbsp;didaktische Methoden der Einzel- und Gruppenarbeit</li><li>Fächerübergreifende thematische Relevanz und Wissensvermittlung</li><li>Steigerung von Wissensvermittlung, Methodenlernen und Handlungskompetenz der Schüler*innen</li><li>Steigerung des Erkennens globaler Beziehungen zwischen Konsum und dessen Auswirkung auf Bedingungen der Produktion und damit verbundene Selbstreflexion der Schüler*innen</li></ul>



<div class="wp-block-buttons aligncenter is-layout-flex wp-block-buttons-is-layout-flex">
<div class="wp-block-button is-style-fill"><a class="wp-block-button__link has-background" href="https://politische-bildung.rlp.de/fileadmin/files/downloads/Barth-Schimbold/2020/Aktuell_Sammelband-Ressourcen-Doppelseiten-27022020.pdf" style="background-color:#6c4ee4;border-radius:44px" target="_blank" rel="noreferrer noopener">Hier geht&#8217;s zum Sammelband</a></div>
</div>

<p>Der aktuelle&nbsp;Sammelband bereitet komplexe&nbsp;Themen rund um Ressourcenkonflikte&nbsp;in Form von Lehrmaterial&nbsp;auf,&nbsp;um sie&nbsp;in&nbsp;die praktische Arbeit&nbsp;von LehrerInnen,&nbsp;BildungsreferentInnen, pädagogischen Fachkräften, AktivistInnen und MultiplikatorInnen&nbsp;integrieren zu können.&nbsp;Durch die prägnanten Einführungen,&nbsp;Visualisierungen und&nbsp;Aufgabenstellungen regt er&nbsp;zur didaktischen Auseinandersetzung an und sensibilisiert&nbsp;Menschen für die Themen der globalen Ressourcenkonflikte. Exemplarisch werden&nbsp;neben&nbsp;Beispielen&nbsp;von</p>
