{"id":476,"date":"2020-04-27T09:23:06","date_gmt":"2020-04-27T07:23:06","guid":{"rendered":"https:\/\/wp.uni-koblenz.de\/ressourcenundkonflikte\/?page_id=476"},"modified":"2026-03-10T08:20:12","modified_gmt":"2026-03-10T07:20:12","slug":"kuba-globaler-gewinner-lokaler-verlierer","status":"publish","type":"page","link":"https:\/\/wp.uni-koblenz.de\/ressourcenundkonflikte\/kuba-globaler-gewinner-lokaler-verlierer\/","title":{"rendered":"Kubas Rohstoffkonflikt"},"content":{"rendered":"\n<div class=\"wp-block-cover has-background-dim\" style=\"background-image:url(https:\/\/wp.uni-koblenz.de\/ressourcenundkonflikte\/wp-content\/uploads\/sites\/117\/2020\/04\/cuba-1379112_1920-1024x576.jpg)\"><div class=\"wp-block-cover__inner-container is-layout-flow wp-block-cover-is-layout-flow\">\n<p class=\"has-text-align-center has-large-font-size\">Kuba: Globaler Gewinner &#8211; Lokaler Verlierer?<\/p>\n<\/div><\/div>\n\n\n<p><\/p>\n<p style=\"text-align: left\">Kuba verf\u00fcgt \u00fcber ein gro\u00dfes Nickelvorkommen, welches eines der wirtschaftlichen Standbeine des Landes darstellt. Da der Rohstoff zur Herstellung von Batterien, Edelstahl und in der Luftfahrt ben\u00f6tigt wird, exportiert Kuba den Rohstoff vor allem nach Venezuela und an Industrienationen. Durch den Abbau von Nickel ergeben sich viele Umweltbelastungen wie Rodung, Luftverschmutzung oder Bodenerosion. In dieser Unterrichtseinheit soll sowohl die Gegenwarts- als auch die Zukunftsperspektive betrachtet werden. Die Sch\u00fcler*innen erarbeiten zun\u00e4chst die Raumsituation von Kuba. Anschlie\u00dfend wird die Fragestellung aufgeworfen, wie sich der Nickelabbau auf die kubanische Wirtschaft und Umwelt auswirkt. Besonders kontext\u00fcbergreifende L\u00f6sungen zum Bespiel aus den Bereichen Wertsch\u00f6pfungskette und Globalisierung sollen gef\u00f6rdert werden, um vernetztes Denken der Sch\u00fcler*innen zu f\u00f6rdern. Der Fokus der Doppelstunde liegt dabei auf der Methode Lernkonferenz, die ein Rollenspiel beinhaltet und so den Zugang der Sch\u00fcler*innen zur Thematik gew\u00e4hrleistet. Ziel ist, dass Sch\u00fcler*innen Wissen kommunizieren k\u00f6nnen, ihre eigene Position begr\u00fcndet vertreten und anspruchsvolle Handlungs- und L\u00f6sungsm\u00f6glichkeiten entwickeln. -Weiterhin sollen Sch\u00fcler*innen die Komplexit\u00e4t des kubanischen Nickelabbaus verstehen und begreifen, dass die Verantwortung f\u00fcr eine nachhaltige Entwicklung auf viele Schultern verteilt ist, die die Situation durch ihr Handeln beeinflussen und durch diese Erkenntnis ihren eigenen Konsum reflektieren.<\/p>\n<p><\/p>\n\n\n<\/p>\n<p><em>Autor*innen<\/em>: Christin Schmitz und Volker Wilhelmi (<em>S. 88-131<\/em>)<\/p>\n<p>\n\n\n\n<\/p>\n<p><em>Stundenumfang<\/em>: Geplant f\u00fcr eine Doppelstunde<\/p>\n<p>\n\n\n<p><\/p>\n\n\n<div class=\"wp-block-group has-very-dark-gray-color has-text-color is-layout-flow wp-block-group-is-layout-flow\"><div class=\"wp-block-group__inner-container\"><\/div><\/div>\n\n\n\n<h2 class=\"wp-block-heading\"><em>Relevanter Lehrplanbezug:<\/em> <\/h2>\n\n\n<p>Erdkunde:<\/p>\n<ul>\n<li>Leistungsfach Erdkunde Kurs 11\/ 1 und 11\/2 II. \u201eThemen aus der Agrargeographie\u201c und \u201eThemen aus der Industriegeographie\u201c<\/li>\n<li>Leistungsfach Erdkunde Kurs 12\/1 und 12\/2: IV. \u201cDie Raumwirksamkeit politischer Strukturen und Prozesse\u201c 1.1.4. \u201eL\u00e4nder \u2013 Entwicklungs- und Schwellenl\u00e4nder \u2013 Ein Beispiel aus Lateinamerika\u201c<\/li>\n<li>Leistungsfach Erdkunde Kurs 13: \u201eGlobale Herausforderungen&#8220;<\/li>\n<li>Grundfach Erdkunde Kurs 12\/1 und 12\/2: II. \u201eWirtschaftsr\u00e4ume\u201c 4. \u201eR\u00e4ume mit Entwicklungsr\u00fcckstand\u201c<\/li>\n<\/ul>\n<p>Geschichte:<\/p>\n<ul>\n<li>Leistungsfach Geschichte: \u201eTechnik und Umwelt\u201c<\/li>\n<\/ul>\n<ul>\n<li>Grundkurs Geschichte Kurs 13: III. \u201eGlobale Krisen und Herausforderungen des 21. Jahrhunderts&#8220;<\/li>\n<\/ul>\n<p>Sozialkunde:<\/p>\n<ul>\n<li>Leistungsfach Sozialkunde Kurs 11\/2: VII. \u00d6konomie und \u00d6kologie \u201eUmweltpolitik\u201c<\/li>\n<li>Leistungsfach Sozialkunde Kurs 13: I. \u201eGlobale Risiken und Herausforderungen \u2013 Wandel in der internationalen Politik\u201c<\/li>\n<li>Leistungsfach Sozialkunde Kurs 13: IV. \u201eWeltprobleme\u201c<\/li>\n<\/ul>\n<p>Erdkunde\/ Sozialkunde:<\/p>\n<ul>\n<li>Grundkurs Erdkunde\/ Sozialkunde Kurs 11\/1 und 11\/2: IV. \u201e\u00d6konomie und \u00d6kologie\u201c<\/li>\n<li>Grundkurs Erdkunde\/ Sozialkunde Kurs 12\/1 und 12\/2: II. \u201eWirtschaftsr\u00e4ume \u2013 \u00dcberblick und R\u00e4ume mit Entwicklungsr\u00fcckstand\u201c<\/li>\n<li>Grundkurs Erdkunde\/ Sozialkunde Kurs 13: II. \u201eWeltbev\u00f6lkerung, Verst\u00e4dterung, Migration\u201c<\/li>\n<\/ul>\n\n\n<h2 class=\"wp-block-heading\">Methoden f\u00fcr den Pr\u00e4senzunterricht<\/h2>\n\n\n\n<p>Weitere Pr\u00e4senzmethoden finden Sie <a href=\"https:\/\/wp.uni-koblenz.de\/ressourcenundkonflikte\/praesenzmethoden\/\">hier.<\/a><\/p>\n\n\n\n<h2 class=\"wp-block-heading\">Methoden f\u00fcr Homeschooling<\/h2>\n\n\n\n<p>Weitere Homeschoolingmethoden finden Sie <a href=\"https:\/\/wp.uni-koblenz.de\/ressourcenundkonflikte\/just-arrived\/\">hier.<\/a><\/p>\n\n\n\n<div class=\"wp-block-button\"><a class=\"wp-block-button__link has-text-color has-very-light-gray-color has-background has-vivid-cyan-blue-to-vivid-purple-gradient-background\" href=\"https:\/\/politische-bildung.rlp.de\/fileadmin\/files\/downloads\/Barth-Schimbold\/2020\/Aktuell_Sammelband-Ressourcen-Doppelseiten-27022020.pdf\" target=\"_blank\" rel=\"noreferrer noopener\">Hier geht&#8217;s zum kostenfreien Sammelband<\/a><\/div>\n","protected":false},"excerpt":{"rendered":"<p>Kuba verf\u00fcgt \u00fcber ein gro\u00dfes Nickelvorkommen, welches eines der wirtschaftlichen Standbeine des Landes darstellt. Da der Rohstoff zur Herstellung von Batterien, Edelstahl und in der Luftfahrt ben\u00f6tigt wird, exportiert Kuba den Rohstoff vor allem nach Venezuela und an Industrienationen. Durch<\/p>\n","protected":false},"author":11,"featured_media":584,"parent":0,"menu_order":0,"comment_status":"closed","ping_status":"closed","template":"","meta":{"footnotes":""},"class_list":["post-476","page","type-page","status-publish","has-post-thumbnail","hentry"],"_links":{"self":[{"href":"https:\/\/wp.uni-koblenz.de\/ressourcenundkonflikte\/wp-json\/wp\/v2\/pages\/476","targetHints":{"allow":["GET"]}}],"collection":[{"href":"https:\/\/wp.uni-koblenz.de\/ressourcenundkonflikte\/wp-json\/wp\/v2\/pages"}],"about":[{"href":"https:\/\/wp.uni-koblenz.de\/ressourcenundkonflikte\/wp-json\/wp\/v2\/types\/page"}],"author":[{"embeddable":true,"href":"https:\/\/wp.uni-koblenz.de\/ressourcenundkonflikte\/wp-json\/wp\/v2\/users\/11"}],"replies":[{"embeddable":true,"href":"https:\/\/wp.uni-koblenz.de\/ressourcenundkonflikte\/wp-json\/wp\/v2\/comments?post=476"}],"version-history":[{"count":14,"href":"https:\/\/wp.uni-koblenz.de\/ressourcenundkonflikte\/wp-json\/wp\/v2\/pages\/476\/revisions"}],"predecessor-version":[{"id":1032,"href":"https:\/\/wp.uni-koblenz.de\/ressourcenundkonflikte\/wp-json\/wp\/v2\/pages\/476\/revisions\/1032"}],"wp:featuredmedia":[{"embeddable":true,"href":"https:\/\/wp.uni-koblenz.de\/ressourcenundkonflikte\/wp-json\/wp\/v2\/media\/584"}],"wp:attachment":[{"href":"https:\/\/wp.uni-koblenz.de\/ressourcenundkonflikte\/wp-json\/wp\/v2\/media?parent=476"}],"curies":[{"name":"wp","href":"https:\/\/api.w.org\/{rel}","templated":true}]}}

<div class="wp-block-cover has-background-dim" style="background-image:url(https://wp.uni-koblenz.de/ressourcenundkonflikte/wp-content/uploads/sites/117/2020/04/cuba-1379112_1920-1024x576.jpg)"><div class="wp-block-cover__inner-container is-layout-flow wp-block-cover-is-layout-flow">
<p class="has-text-align-center has-large-font-size">Kuba: Globaler Gewinner &#8211; Lokaler Verlierer?</p>
</div></div>


<p></p>
<p style="text-align: left">Kuba verfügt über ein großes Nickelvorkommen, welches eines der wirtschaftlichen Standbeine des Landes darstellt. Da der Rohstoff zur Herstellung von Batterien, Edelstahl und in der Luftfahrt benötigt wird, exportiert Kuba den Rohstoff vor allem nach Venezuela und an Industrienationen. Durch den Abbau von Nickel ergeben sich viele Umweltbelastungen wie Rodung, Luftverschmutzung oder Bodenerosion. In dieser Unterrichtseinheit soll sowohl die Gegenwarts- als auch die Zukunftsperspektive betrachtet werden. Die Schüler*innen erarbeiten zunächst die Raumsituation von Kuba. Anschließend wird die Fragestellung aufgeworfen, wie sich der Nickelabbau auf die kubanische Wirtschaft und Umwelt auswirkt. Besonders kontextübergreifende Lösungen zum Bespiel aus den Bereichen Wertschöpfungskette und Globalisierung sollen gefördert werden, um vernetztes Denken der Schüler*innen zu fördern. Der Fokus der Doppelstunde liegt dabei auf der Methode Lernkonferenz, die ein Rollenspiel beinhaltet und so den Zugang der Schüler*innen zur Thematik gewährleistet. Ziel ist, dass Schüler*innen Wissen kommunizieren können, ihre eigene Position begründet vertreten und anspruchsvolle Handlungs- und Lösungsmöglichkeiten entwickeln. -Weiterhin sollen Schüler*innen die Komplexität des kubanischen Nickelabbaus verstehen und begreifen, dass die Verantwortung für eine nachhaltige Entwicklung auf viele Schultern verteilt ist, die die Situation durch ihr Handeln beeinflussen und durch diese Erkenntnis ihren eigenen Konsum reflektieren.</p>
<p></p>


</p>
<p><em>Autor*innen</em>: Christin Schmitz und Volker Wilhelmi (<em>S. 88-131</em>)</p>
<p>



</p>
<p><em>Stundenumfang</em>: Geplant für eine Doppelstunde</p>
<p>


<p></p>


<div class="wp-block-group has-very-dark-gray-color has-text-color is-layout-flow wp-block-group-is-layout-flow"><div class="wp-block-group__inner-container"></div></div>



<h2 class="wp-block-heading"><em>Relevanter Lehrplanbezug:</em> </h2>


<p>Erdkunde:</p>
<ul>
<li>Leistungsfach Erdkunde Kurs 11/ 1 und 11/2 II. „Themen aus der Agrargeographie“ und „Themen aus der Industriegeographie“</li>
<li>Leistungsfach Erdkunde Kurs 12/1 und 12/2: IV. “Die Raumwirksamkeit politischer Strukturen und Prozesse“ 1.1.4. „Länder – Entwicklungs- und Schwellenländer – Ein Beispiel aus Lateinamerika“</li>
<li>Leistungsfach Erdkunde Kurs 13: „Globale Herausforderungen&#8220;</li>
<li>Grundfach Erdkunde Kurs 12/1 und 12/2: II. „Wirtschaftsräume“ 4. „Räume mit Entwicklungsrückstand“</li>
</ul>
<p>Geschichte:</p>
<ul>
<li>Leistungsfach Geschichte: „Technik und Umwelt“</li>
</ul>
<ul>
<li>Grundkurs Geschichte Kurs 13: III. „Globale Krisen und Herausforderungen des 21. Jahrhunderts&#8220;</li>
</ul>
<p>Sozialkunde:</p>
<ul>
<li>Leistungsfach Sozialkunde Kurs 11/2: VII. Ökonomie und Ökologie „Umweltpolitik“</li>
<li>Leistungsfach Sozialkunde Kurs 13: I. „Globale Risiken und Herausforderungen – Wandel in der internationalen Politik“</li>
<li>Leistungsfach Sozialkunde Kurs 13: IV. „Weltprobleme“</li>
</ul>
<p>Erdkunde/ Sozialkunde:</p>
<ul>
<li>Grundkurs Erdkunde/ Sozialkunde Kurs 11/1 und 11/2: IV. „Ökonomie und Ökologie“</li>
<li>Grundkurs Erdkunde/ Sozialkunde Kurs 12/1 und 12/2: II. „Wirtschaftsräume – Überblick und Räume mit Entwicklungsrückstand“</li>
<li>Grundkurs Erdkunde/ Sozialkunde Kurs 13: II. „Weltbevölkerung, Verstädterung, Migration“</li>
</ul>


<h2 class="wp-block-heading">Methoden für den Präsenzunterricht</h2>



<p>Weitere Präsenzmethoden finden Sie <a href="https://wp.uni-koblenz.de/ressourcenundkonflikte/praesenzmethoden/">hier.</a></p>



<h2 class="wp-block-heading">Methoden für Homeschooling</h2>



<p>Weitere Homeschoolingmethoden finden Sie <a href="https://wp.uni-koblenz.de/ressourcenundkonflikte/just-arrived/">hier.</a></p>



<div class="wp-block-button"><a class="wp-block-button__link has-text-color has-very-light-gray-color has-background has-vivid-cyan-blue-to-vivid-purple-gradient-background" href="https://politische-bildung.rlp.de/fileadmin/files/downloads/Barth-Schimbold/2020/Aktuell_Sammelband-Ressourcen-Doppelseiten-27022020.pdf" target="_blank" rel="noreferrer noopener">Hier geht&#8217;s zum kostenfreien Sammelband</a></div>

<p>Kuba verfügt über ein großes Nickelvorkommen, welches eines der wirtschaftlichen Standbeine des Landes darstellt. Da der Rohstoff zur Herstellung von Batterien, Edelstahl und in der Luftfahrt benötigt wird, exportiert Kuba den Rohstoff vor allem nach Venezuela und an Industrienationen. Durch</p>
