{"id":482,"date":"2020-04-27T09:23:57","date_gmt":"2020-04-27T07:23:57","guid":{"rendered":"https:\/\/wp.uni-koblenz.de\/ressourcenundkonflikte\/?page_id=482"},"modified":"2026-03-10T08:20:10","modified_gmt":"2026-03-10T07:20:10","slug":"die-rohstoffstrategie-von-deutschland","status":"publish","type":"page","link":"https:\/\/wp.uni-koblenz.de\/ressourcenundkonflikte\/die-rohstoffstrategie-von-deutschland\/","title":{"rendered":"Deutschlands Rohstoffe"},"content":{"rendered":"\n<div class=\"wp-block-cover has-background-dim\" style=\"background-image:url(https:\/\/wp.uni-koblenz.de\/ressourcenundkonflikte\/wp-content\/uploads\/sites\/117\/2020\/04\/wind-farm-1209335_1920-1.jpg)\"><div class=\"wp-block-cover__inner-container is-layout-flow wp-block-cover-is-layout-flow\">\n<p class=\"has-text-align-center has-large-font-size\">Die Rohstoffstrategie von Deutschland<\/p>\n<\/div><\/div>\n\n\n\n<p><\/p>\n\n\n\n<p><\/p>\n\n\n\n<p>Das Thema der Rohstoffpolitik Deutschlands wird unter der Fragestellung \u201eWie kann Deutschland seine Rohstoffversorgung sichern?\u201c erarbeitet. Die Sch\u00fcler*innen sollen durch die Arbeitsmaterialien Impulse bekommen, um selbstst\u00e4ndig zu erkennen, dass Deutschland vom Import der Rohstoffe abh\u00e4ngig ist. In diesem Zusammenhang wird die Frage nach der Rohstoffstrategie aufgeworfen und auch soziale, politische und \u00f6kologische Aspekte k\u00f6nnen betrachtet werden. Ziel der Unterrichtseinheit ist es, dass Sch\u00fcler*innen die Rohstoffstrategie Deutschlands im Kontext Europas darstellen und argumentativ Stellung beziehen k\u00f6nnen.<\/p>\n\n\n\n<p><em>S. 170-190<\/em><\/p>\n\n\n\n<p><em>Autor*innen<\/em>: Tillmann B\u00fcttner und Volker Wilhelmi<\/p>\n\n\n\n<p><em>Stundenumfang<\/em>: Geplant f\u00fcr eine Doppelstunde<\/p>\n\n\n\n<p><em>Relevanter Lehrplanbezug<\/em>:<\/p>\n\n\n\n<ul class=\"wp-block-list\"><li>Leistungskurs Erdkunde Kurs 12\/2: IV. \u201eDie Raumwirksamkeit politischer Strukturen und Prozesse\u201c 3. \u201eEuropa als Wirtschaftsraum\u201c<\/li><li>Leistungskurs Erdkunde Kurs 13: V. \u201eGlobale Herausforderungen\u201c 4. \u201ePolitik im Zeitalter der Globalisierung\u201c<\/li><li>Grundkurs Erdkunde Kurs 12: II. \u201eWirtschaftsr\u00e4ume\u201c 3. \u201eEuropa als Wirtschaftsraum\u201c<\/li><li>Grundkurs Geschichte Kurs 13: III. \u201eGlobale Krisen und Herausforderungen des 21. Jahrhunderts\u201c<\/li><li>Leistungskurs Sozialkunde Kurs 11\/2: V. \u201eWirtschaftspolitische Aufgaben in einer sozialen Marktwirtschaft\u201c<\/li><li>Leistungskurs Sozialkunde Kurs 11\/2: VI. \u201eVerflochtene Wirtschaft\u201c<\/li><li>Leistungskurs Sozialkunde Kurs 11\/2: VII. \u201e\u00d6konomie und \u00d6kologie\u201c<\/li><li>Leistungskurs Sozialkunde Kurs 13: I. \u201eInternationale Beziehungen\u201c<\/li><li>Leistungskurs Sozialkunde Kurs 13: III. \u201eEuropa- Sicherung von Frieden, Sicherheit und Wohlstand\u201c<\/li><li>Leistungskurs Sozialkunde Kurs 13: IV. \u201eWeltprobleme\u201c<\/li><li>Grundkurs Sozialkunde Kurs 11\/1: III. \u201eWirtschaftspolitische Aufgaben in einer sozialen Marktwirtschaft\u201c<\/li><\/ul>\n\n\n\n<h2 class=\"wp-block-heading\">Methoden f\u00fcr den Pr\u00e4senzunterricht<\/h2>\n\n\n\n<p>Weitere Pr\u00e4senzmethoden finden Sie <a href=\"https:\/\/wp.uni-koblenz.de\/ressourcenundkonflikte\/praesenzmethoden\/\">hier.<\/a><\/p>\n\n\n\n<h2 class=\"wp-block-heading\">Methoden f\u00fcr Homeschooling<\/h2>\n\n\n\n<p>Weitere Homeschoolingmethoden finden Sie <a href=\"https:\/\/wp.uni-koblenz.de\/ressourcenundkonflikte\/just-arrived\/\">hier.<\/a><\/p>\n\n\n\n<div class=\"wp-block-button\"><a class=\"wp-block-button__link has-text-color has-very-light-gray-color has-background has-vivid-cyan-blue-to-vivid-purple-gradient-background\" href=\"https:\/\/politische-bildung.rlp.de\/fileadmin\/files\/downloads\/Barth-Schimbold\/2020\/Aktuell_Sammelband-Ressourcen-Doppelseiten-27022020.pdf\" target=\"_blank\" rel=\"noreferrer noopener\">Hier geht&#8217;s zum kostenfreien Sammelband<\/a><\/div>\n","protected":false},"excerpt":{"rendered":"<p>Das Thema der Rohstoffpolitik Deutschlands wird unter der Fragestellung \u201eWie kann Deutschland seine Rohstoffversorgung sichern?\u201c erarbeitet. Die Sch\u00fcler*innen sollen durch die Arbeitsmaterialien Impulse bekommen, um selbstst\u00e4ndig zu erkennen, dass Deutschland vom Import der Rohstoffe abh\u00e4ngig ist. In diesem Zusammenhang wird<\/p>\n","protected":false},"author":11,"featured_media":0,"parent":0,"menu_order":0,"comment_status":"closed","ping_status":"closed","template":"","meta":{"footnotes":""},"class_list":["post-482","page","type-page","status-publish","hentry"],"_links":{"self":[{"href":"https:\/\/wp.uni-koblenz.de\/ressourcenundkonflikte\/wp-json\/wp\/v2\/pages\/482","targetHints":{"allow":["GET"]}}],"collection":[{"href":"https:\/\/wp.uni-koblenz.de\/ressourcenundkonflikte\/wp-json\/wp\/v2\/pages"}],"about":[{"href":"https:\/\/wp.uni-koblenz.de\/ressourcenundkonflikte\/wp-json\/wp\/v2\/types\/page"}],"author":[{"embeddable":true,"href":"https:\/\/wp.uni-koblenz.de\/ressourcenundkonflikte\/wp-json\/wp\/v2\/users\/11"}],"replies":[{"embeddable":true,"href":"https:\/\/wp.uni-koblenz.de\/ressourcenundkonflikte\/wp-json\/wp\/v2\/comments?post=482"}],"version-history":[{"count":8,"href":"https:\/\/wp.uni-koblenz.de\/ressourcenundkonflikte\/wp-json\/wp\/v2\/pages\/482\/revisions"}],"predecessor-version":[{"id":1035,"href":"https:\/\/wp.uni-koblenz.de\/ressourcenundkonflikte\/wp-json\/wp\/v2\/pages\/482\/revisions\/1035"}],"wp:attachment":[{"href":"https:\/\/wp.uni-koblenz.de\/ressourcenundkonflikte\/wp-json\/wp\/v2\/media?parent=482"}],"curies":[{"name":"wp","href":"https:\/\/api.w.org\/{rel}","templated":true}]}}