{"id":689,"date":"2020-05-12T21:12:30","date_gmt":"2020-05-12T19:12:30","guid":{"rendered":"https:\/\/wp.uni-koblenz.de\/ressourcenundkonflikte\/?page_id=689"},"modified":"2026-03-10T08:22:02","modified_gmt":"2026-03-10T07:22:02","slug":"ueber-das-projekt","status":"publish","type":"page","link":"https:\/\/wp.uni-koblenz.de\/ressourcenundkonflikte\/ueber-das-projekt\/","title":{"rendered":"\u00dcber das Projekt"},"content":{"rendered":"\n<p>Unsere heutige globalisierte Welt ist gepr\u00e4gt von Handelsbeziehungen zwischen L\u00e4ndern und Kontinenten in denen insbesondere nat\u00fcrliche Ressourcen eine tragende Rolle spielen. Parallel und in direktem Zusammenhang dazu zeichnen sich verst\u00e4rkt humanit\u00e4re sowie weltpolitische Folgen von Umweltver\u00e4nderungen ab und erfordern ein proaktives Handeln aller Handelsparteien. Wo nat\u00fcrliche Ressourcen vorkommen und gehandelt werden, gilt es Menschenrechte zu wahren und Konflikte zu bearbeiten. Diese Aspekte gilt es auch in der Bildung an junge Menschen zu vermitteln und Handlungskompetenzen von Sch\u00fcler*innen und jungen Menschen zu st\u00e4rken.<\/p>\n\n\n\n<p>Im Zuge unseres Studiums Master Erziehungswissenschaft &#8211; Forschung und Entwicklung in Organisationen an der Universit\u00e4t Koblenz-Landau haben wir dieses Projekt initiiert. Das Projekt erfolgte dabei in Kooperation mit der Friedensakademie Rheinland-Pfalz | Landau. In Absprache mit dem Kooperationspartner haben wir uns dazu entschieden, das Thema Ressourcenkonflikte f\u00fcr Lehrer*innen und Bildungsreferent*innen aufzubereiten. Als Grundlage f\u00fcr die Aufbereitung diente uns der Sammelband &#8222;Nat\u00fcrliche Ressourcen, Menschenrechte und Konflikte. Rohstoffherausforderungen in einer globalisierten Welt&#8220; der Friedensakademie Rheinland-Pfalz | Landau. Nachhaltigkeit, Menschenrechte und Umweltschutz sind uns ein gro\u00dfes Anliegen. Die Bildung f\u00fcr nachhaltige Entwicklung stellt dabei ein wichtiges Puzzleteil zur Erreichung einer nachhaltigen globalen Entwicklung dar. Um auch zu Zeiten von Corona und den stetig steigenden Anforderungen der Digitalisierung dem Bildungsauftrag gerecht werden zu k\u00f6nnen, haben wir uns entschieden, diese Webseite zu erstellen.<\/p>\n\n\n\n<div class=\"wp-block-image\"><figure class=\"alignleft is-resized\"><img loading=\"lazy\" decoding=\"async\" src=\"https:\/\/wp.uni-koblenz.de\/ressourcenundkonflikte\/wp-content\/uploads\/sites\/117\/2020\/05\/arts-and-crafts-1846308_1920-1-1024x683.jpg\" alt=\"\" class=\"wp-image-888\" width=\"311\" height=\"207\" srcset=\"https:\/\/wp.uni-koblenz.de\/ressourcenundkonflikte\/wp-content\/uploads\/sites\/117\/2020\/05\/arts-and-crafts-1846308_1920-1-1024x683.jpg 1024w, https:\/\/wp.uni-koblenz.de\/ressourcenundkonflikte\/wp-content\/uploads\/sites\/117\/2020\/05\/arts-and-crafts-1846308_1920-1-300x200.jpg 300w, https:\/\/wp.uni-koblenz.de\/ressourcenundkonflikte\/wp-content\/uploads\/sites\/117\/2020\/05\/arts-and-crafts-1846308_1920-1-768x512.jpg 768w, https:\/\/wp.uni-koblenz.de\/ressourcenundkonflikte\/wp-content\/uploads\/sites\/117\/2020\/05\/arts-and-crafts-1846308_1920-1-1536x1024.jpg 1536w, https:\/\/wp.uni-koblenz.de\/ressourcenundkonflikte\/wp-content\/uploads\/sites\/117\/2020\/05\/arts-and-crafts-1846308_1920-1-800x533.jpg 800w, https:\/\/wp.uni-koblenz.de\/ressourcenundkonflikte\/wp-content\/uploads\/sites\/117\/2020\/05\/arts-and-crafts-1846308_1920-1.jpg 1920w\" sizes=\"auto, (max-width: 311px) 100vw, 311px\" \/><\/figure><\/div>\n\n\n\n<p>Sie finden hier Methoden und Anregungen mit Fokus auf Homeschooling-geeigneten Lehrmethoden f\u00fcr gesellschaftswissenschaftliche F\u00e4cher der Sekundarstufe II. Dabei war es uns wichtig, die Methoden auf die themenspezifischen Inhalte des Sammelbands zuzuschneiden. Unter <a href=\"https:\/\/wp.uni-koblenz.de\/ressourcenundkonflikte\/methoden\/\">Unterrichtsmaterialien<\/a> finden Sie auf lehrplanrelevante Inhalte angepasste Arbeitsbl\u00e4tter und Texte, die Sie f\u00fcr das Homeschooling und Ihren Pr\u00e4senzunterricht verwenden k\u00f6nnen.<\/p>\n\n\n\n<div class=\"wp-block-button\"><a class=\"wp-block-button__link has-text-color has-very-light-gray-color has-background has-vivid-cyan-blue-to-vivid-purple-gradient-background\" href=\"https:\/\/politische-bildung.rlp.de\/fileadmin\/files\/downloads\/Barth-Schimbold\/2020\/Aktuell_Sammelband-Ressourcen-Doppelseiten-27022020.pdf\" target=\"_blank\" rel=\"noreferrer noopener\">Hier geht&#8217;s zum kostenfreien Sammelband<\/a><\/div>\n","protected":false},"excerpt":{"rendered":"<p>Unsere heutige globalisierte Welt ist gepr\u00e4gt von Handelsbeziehungen zwischen L\u00e4ndern und Kontinenten in denen insbesondere nat\u00fcrliche Ressourcen eine tragende Rolle spielen. Parallel und in direktem Zusammenhang dazu zeichnen sich verst\u00e4rkt humanit\u00e4re sowie weltpolitische Folgen von Umweltver\u00e4nderungen ab und erfordern ein<\/p>\n","protected":false},"author":11,"featured_media":0,"parent":0,"menu_order":0,"comment_status":"closed","ping_status":"closed","template":"","meta":{"footnotes":""},"class_list":["post-689","page","type-page","status-publish","hentry"],"_links":{"self":[{"href":"https:\/\/wp.uni-koblenz.de\/ressourcenundkonflikte\/wp-json\/wp\/v2\/pages\/689","targetHints":{"allow":["GET"]}}],"collection":[{"href":"https:\/\/wp.uni-koblenz.de\/ressourcenundkonflikte\/wp-json\/wp\/v2\/pages"}],"about":[{"href":"https:\/\/wp.uni-koblenz.de\/ressourcenundkonflikte\/wp-json\/wp\/v2\/types\/page"}],"author":[{"embeddable":true,"href":"https:\/\/wp.uni-koblenz.de\/ressourcenundkonflikte\/wp-json\/wp\/v2\/users\/11"}],"replies":[{"embeddable":true,"href":"https:\/\/wp.uni-koblenz.de\/ressourcenundkonflikte\/wp-json\/wp\/v2\/comments?post=689"}],"version-history":[{"count":18,"href":"https:\/\/wp.uni-koblenz.de\/ressourcenundkonflikte\/wp-json\/wp\/v2\/pages\/689\/revisions"}],"predecessor-version":[{"id":951,"href":"https:\/\/wp.uni-koblenz.de\/ressourcenundkonflikte\/wp-json\/wp\/v2\/pages\/689\/revisions\/951"}],"wp:attachment":[{"href":"https:\/\/wp.uni-koblenz.de\/ressourcenundkonflikte\/wp-json\/wp\/v2\/media?parent=689"}],"curies":[{"name":"wp","href":"https:\/\/api.w.org\/{rel}","templated":true}]}}

Über das Projekt

<p>Unsere heutige globalisierte Welt ist geprägt von Handelsbeziehungen zwischen Ländern und Kontinenten in denen insbesondere natürliche Ressourcen eine tragende Rolle spielen. Parallel und in direktem Zusammenhang dazu zeichnen sich verstärkt humanitäre sowie weltpolitische Folgen von Umweltveränderungen ab und erfordern ein proaktives Handeln aller Handelsparteien. Wo natürliche Ressourcen vorkommen und gehandelt werden, gilt es Menschenrechte zu wahren und Konflikte zu bearbeiten. Diese Aspekte gilt es auch in der Bildung an junge Menschen zu vermitteln und Handlungskompetenzen von Schüler*innen und jungen Menschen zu stärken.</p>



<p>Im Zuge unseres Studiums Master Erziehungswissenschaft &#8211; Forschung und Entwicklung in Organisationen an der Universität Koblenz-Landau haben wir dieses Projekt initiiert. Das Projekt erfolgte dabei in Kooperation mit der Friedensakademie Rheinland-Pfalz | Landau. In Absprache mit dem Kooperationspartner haben wir uns dazu entschieden, das Thema Ressourcenkonflikte für Lehrer*innen und Bildungsreferent*innen aufzubereiten. Als Grundlage für die Aufbereitung diente uns der Sammelband &#8222;Natürliche Ressourcen, Menschenrechte und Konflikte. Rohstoffherausforderungen in einer globalisierten Welt&#8220; der Friedensakademie Rheinland-Pfalz | Landau. Nachhaltigkeit, Menschenrechte und Umweltschutz sind uns ein großes Anliegen. Die Bildung für nachhaltige Entwicklung stellt dabei ein wichtiges Puzzleteil zur Erreichung einer nachhaltigen globalen Entwicklung dar. Um auch zu Zeiten von Corona und den stetig steigenden Anforderungen der Digitalisierung dem Bildungsauftrag gerecht werden zu können, haben wir uns entschieden, diese Webseite zu erstellen.</p>



<div class="wp-block-image"><figure class="alignleft is-resized"><img loading="lazy" decoding="async" src="https://wp.uni-koblenz.de/ressourcenundkonflikte/wp-content/uploads/sites/117/2020/05/arts-and-crafts-1846308_1920-1-1024x683.jpg" alt="" class="wp-image-888" width="311" height="207" srcset="https://wp.uni-koblenz.de/ressourcenundkonflikte/wp-content/uploads/sites/117/2020/05/arts-and-crafts-1846308_1920-1-1024x683.jpg 1024w, https://wp.uni-koblenz.de/ressourcenundkonflikte/wp-content/uploads/sites/117/2020/05/arts-and-crafts-1846308_1920-1-300x200.jpg 300w, https://wp.uni-koblenz.de/ressourcenundkonflikte/wp-content/uploads/sites/117/2020/05/arts-and-crafts-1846308_1920-1-768x512.jpg 768w, https://wp.uni-koblenz.de/ressourcenundkonflikte/wp-content/uploads/sites/117/2020/05/arts-and-crafts-1846308_1920-1-1536x1024.jpg 1536w, https://wp.uni-koblenz.de/ressourcenundkonflikte/wp-content/uploads/sites/117/2020/05/arts-and-crafts-1846308_1920-1-800x533.jpg 800w, https://wp.uni-koblenz.de/ressourcenundkonflikte/wp-content/uploads/sites/117/2020/05/arts-and-crafts-1846308_1920-1.jpg 1920w" sizes="auto, (max-width: 311px) 100vw, 311px" /></figure></div>



<p>Sie finden hier Methoden und Anregungen mit Fokus auf Homeschooling-geeigneten Lehrmethoden für gesellschaftswissenschaftliche Fächer der Sekundarstufe II. Dabei war es uns wichtig, die Methoden auf die themenspezifischen Inhalte des Sammelbands zuzuschneiden. Unter <a href="https://wp.uni-koblenz.de/ressourcenundkonflikte/methoden/">Unterrichtsmaterialien</a> finden Sie auf lehrplanrelevante Inhalte angepasste Arbeitsblätter und Texte, die Sie für das Homeschooling und Ihren Präsenzunterricht verwenden können.</p>



<div class="wp-block-button"><a class="wp-block-button__link has-text-color has-very-light-gray-color has-background has-vivid-cyan-blue-to-vivid-purple-gradient-background" href="https://politische-bildung.rlp.de/fileadmin/files/downloads/Barth-Schimbold/2020/Aktuell_Sammelband-Ressourcen-Doppelseiten-27022020.pdf" target="_blank" rel="noreferrer noopener">Hier geht&#8217;s zum kostenfreien Sammelband</a></div>

<p>Unsere heutige globalisierte Welt ist geprägt von Handelsbeziehungen zwischen Ländern und Kontinenten in denen insbesondere natürliche Ressourcen eine tragende Rolle spielen. Parallel und in direktem Zusammenhang dazu zeichnen sich verstärkt humanitäre sowie weltpolitische Folgen von Umweltveränderungen ab und erfordern ein</p>
