{"id":89,"date":"2014-03-21T13:31:19","date_gmt":"2014-03-21T13:31:19","guid":{"rendered":"http:\/\/demo.themegrill.com\/spacious\/?page_id=89"},"modified":"2026-03-10T08:21:57","modified_gmt":"2026-03-10T07:21:57","slug":"recent-work-spectacle","status":"publish","type":"page","link":"https:\/\/wp.uni-koblenz.de\/ressourcenundkonflikte\/recent-work-spectacle\/","title":{"rendered":"Leitlinien der Nachhaltigkeit"},"content":{"rendered":"<p style=\"font-weight: 400\"><img loading=\"lazy\" decoding=\"async\" class=\"wp-image-687 alignleft\" src=\"https:\/\/wp.uni-koblenz.de\/ressourcenundkonflikte\/wp-content\/uploads\/sites\/117\/2020\/05\/sustainability-3295757_1920-300x200.jpg\" alt=\"\" width=\"318\" height=\"213\" srcset=\"https:\/\/wp.uni-koblenz.de\/ressourcenundkonflikte\/wp-content\/uploads\/sites\/117\/2020\/05\/sustainability-3295757_1920-300x200.jpg 300w, https:\/\/wp.uni-koblenz.de\/ressourcenundkonflikte\/wp-content\/uploads\/sites\/117\/2020\/05\/sustainability-3295757_1920-1024x683.jpg 1024w, https:\/\/wp.uni-koblenz.de\/ressourcenundkonflikte\/wp-content\/uploads\/sites\/117\/2020\/05\/sustainability-3295757_1920-768x512.jpg 768w, https:\/\/wp.uni-koblenz.de\/ressourcenundkonflikte\/wp-content\/uploads\/sites\/117\/2020\/05\/sustainability-3295757_1920-1536x1024.jpg 1536w, https:\/\/wp.uni-koblenz.de\/ressourcenundkonflikte\/wp-content\/uploads\/sites\/117\/2020\/05\/sustainability-3295757_1920.jpg 1920w\" sizes=\"auto, (max-width: 318px) 100vw, 318px\" \/><\/p>\n<p style=\"font-weight: 400\">Leitlinien der nationalen Nachhaltigkeitsstrategie sind <strong>Generationengerechtigkeit, Lebensqualit\u00e4t, sozialer Zusammenhalt und internationale Verantwortung.<\/strong> Zu diesen Leitlinien wurden in der Strategie Indikatoren mit mittelfristigen und langfristigen Vorgaben festgelegt.<\/p>\n<p style=\"font-weight: 400\">Beispiele: Die Treibhausgasemissionen sollen bis 2020 um 40 Prozent sinken, der Anteil erneuerbarer Energien am Energieverbrauch soll bis 2050 auf 60 Prozent steigen und der \u00f6kologische Landbau soll in den n\u00e4chsten Jahren ein F\u00fcnftel der Landwirtschaft ausmachen.<\/p>\n<p style=\"font-weight: 400\">Deutschland ist auf einem guten Weg: Inzwischen gewinnen wir ein gutes\u00a0Drittel unseres Stromverbrauchs aus erneuerbaren Energien. Das verringert den Aussto\u00df an Treibhausgasen in bedeutendem Ma\u00dfe. Im Vergleich zu 1990 sind sie 2014 bereits um 27,7 Prozent gesunken.<\/p>\n<p><a href=\"_wp_link_placeholder\" data-wplink-edit=\"true\">https:\/\/www.bundesregierung.de\/breg-de\/themen\/nachhaltigkeitspolitik\/eine-strategie-begleitet-uns\/die-deutsche-nachhaltigkeitsstrategie<\/a><\/p>\n","protected":false},"excerpt":{"rendered":"<p>Leitlinien der nationalen Nachhaltigkeitsstrategie sind Generationengerechtigkeit, Lebensqualit\u00e4t, sozialer Zusammenhalt und internationale Verantwortung. Zu diesen Leitlinien wurden in der Strategie Indikatoren mit mittelfristigen und langfristigen Vorgaben festgelegt. Beispiele: Die Treibhausgasemissionen sollen bis 2020 um 40 Prozent sinken, der Anteil erneuerbarer Energien<\/p>\n","protected":false},"author":11,"featured_media":687,"parent":0,"menu_order":0,"comment_status":"closed","ping_status":"open","template":"","meta":{"footnotes":""},"class_list":["post-89","page","type-page","status-publish","has-post-thumbnail","hentry"],"_links":{"self":[{"href":"https:\/\/wp.uni-koblenz.de\/ressourcenundkonflikte\/wp-json\/wp\/v2\/pages\/89","targetHints":{"allow":["GET"]}}],"collection":[{"href":"https:\/\/wp.uni-koblenz.de\/ressourcenundkonflikte\/wp-json\/wp\/v2\/pages"}],"about":[{"href":"https:\/\/wp.uni-koblenz.de\/ressourcenundkonflikte\/wp-json\/wp\/v2\/types\/page"}],"author":[{"embeddable":true,"href":"https:\/\/wp.uni-koblenz.de\/ressourcenundkonflikte\/wp-json\/wp\/v2\/users\/11"}],"replies":[{"embeddable":true,"href":"https:\/\/wp.uni-koblenz.de\/ressourcenundkonflikte\/wp-json\/wp\/v2\/comments?post=89"}],"version-history":[{"count":6,"href":"https:\/\/wp.uni-koblenz.de\/ressourcenundkonflikte\/wp-json\/wp\/v2\/pages\/89\/revisions"}],"predecessor-version":[{"id":854,"href":"https:\/\/wp.uni-koblenz.de\/ressourcenundkonflikte\/wp-json\/wp\/v2\/pages\/89\/revisions\/854"}],"wp:featuredmedia":[{"embeddable":true,"href":"https:\/\/wp.uni-koblenz.de\/ressourcenundkonflikte\/wp-json\/wp\/v2\/media\/687"}],"wp:attachment":[{"href":"https:\/\/wp.uni-koblenz.de\/ressourcenundkonflikte\/wp-json\/wp\/v2\/media?parent=89"}],"curies":[{"name":"wp","href":"https:\/\/api.w.org\/{rel}","templated":true}]}}