{"id":1256,"date":"2021-05-23T16:44:52","date_gmt":"2021-05-23T14:44:52","guid":{"rendered":"https:\/\/wp.uni-koblenz.de\/unimus\/?page_id=1256"},"modified":"2021-05-28T22:01:59","modified_gmt":"2021-05-28T20:01:59","slug":"musikexpedition-brasilien","status":"publish","type":"page","link":"https:\/\/wp.uni-koblenz.de\/unimus\/musikexpedition-brasilien\/","title":{"rendered":"Musikexpedition &#8211; Brasilien"},"content":{"rendered":"\nEindrucksvoll ist das kulturelle Leben der ab 1701 gegr\u00fcndeten Stadt S\u00e3o Jo\u00e3o del-Rei, die bereits seit dem Jahr 1776 ein symphonisches Orchester durchg\u00e4ngig beherbergt. Etwa 4500 eigene, insbesondere kirchenmusikalische Kompositionen sind in der Stadt entstanden.\nDer studentische Austausch ist gef\u00f6rdert vom DAAD aus Mitteln des Bundesministeriums f\u00fcr Bildung und Forschung (BMBF).\n\t\t\t\t<img loading=\"lazy\" decoding=\"async\" src=\"https:\/\/wp.uni-koblenz.de\/unimus\/wp-content\/uploads\/sites\/16\/2021\/05\/MUSIK-Expedition-na-Alemanha-40-4000x2660.jpg\" alt=\"MUSIK Expedition 2\u00aa ed. (Alemanha)\" height=\"349\" width=\"525\" title=\"MUSIK Expedition 2\u00aa ed. (Alemanha)\">\n\t\t\t\t<img loading=\"lazy\" decoding=\"async\" src=\"https:\/\/wp.uni-koblenz.de\/unimus\/wp-content\/uploads\/sites\/16\/2019\/04\/20180000_Musikexpedition-1.jpg\" alt=\"20180000_Musikexpedition-1\" height=\"800\" width=\"1200\" title=\"20180000_Musikexpedition-1\">\n\tAusfl\u00fcge in die reichhaltige Natur, zu naturbelassenen Wasserf\u00e4llen oder die Metropole Rio de Janeiro erg\u00e4nzten die Eindr\u00fccke.<br>\nAktuell verbindet uns eine gemeinsame Musikvideo-Produktion des \u201eSamba de Uma Nota S\u00f3&#8220;.\n\t\t\t<a href=\"https:\/\/www.facebook.com\/musikexpedition\" target=\"_self\" role=\"button\" rel=\"noopener\">\n\t\t\t\t\t\t\tmehr\n\t\t\t\t\t<\/a>\n\t\t\t\t<img loading=\"lazy\" decoding=\"async\" src=\"https:\/\/wp.uni-koblenz.de\/unimus\/wp-content\/uploads\/sites\/16\/2021\/05\/GI_Logo_horizontal_black-150x70.jpg\" alt=\"Logo ohne Claim, schwarz, horizontal\" height=\"70\" width=\"150\" title=\"Logo ohne Claim, schwarz, horizontal\">\n\t\t\t\t<img loading=\"lazy\" decoding=\"async\" src=\"https:\/\/wp.uni-koblenz.de\/unimus\/wp-content\/uploads\/sites\/16\/2021\/05\/BMBF_gefi\u0302rdert-vom_deutsch-150x106.jpg\" alt=\"BMBF_gefi\u0302rdert vom_deutsch\" height=\"106\" width=\"150\" title=\"BMBF_gefi\u0302rdert vom_deutsch\">\n","protected":false},"excerpt":{"rendered":"","protected":false},"author":544,"featured_media":0,"parent":0,"menu_order":0,"comment_status":"closed","ping_status":"closed","template":"","meta":{"footnotes":""},"class_list":["post-1256","page","type-page","status-publish","hentry"],"_links":{"self":[{"href":"https:\/\/wp.uni-koblenz.de\/unimus\/wp-json\/wp\/v2\/pages\/1256","targetHints":{"allow":["GET"]}}],"collection":[{"href":"https:\/\/wp.uni-koblenz.de\/unimus\/wp-json\/wp\/v2\/pages"}],"about":[{"href":"https:\/\/wp.uni-koblenz.de\/unimus\/wp-json\/wp\/v2\/types\/page"}],"author":[{"embeddable":true,"href":"https:\/\/wp.uni-koblenz.de\/unimus\/wp-json\/wp\/v2\/users\/544"}],"replies":[{"embeddable":true,"href":"https:\/\/wp.uni-koblenz.de\/unimus\/wp-json\/wp\/v2\/comments?post=1256"}],"version-history":[{"count":9,"href":"https:\/\/wp.uni-koblenz.de\/unimus\/wp-json\/wp\/v2\/pages\/1256\/revisions"}],"predecessor-version":[{"id":1292,"href":"https:\/\/wp.uni-koblenz.de\/unimus\/wp-json\/wp\/v2\/pages\/1256\/revisions\/1292"}],"wp:attachment":[{"href":"https:\/\/wp.uni-koblenz.de\/unimus\/wp-json\/wp\/v2\/media?parent=1256"}],"curies":[{"name":"wp","href":"https:\/\/api.w.org\/{rel}","templated":true}]}}