{"id":1383,"date":"2021-08-05T11:51:29","date_gmt":"2021-08-05T09:51:29","guid":{"rendered":"https:\/\/wp.uni-koblenz.de\/unimus\/?page_id=1383"},"modified":"2021-08-05T11:51:29","modified_gmt":"2021-08-05T09:51:29","slug":"sebastian-haake","status":"publish","type":"page","link":"https:\/\/wp.uni-koblenz.de\/unimus\/kuenstler\/sebastian-haake\/","title":{"rendered":"Sebastian Haake"},"content":{"rendered":"<p>Der aus Sundern im Sauerland stammende Tenor, Sebastian Haake erhielt ersten Gesangsunterricht bei Anita Richartz-Freitag, ehemals Deutsche Oper Berlin, wo er schon erste Konzerterfahrungen sammeln konnte.<br \/>\nVon 2004 bis 2011 studierte Sebastian Haake bei Stephan Kohlenberg Operngesang am Institut f\u00fcr Musiktheater der Hochschule f\u00fcr Musik in Karlsruhe. Au\u00dferdem war der Tenor zwischen 2009\/und 2011 Mitglied des Opernstudios am Badischen Staatstheaters in Karlsruhe, wo er Partien wie den 1. Geharnischten in Mozarts \u201eZauberfl\u00f6te\u201c, Gustl in \u201eLand des L\u00e4chelns oder Herault de S\u00e8chelles in von Einems \u201eDanton\u2019s Tod\u201c sang. An der Oper der Stadt Frankfurt deb\u00fctierte er 2011 in \u201eKullervo\u201c von Aulis Sallinen.<br \/>\nSeit Oktober 2011 ist Sebastian Haake am Theater der Stadt Koblenz engagiert. Hier \u00fcbernimmt der Tenor auch regelm\u00e4\u00dfig solistische Aufgaben. So war er unter anderem als Roderick Usher in \u201eThe Fall of the House of Usher\u201d von P. Glass, als Simon Zelotes in \u201eJesus Christ Superstar\u201c von A. Lloyd Webber oder als B\u00fcrgermeister Upfold in B.Britten\u2019s \u201eAlbert Herring\u201c zu h\u00f6ren 2021 ist er als Billy Thompson bei der Deutschlandpremiere des Musicals \u201eThe Last Ship\u201c von Sting zu erleben.<br \/>\nNeben der Oper ist f\u00fcr Sebastian Haake auch das Konzertfach Schwerpunkt seines Schaffens. Sein Repertoire beinhaltet sowohl unbekanntere Werke wie die \u201eMissa de profunctis\u201c von Franz v. Supp\u00e8 und das \u201eOtcenas\u201c von Leos Janacek als auch bekannte Werke wie die Johannespassion und das Weihnachtsoratorium von J. S. Bach. Auch Werke wie die 9. Sinfonie von L. v. Beethoven mit welcher der Tenor 2011 unter Prof. J. Lemme deb\u00fctierte, geh\u00f6ren zu seinem Repertoire.<\/p>\n","protected":false},"excerpt":{"rendered":"<p>Der aus Sundern im Sauerland stammende Tenor, Sebastian Haake erhielt ersten Gesangsunterricht bei Anita Richartz-Freitag, ehemals Deutsche Oper Berlin, wo er schon erste Konzerterfahrungen sammeln konnte. Von 2004 bis 2011 studierte Sebastian Haake bei Stephan Kohlenberg Operngesang am Institut f\u00fcr Musiktheater der Hochschule f\u00fcr Musik in Karlsruhe. Au\u00dferdem war der Tenor zwischen 2009\/und 2011 Mitglied &hellip; <\/p>\n<p class=\"link-more\"><a href=\"https:\/\/wp.uni-koblenz.de\/unimus\/kuenstler\/sebastian-haake\/\" class=\"more-link\"><span class=\"screen-reader-text\">\u201eSebastian Haake\u201c <\/span>weiterlesen<\/a><\/p>\n","protected":false},"author":544,"featured_media":1375,"parent":48,"menu_order":0,"comment_status":"closed","ping_status":"closed","template":"artist.php","meta":{"footnotes":""},"class_list":["post-1383","page","type-page","status-publish","has-post-thumbnail","hentry"],"_links":{"self":[{"href":"https:\/\/wp.uni-koblenz.de\/unimus\/wp-json\/wp\/v2\/pages\/1383","targetHints":{"allow":["GET"]}}],"collection":[{"href":"https:\/\/wp.uni-koblenz.de\/unimus\/wp-json\/wp\/v2\/pages"}],"about":[{"href":"https:\/\/wp.uni-koblenz.de\/unimus\/wp-json\/wp\/v2\/types\/page"}],"author":[{"embeddable":true,"href":"https:\/\/wp.uni-koblenz.de\/unimus\/wp-json\/wp\/v2\/users\/544"}],"replies":[{"embeddable":true,"href":"https:\/\/wp.uni-koblenz.de\/unimus\/wp-json\/wp\/v2\/comments?post=1383"}],"version-history":[{"count":1,"href":"https:\/\/wp.uni-koblenz.de\/unimus\/wp-json\/wp\/v2\/pages\/1383\/revisions"}],"predecessor-version":[{"id":1384,"href":"https:\/\/wp.uni-koblenz.de\/unimus\/wp-json\/wp\/v2\/pages\/1383\/revisions\/1384"}],"up":[{"embeddable":true,"href":"https:\/\/wp.uni-koblenz.de\/unimus\/wp-json\/wp\/v2\/pages\/48"}],"wp:featuredmedia":[{"embeddable":true,"href":"https:\/\/wp.uni-koblenz.de\/unimus\/wp-json\/wp\/v2\/media\/1375"}],"wp:attachment":[{"href":"https:\/\/wp.uni-koblenz.de\/unimus\/wp-json\/wp\/v2\/media?parent=1383"}],"curies":[{"name":"wp","href":"https:\/\/api.w.org\/{rel}","templated":true}]}}