{"id":1412,"date":"2021-08-05T13:47:17","date_gmt":"2021-08-05T11:47:17","guid":{"rendered":"https:\/\/wp.uni-koblenz.de\/unimus\/?page_id=1412"},"modified":"2021-08-26T21:38:21","modified_gmt":"2021-08-26T19:38:21","slug":"youngky-earlings","status":"publish","type":"page","link":"https:\/\/wp.uni-koblenz.de\/unimus\/kuenstler\/youngky-earlings\/","title":{"rendered":"Youngky Eurlings"},"content":{"rendered":"<p><span class=\"\" style=\"font-family: Arial, sans-serif\"><span class=\"\">Der junge Bariton Youngky Eurlings\u00a0 stammt aus den Niederlanden. Zun\u00e4chst entdeckte er im Musical-Genre<br \/>\nseine Leidenschaft f\u00fcr Gesang. Ab dem Alter von 16 Jahren nahm er Gesangsunterricht an der Kumulus Musikschule in Maastricht, weiterf\u00fchrend bei Angele Frissen, die ihm den Weg ebnete zur Ausbildung an der Fontys Hogeschool voor de Kunsten in Tilburg.<br \/>\nHier arbeitete er im klassischen Gesang mit Harry Ruijl. Ab 2015 studierte er am Maastrichter Konservatroium (Susanne Schimmack).<br \/>\n<\/span><\/span><span class=\"\" style=\"font-family: Arial, sans-serif\"><span class=\"\">Nach seinem Bachelor Abschluss 2019 <\/span><\/span><span class=\"\" style=\"font-family: Arial, sans-serif\"><span class=\"\">unterrichtet er bei \u201eSchunk\u201c Tanz und Musik sowie an der Djool Music in Valkenburg.<\/span><\/span><br class=\"\" \/><span class=\"\" style=\"font-family: Arial, sans-serif\"><span class=\"\">Aus den Erfahrungen seines Unterrichts gewinnt Youngky Eurlings weitere Inspiration f\u00fcr seine eigenen Auff\u00fchrungen.<br \/>\nSeit 2020 ist er unter dem K\u00fcnstlerischen Leiter Tamir Chasson Ensemblemitglied der \u201eThe Fat Lady opera group\u201c.<\/span><\/span><\/p>\n","protected":false},"excerpt":{"rendered":"<p>Der junge Bariton Youngky Eurlings\u00a0 stammt aus den Niederlanden. Zun\u00e4chst entdeckte er im Musical-Genre seine Leidenschaft f\u00fcr Gesang. Ab dem Alter von 16 Jahren nahm er Gesangsunterricht an der Kumulus Musikschule in Maastricht, weiterf\u00fchrend bei Angele Frissen, die ihm den Weg ebnete zur Ausbildung an der Fontys Hogeschool voor de Kunsten in Tilburg. Hier arbeitete &hellip; <\/p>\n<p class=\"link-more\"><a href=\"https:\/\/wp.uni-koblenz.de\/unimus\/kuenstler\/youngky-earlings\/\" class=\"more-link\"><span class=\"screen-reader-text\">\u201eYoungky Eurlings\u201c <\/span>weiterlesen<\/a><\/p>\n","protected":false},"author":544,"featured_media":1377,"parent":48,"menu_order":0,"comment_status":"closed","ping_status":"closed","template":"artist.php","meta":{"footnotes":""},"class_list":["post-1412","page","type-page","status-publish","has-post-thumbnail","hentry"],"_links":{"self":[{"href":"https:\/\/wp.uni-koblenz.de\/unimus\/wp-json\/wp\/v2\/pages\/1412","targetHints":{"allow":["GET"]}}],"collection":[{"href":"https:\/\/wp.uni-koblenz.de\/unimus\/wp-json\/wp\/v2\/pages"}],"about":[{"href":"https:\/\/wp.uni-koblenz.de\/unimus\/wp-json\/wp\/v2\/types\/page"}],"author":[{"embeddable":true,"href":"https:\/\/wp.uni-koblenz.de\/unimus\/wp-json\/wp\/v2\/users\/544"}],"replies":[{"embeddable":true,"href":"https:\/\/wp.uni-koblenz.de\/unimus\/wp-json\/wp\/v2\/comments?post=1412"}],"version-history":[{"count":4,"href":"https:\/\/wp.uni-koblenz.de\/unimus\/wp-json\/wp\/v2\/pages\/1412\/revisions"}],"predecessor-version":[{"id":1489,"href":"https:\/\/wp.uni-koblenz.de\/unimus\/wp-json\/wp\/v2\/pages\/1412\/revisions\/1489"}],"up":[{"embeddable":true,"href":"https:\/\/wp.uni-koblenz.de\/unimus\/wp-json\/wp\/v2\/pages\/48"}],"wp:featuredmedia":[{"embeddable":true,"href":"https:\/\/wp.uni-koblenz.de\/unimus\/wp-json\/wp\/v2\/media\/1377"}],"wp:attachment":[{"href":"https:\/\/wp.uni-koblenz.de\/unimus\/wp-json\/wp\/v2\/media?parent=1412"}],"curies":[{"name":"wp","href":"https:\/\/api.w.org\/{rel}","templated":true}]}}