{"id":1414,"date":"2021-08-05T13:48:34","date_gmt":"2021-08-05T11:48:34","guid":{"rendered":"https:\/\/wp.uni-koblenz.de\/unimus\/?page_id=1414"},"modified":"2021-08-25T13:20:14","modified_gmt":"2021-08-25T11:20:14","slug":"tamir-chasson","status":"publish","type":"page","link":"https:\/\/wp.uni-koblenz.de\/unimus\/kuenstler\/tamir-chasson\/","title":{"rendered":"Tamir Chasson"},"content":{"rendered":"\n<p>Tamir Chasson ist Dirigent, Komponist, Arrangeur und Pianist. Als k\u00fcnstlerischer Leiter und musikalischer Direktor f\u00fchrt er seit 2014 die Operngruppe THE FAT LADY in Haarlem bei Amsterdam.<br class=\"\">Als Dirigent arbeitete er an der Israel Opera, Tel Aviv, und war dort Artistic Director des Opernstudios. Sein Opern-Repertoire spannt sich exemplarisch von Purcells Dido und Aeneas \u00fcber Gulio Cesare (H\u00e4ndel), Orfeo ed Euridice, Armide (Gluck), Le Nozze di Figaro, Don Giovanni, die Zauberfl\u00f6te (Mozart), Fidelio (Beethoven), Il viaggio a Reims (Rossini), Madama Butterfly, Il trittico (Puccini) zu The end of the Millenium&nbsp;<span class=\"\">(<\/span><span class=\"\">Bardanashvili).<\/span><br class=\"\"><span class=\"\">Tamir Chasson war der erste Preistr\u00e4ger des Gary Bertini Award for Young Conductors.&nbsp;<\/span>Von fr\u00fchen Jahren an dem Klavier verbunden studierte er Dirigieren beim Curtis Institute of Music,&nbsp;<span class=\"\">Philadelphia,<\/span>&nbsp;bei Otto-Werner M\u00fcller, sowie Noam Sheriff und Gary Bertini. Klavier studierte er bei&nbsp;<span class=\"\">Rivkah Gwili-Broido, Dr. Asaf Zohar&nbsp;<\/span>u<span class=\"\">nd&nbsp;<\/span>dem&nbsp;<span class=\"\">Jazz<\/span>-Pianisten<span class=\"\">&nbsp;Opher Brayer.<\/span><\/p>\n\n\n","protected":false},"excerpt":{"rendered":"","protected":false},"author":544,"featured_media":1378,"parent":48,"menu_order":0,"comment_status":"closed","ping_status":"closed","template":"artist.php","meta":{"footnotes":""},"class_list":["post-1414","page","type-page","status-publish","has-post-thumbnail","hentry"],"_links":{"self":[{"href":"https:\/\/wp.uni-koblenz.de\/unimus\/wp-json\/wp\/v2\/pages\/1414","targetHints":{"allow":["GET"]}}],"collection":[{"href":"https:\/\/wp.uni-koblenz.de\/unimus\/wp-json\/wp\/v2\/pages"}],"about":[{"href":"https:\/\/wp.uni-koblenz.de\/unimus\/wp-json\/wp\/v2\/types\/page"}],"author":[{"embeddable":true,"href":"https:\/\/wp.uni-koblenz.de\/unimus\/wp-json\/wp\/v2\/users\/544"}],"replies":[{"embeddable":true,"href":"https:\/\/wp.uni-koblenz.de\/unimus\/wp-json\/wp\/v2\/comments?post=1414"}],"version-history":[{"count":3,"href":"https:\/\/wp.uni-koblenz.de\/unimus\/wp-json\/wp\/v2\/pages\/1414\/revisions"}],"predecessor-version":[{"id":1480,"href":"https:\/\/wp.uni-koblenz.de\/unimus\/wp-json\/wp\/v2\/pages\/1414\/revisions\/1480"}],"up":[{"embeddable":true,"href":"https:\/\/wp.uni-koblenz.de\/unimus\/wp-json\/wp\/v2\/pages\/48"}],"wp:featuredmedia":[{"embeddable":true,"href":"https:\/\/wp.uni-koblenz.de\/unimus\/wp-json\/wp\/v2\/media\/1378"}],"wp:attachment":[{"href":"https:\/\/wp.uni-koblenz.de\/unimus\/wp-json\/wp\/v2\/media?parent=1414"}],"curies":[{"name":"wp","href":"https:\/\/api.w.org\/{rel}","templated":true}]}}