{"id":1655,"date":"2025-05-13T06:00:00","date_gmt":"2025-05-13T04:00:00","guid":{"rendered":"https:\/\/wp.uni-koblenz.de\/unimus\/?page_id=1655"},"modified":"2025-10-07T12:42:35","modified_gmt":"2025-10-07T10:42:35","slug":"ingyu-hwang","status":"publish","type":"page","link":"https:\/\/wp.uni-koblenz.de\/unimus\/kuenstler\/ingyu-hwang\/","title":{"rendered":"Ingyu Hwang"},"content":{"rendered":"\n\n\n<p>Der Tenor Ingyu Hwang studierte in seiner Heimat S\u00fcdkorea Gesang an der Chung-Ang-Universit\u00e4t und schloss dort mit dem Bachelor of Music ab. Nach seinem Abschluss war er von 2010 bis 2011 Ensemblemitglied der Chakyung Kim Opera Company in S\u00fcdkorea, wo er verschiedene Rollen, u.a. Don Jos\u00e9 in Carmen und Alfredo in La Traviata, sang.<\/p>\n<p>In Deutschland absolvierte er von 2013 bis 2015 ein Masterstudium in Musiktheater\/Operngesang an der Hochschule f\u00fcr Musik und Theater M\u00fcnchen sowie an der Theaterakademie August Everding am Prinzregententheater.<\/p>\n<p>Er war Mitglied des Internationalen Opernstudios an der Oper Frankfurt. Als Solist war er u.a. am Staatstheater Schwerin, Staatstheater Wiesbaden, Oper K\u00f6ln und Stadttheater Gie\u00dfen zu h\u00f6ren. Als Konzerts\u00e4nger sang er u.a. das Verdi-Requiem, die c-Moll-Messe von Mozart, die 9. Symphonie von Beethoven und Haydns Die Sch\u00f6pfung. Seit der Spielzeit 2018\/19 ist er am Theater Koblenz t\u00e4tig.<\/p>\n","protected":false},"excerpt":{"rendered":"","protected":false},"author":817,"featured_media":1656,"parent":48,"menu_order":0,"comment_status":"closed","ping_status":"closed","template":"","meta":{"footnotes":""},"class_list":["post-1655","page","type-page","status-publish","has-post-thumbnail","hentry"],"_links":{"self":[{"href":"https:\/\/wp.uni-koblenz.de\/unimus\/wp-json\/wp\/v2\/pages\/1655","targetHints":{"allow":["GET"]}}],"collection":[{"href":"https:\/\/wp.uni-koblenz.de\/unimus\/wp-json\/wp\/v2\/pages"}],"about":[{"href":"https:\/\/wp.uni-koblenz.de\/unimus\/wp-json\/wp\/v2\/types\/page"}],"author":[{"embeddable":true,"href":"https:\/\/wp.uni-koblenz.de\/unimus\/wp-json\/wp\/v2\/users\/817"}],"replies":[{"embeddable":true,"href":"https:\/\/wp.uni-koblenz.de\/unimus\/wp-json\/wp\/v2\/comments?post=1655"}],"version-history":[{"count":1,"href":"https:\/\/wp.uni-koblenz.de\/unimus\/wp-json\/wp\/v2\/pages\/1655\/revisions"}],"predecessor-version":[{"id":1657,"href":"https:\/\/wp.uni-koblenz.de\/unimus\/wp-json\/wp\/v2\/pages\/1655\/revisions\/1657"}],"up":[{"embeddable":true,"href":"https:\/\/wp.uni-koblenz.de\/unimus\/wp-json\/wp\/v2\/pages\/48"}],"wp:featuredmedia":[{"embeddable":true,"href":"https:\/\/wp.uni-koblenz.de\/unimus\/wp-json\/wp\/v2\/media\/1656"}],"wp:attachment":[{"href":"https:\/\/wp.uni-koblenz.de\/unimus\/wp-json\/wp\/v2\/media?parent=1655"}],"curies":[{"name":"wp","href":"https:\/\/api.w.org\/{rel}","templated":true}]}}