{"id":303,"date":"2018-03-25T23:50:34","date_gmt":"2018-03-25T21:50:34","guid":{"rendered":"https:\/\/wp.uni-koblenz.de\/unimus\/?page_id=303"},"modified":"2018-04-16T20:15:13","modified_gmt":"2018-04-16T18:15:13","slug":"nadia-caristi","status":"publish","type":"page","link":"https:\/\/wp.uni-koblenz.de\/unimus\/kuenstler\/nadia-caristi\/","title":{"rendered":"Nadia Caristi"},"content":{"rendered":"<p>Nach Ihren Hochschulabschl\u00fcssen in Klavier und Gesang spezialisierte sie sich auf die Vokal-Praxis der Renaissance und des Barock. Geb\u00fcrtig aus Messina\/Sizilien lebt sie nun in Venetien. Sie\u00a0 wirkte als Ensemblemitglied und Solistin mit bei den f\u00fchrenden Festivals f\u00fcr Alte Musik in Italien und Europa. Zahlreiche Einspielungen dieser Ensembles finden gleicherma\u00dfen Anerkennung bei Publikum und Fachkritik.<\/p>\n","protected":false},"excerpt":{"rendered":"<p>Nach Ihren Hochschulabschl\u00fcssen in Klavier und Gesang spezialisierte sie sich auf die Vokal-Praxis der Renaissance und des Barock. Geb\u00fcrtig aus Messina\/Sizilien lebt sie nun in Venetien. Sie\u00a0 wirkte als Ensemblemitglied und Solistin mit bei den f\u00fchrenden Festivals f\u00fcr Alte Musik in Italien und Europa. Zahlreiche Einspielungen dieser Ensembles finden gleicherma\u00dfen Anerkennung bei Publikum und Fachkritik.<\/p>\n","protected":false},"author":11,"featured_media":430,"parent":48,"menu_order":0,"comment_status":"closed","ping_status":"closed","template":"artist.php","meta":{"footnotes":""},"class_list":["post-303","page","type-page","status-publish","has-post-thumbnail","hentry"],"_links":{"self":[{"href":"https:\/\/wp.uni-koblenz.de\/unimus\/wp-json\/wp\/v2\/pages\/303","targetHints":{"allow":["GET"]}}],"collection":[{"href":"https:\/\/wp.uni-koblenz.de\/unimus\/wp-json\/wp\/v2\/pages"}],"about":[{"href":"https:\/\/wp.uni-koblenz.de\/unimus\/wp-json\/wp\/v2\/types\/page"}],"author":[{"embeddable":true,"href":"https:\/\/wp.uni-koblenz.de\/unimus\/wp-json\/wp\/v2\/users\/11"}],"replies":[{"embeddable":true,"href":"https:\/\/wp.uni-koblenz.de\/unimus\/wp-json\/wp\/v2\/comments?post=303"}],"version-history":[{"count":3,"href":"https:\/\/wp.uni-koblenz.de\/unimus\/wp-json\/wp\/v2\/pages\/303\/revisions"}],"predecessor-version":[{"id":429,"href":"https:\/\/wp.uni-koblenz.de\/unimus\/wp-json\/wp\/v2\/pages\/303\/revisions\/429"}],"up":[{"embeddable":true,"href":"https:\/\/wp.uni-koblenz.de\/unimus\/wp-json\/wp\/v2\/pages\/48"}],"wp:featuredmedia":[{"embeddable":true,"href":"https:\/\/wp.uni-koblenz.de\/unimus\/wp-json\/wp\/v2\/media\/430"}],"wp:attachment":[{"href":"https:\/\/wp.uni-koblenz.de\/unimus\/wp-json\/wp\/v2\/media?parent=303"}],"curies":[{"name":"wp","href":"https:\/\/api.w.org\/{rel}","templated":true}]}}

<p>Nach Ihren Hochschulabschlüssen in Klavier und Gesang spezialisierte sie sich auf die Vokal-Praxis der Renaissance und des Barock. Gebürtig aus Messina/Sizilien lebt sie nun in Venetien. Sie  wirkte als Ensemblemitglied und Solistin mit bei den führenden Festivals für Alte Musik in Italien und Europa. Zahlreiche Einspielungen dieser Ensembles finden gleichermaßen Anerkennung bei Publikum und Fachkritik.</p>
