{"id":447,"date":"2018-04-18T10:02:21","date_gmt":"2018-04-18T08:02:21","guid":{"rendered":"https:\/\/wp.uni-koblenz.de\/unimus\/?page_id=447"},"modified":"2020-06-02T17:41:32","modified_gmt":"2020-06-02T15:41:32","slug":"impressum","status":"publish","type":"page","link":"https:\/\/wp.uni-koblenz.de\/unimus\/impressum\/","title":{"rendered":"Impressum"},"content":{"rendered":"<p>Universit\u00e4tsmusik Koblenz<br \/>\nUniversit\u00e4tsstra\u00dfe 1<br \/>\n56070 Koblenz<br \/>\nTelefon: 0261-287 2100<\/p>\n<p><a href=\"mailto:musik@uni-koblenz.de\">musik@uni-koblenz.de<\/a><br \/>\n<a href=\"http:\/\/unimus.eu\">unimus.eu<\/a><\/p>\n<p>Fotografien: \u00a0<a href=\"https:\/\/henry-tornow.de\/\">Henry Tornow<\/a><\/p>\n<p>Inhaltlich Verantwortlicher gem\u00e4\u00df\u00a0 \u00a7 5 TMG, \u00a7 55 RStV ist Christian Jeub, Anschrift s.o. F\u00fcr die namentlich gekennzeichneten Texte, Informationen sowie f\u00fcr \u00fcbernommene Fremdtexte und die zum Herunterladen zur Verf\u00fcgung stehenden Inhalte sind allein die namentlich genannten Autoren bzw. Organisationseinheiten der Universit\u00e4t verantwortlich.<\/p>\n<h3>1. Inhalt des Onlineangebotes<\/h3>\n<p>Die Universit\u00e4tsmusik bem\u00fcht sich, dass die Inhalte auf diesen Webseiten aktuell, vollst\u00e4ndig und richtig sind. Alle Inhalte werden bei ihrer Einstellung in diese Webseiten und danach in unregelm\u00e4\u00dfigen Abst\u00e4nden gepr\u00fcft. Da Informationen jedoch raschen \u00c4nderungen unterliegen k\u00f6nnen, sind die Inhalte nicht notwendigerweise immer aktuell, richtig und vollst\u00e4ndig. Deshalb kann die Universit\u00e4tsmusik keinerlei Gew\u00e4hr f\u00fcr die Aktualit\u00e4t, Korrektheit, Vollst\u00e4ndigkeit oder Qualit\u00e4t der bereitgestellten Informationen \u00fcbernehmen. Durch Sch\u00e4den materieller oder ideeller Art, die durch die Nutzung oder Nichtnutzung der dargebotenen Informationen bzw. durch die Nutzung fehlerhafter und unvollst\u00e4ndiger Informationen verursacht wurden, entstehen aus diesem Grund keine Haftungsanspr\u00fcche. Das gesamte Angebot oder auch nur Teile davon k\u00f6nnen von der Universit\u00e4tsmusik ohne Vorank\u00fcndigung ge\u00e4ndert, erg\u00e4nzt oder gel\u00f6scht werden.<\/p>\n<h3>2. Verweise und Links<\/h3>\n<p>Bei direkten oder indirekten Verweisen auf fremde Internetseiten (&#8222;Links&#8220;), die au\u00dferhalb des Verantwortungsbereiches des Autors liegen, w\u00fcrde eine Haftungsverpflichtung ausschlie\u00dflich in dem Fall in Kraft treten, in dem der Autor von den Inhalten Kenntnis hat und es ihm technisch m\u00f6glich und zumutbar w\u00e4re, die Nutzung im Falle rechtswidriger Inhalte zu verhindern.<br \/>\nDer Autor erkl\u00e4rt hiermit ausdr\u00fccklich, dass zum Zeitpunkt der Linksetzung keine illegalen Inhalte auf den zu verlinkenden Seiten erkennbar waren. Auf die aktuelle und zuk\u00fcnftige Gestaltung, die Inhalte oder die Urheberschaft der gelinkten\/verkn\u00fcpften Seiten hat der Autor keinerlei Einfluss. Deshalb distanziert er sich hiermit ausdr\u00fccklich von allen Inhalten aller gelinkten\/verkn\u00fcpften Seiten, die nach der Linksetzung ver\u00e4ndert wurden. Diese Feststellung gilt f\u00fcr alle innerhalb des eigenen Internetangebotes gesetzten Links und Verweise sowie f\u00fcr Fremdeintr\u00e4ge in vom Autor eingerichteten G\u00e4steb\u00fcchern, Diskussionsforen und Mailinglisten. F\u00fcr illegale, fehlerhafte oder unvollst\u00e4ndige Inhalte und insbesondere f\u00fcr Sch\u00e4den, die aus der Nutzung oder Nichtnutzung solcherart dargebotener Informationen entstehen, haftet allein der Anbieter der Seite, auf welche verwiesen wurde, nicht derjenige, der \u00fcber Links auf die jeweilige Ver\u00f6ffentlichung lediglich verweist.<\/p>\n<h3>3. Urheber- und Kennzeichenrecht<\/h3>\n<p>Der Autor ist bestrebt, in allen Publikationen die Urheberrechte der verwendeten Grafiken, Tondokumente, Videosequenzen und Texte zu beachten, von ihm selbst erstellte Grafiken, Tondokumente, Videosequenzen und Texte zu nutzen oder auf lizenzfreie Grafiken, Tondokumente, Videosequenzen und Texte zur\u00fcckzugreifen.\u00a0Alle innerhalb des Internetangebotes genannten und ggf. durch Dritte gesch\u00fctzten Marken- und Warenzeichen unterliegen uneingeschr\u00e4nkt den Bestimmungen des jeweils g\u00fcltigen Kennzeichenrechts und den Besitzrechten der jeweiligen eingetragenen Eigent\u00fcmer. Allein aufgrund der blo\u00dfen Nennung ist nicht der Schlu\u00df zu ziehen, dass Markenzeichen nicht durch Rechte Dritter gesch\u00fctzt sind!<br \/>\nDas Copyright f\u00fcr ver\u00f6ffentlichte, vom Autor selbst erstellte Objekte bleibt allein beim Autor der Seiten. Eine Vervielf\u00e4ltigung oder Verwendung solcher Grafiken, Tondokumente, Videosequenzen und Texte in anderen elektronischen oder gedruckten Publikationen ist ohne ausdr\u00fcckliche Zustimmung des Autors nicht gestattet.<\/p>\n<h3>4. Datenschutz<\/h3>\n<p>Sofern innerhalb des Internetangebotes die M\u00f6glichkeit zur Eingabe pers\u00f6nlicher oder gesch\u00e4ftlicher Daten (Emailadressen, Namen, Anschriften) besteht, so erfolgt die Preisgabe dieser Daten seitens des Nutzers auf ausdr\u00fccklich freiwilliger Basis. Die Inanspruchnahme und Bezahlung aller angebotenen Dienste ist &#8211; soweit technisch m\u00f6glich und zumutbar &#8211; auch ohne Angabe solcher Daten bzw. unter Angabe anonymisierter Daten oder eines Pseudonyms gestattet.<\/p>\n<h3>5. Rechtswirksamkeit dieses Haftungsausschlusses<\/h3>\n<p>Dieser Haftungsausschluss ist als Teil des Internetangebotes zu betrachten, von dem aus auf diese Seite verwiesen wurde. Sofern Teile oder einzelne Formulierungen dieses Textes der geltenden Rechtslage nicht, nicht mehr oder nicht vollst\u00e4ndig entsprechen sollten, bleiben die \u00fcbrigen Teile des Dokumentes in ihrem Inhalt und ihrer G\u00fcltigkeit davon unber\u00fchrt.<\/p>\n","protected":false},"excerpt":{"rendered":"<p>Universit\u00e4tsmusik Koblenz Universit\u00e4tsstra\u00dfe 1 56070 Koblenz Telefon: 0261-287 2100 musik@uni-koblenz.de unimus.eu Fotografien: \u00a0Henry Tornow Inhaltlich Verantwortlicher gem\u00e4\u00df\u00a0 \u00a7 5 TMG, \u00a7 55 RStV ist Christian Jeub, Anschrift s.o. F\u00fcr die namentlich gekennzeichneten Texte, Informationen sowie f\u00fcr \u00fcbernommene Fremdtexte und die zum Herunterladen zur Verf\u00fcgung stehenden Inhalte sind allein die namentlich genannten Autoren bzw. Organisationseinheiten der &hellip; <\/p>\n<p class=\"link-more\"><a href=\"https:\/\/wp.uni-koblenz.de\/unimus\/impressum\/\" class=\"more-link\"><span class=\"screen-reader-text\">\u201eImpressum\u201c <\/span>weiterlesen<\/a><\/p>\n","protected":false},"author":11,"featured_media":0,"parent":0,"menu_order":0,"comment_status":"closed","ping_status":"closed","template":"artist.php","meta":{"footnotes":""},"class_list":["post-447","page","type-page","status-publish","hentry"],"_links":{"self":[{"href":"https:\/\/wp.uni-koblenz.de\/unimus\/wp-json\/wp\/v2\/pages\/447","targetHints":{"allow":["GET"]}}],"collection":[{"href":"https:\/\/wp.uni-koblenz.de\/unimus\/wp-json\/wp\/v2\/pages"}],"about":[{"href":"https:\/\/wp.uni-koblenz.de\/unimus\/wp-json\/wp\/v2\/types\/page"}],"author":[{"embeddable":true,"href":"https:\/\/wp.uni-koblenz.de\/unimus\/wp-json\/wp\/v2\/users\/11"}],"replies":[{"embeddable":true,"href":"https:\/\/wp.uni-koblenz.de\/unimus\/wp-json\/wp\/v2\/comments?post=447"}],"version-history":[{"count":4,"href":"https:\/\/wp.uni-koblenz.de\/unimus\/wp-json\/wp\/v2\/pages\/447\/revisions"}],"predecessor-version":[{"id":1233,"href":"https:\/\/wp.uni-koblenz.de\/unimus\/wp-json\/wp\/v2\/pages\/447\/revisions\/1233"}],"wp:attachment":[{"href":"https:\/\/wp.uni-koblenz.de\/unimus\/wp-json\/wp\/v2\/media?parent=447"}],"curies":[{"name":"wp","href":"https:\/\/api.w.org\/{rel}","templated":true}]}}