{"id":495,"date":"2018-05-02T11:07:27","date_gmt":"2018-05-02T09:07:27","guid":{"rendered":"https:\/\/wp.uni-koblenz.de\/unimus\/?page_id=495"},"modified":"2018-08-04T17:20:03","modified_gmt":"2018-08-04T15:20:03","slug":"klaus-mertens","status":"publish","type":"page","link":"https:\/\/wp.uni-koblenz.de\/unimus\/kuenstler\/klaus-mertens\/","title":{"rendered":"Klaus Mertens"},"content":{"rendered":"\n<p>&#8222;Ein exzellenter Meister seines Fachs&#8220; (M. Harras): Seit fast vier Jahrzehnten wird der Bass-Bariton Klaus Mertens von der Kritik in Konzerten und nahezu 200 CD-Einspielungen  als &#8222;\u00fcberirdisch strahlend&#8220; (klassik.com), &#8222;wunderbar schlank, klar deklamierend&#8220; (mdr Figaro) und &#8222;unver\u00e4ndert frisch und ungemein homogen&#8220; (klassik.com) f\u00fcr seine Interpretationen von Alter Musik bis zur Avantgarde gefeiert.<\/p>\n\n\n\n<p>Die M\u00f6glichkeiten seiner Stimme, das Bewusstsein, stets &#8222;Medium&#8220; zu sein im sch\u00f6pferischen Akt einer m\u00f6glichst authentischen Interpretation, machen ihn zu einem der herausragenden Interpreten seines Faches \u2013 &#8222;ausdrucksstark, jedoch nie ein &#8218;juste milieu&#8216; verlassend&#8220;.<\/p>\n\n\n\n<p>Einen bedeutenden Stellenwert in seiner k\u00fcnstlerischen Auseinandersetzung nimmt dabei die Alte Musik ein, f\u00fcr die er f\u00fcr seine &#8222;nat\u00fcrlich barocke Rhetorik&#8220;  \u00fcber Repertoires und Nationalstile hinweg  gelobt wird. So wirkte er bisher schon an nahezu 200 CD-\/DVD-Produktionen mit. Hier stellen die Gesamteinspielung des \u0152uvres von Johann Sebastian Bach \u2013 einmalig in der Tontr\u00e4gergeschichte singt hier ein S\u00e4nger alle Bass-Partien s\u00e4mtlicher Bach-Kantaten ein \u2013 sowie die j\u00fcngst fertig gestellte Gesamteinspielung der Werke Dieterich Buxtehudes \u2013 beides unter der Leitung seines langj\u00e4hrigen Freundes und Weggef\u00e4hrten Ton Koopman mit seinem Amsterdam Baroque-Orchester und -Chor \u2013 eindeutig Highlights seiner Karriere dar.<\/p>\n\n\n\n<p>Neben Ton Koopman arbeitet Klaus Mertens im Bereich der Alten Musik au\u00dferdem mit vielen bedeutenden Spezialisten wie Nicolaus Harnoncourt, Martin Haselb\u00f6ck, Nicholas McGegan, Gustav Leonhardt, Philippe Herreweghe, Sigiswald Kuijken, Ren\u00e9 Jacobs, Frans Br\u00fcggen und vielen anderen zusammen.<\/p>\n\n\n\n<p>In seinen eigenen CD- und Konzertprojekten, die er forschend begleitet, ist es ein grunds\u00e4tzliches Anliegen von Klaus Mertens, wertvolle unerh\u00f6rte bzw. lange verschollene Werke wieder zum Klingen zu bringen. Ein weiterer Schwerpunkt seiner interpretatorischen Auseinandersetzung gilt dem vokalen Werk Georg Philipp Telemanns.<\/p>\n\n\n\n<p>Mit der gleichen Leidenschaft widmet sich Klaus Mertens von jeher aber auch den Werken der Klassik und Romantik bis hin zu zeitgen\u00f6ssischen Komponisten, die ihm teilweise eigene Opera widmen.<\/p>\n\n\n\n<p>In diesem Bereich ergeben sich immer wieder enge Kooperationen mit bedeutenden Dirigenten wie z.B. Kent Nagano, Herbert Blomstedt, Andris Nelsons, Bertrand de Billy, Enoch zu Guttenberg, Sir Roger Norrington, Gary Bertini, Hans Vonk, Christian Zacharias, Edo de Waart, Kenneth Montgomery, Gerard Schwarz, Ivan Fischer, Marc Soustrot und vielen anderen.<\/p>\n\n\n\n<p>Hieraus resultiert die Zusammenarbeit mit zahlreichen gro\u00dfartigen Orchestern wie z.B. den Berliner Philharmonikern, Gewandhaus-Orchester Leipzig, Dresdner Philharmonie, Concertgebouw-Orchester Amsterdam, Rotterdam Philharmonic Orchestra, Tonhalle Orchester Z\u00fcrich, Jerusalem Symphony Orchestra, Saint Louis Symphony Orchestra, Chicago Symphony Orchestra, Tokyo Metropolitan Symphony Orchestra, San Francisco Symphony Orchestra, M\u00fcnchner Philharmonikern , Symphonie-Orchester des BR u.v.a.<\/p>\n\n\n\n<p>Klaus Mertens ist bei den bedeutenden internationalen Festivals regelm\u00e4\u00dfig zu Gast.<\/p>\n\n\n\n<p>Nicht zu vergessen ist Mertens\u2019 begeisterte Besch\u00e4ftigung mit dem Lied, was sowohl das klassische Lied-Repertoire betrifft als auch Lieder und Zyklen vom Lautenlied bis zum Streich-Quartett mit einbezieht.<\/p>\n\n\n\n<p>Als Anerkennung seiner bisherigen Arbeit als Interpret barocker Vokalmusik wird Klaus Mertens die Ehre zuteil, mit dem renommierten Georg-Philipp-Telemann-Preis der Landeshauptstadt Magdeburg 2016 ausgezeichnet zu sein.<\/p>\n","protected":false},"excerpt":{"rendered":"<p>&#8222;Ein exzellenter Meister seines Fachs&#8220; (M. Harras): Seit fast vier Jahrzehnten wird der Bass-Bariton Klaus Mertens von der Kritik in Konzerten und nahezu 200 CD-Einspielungen als &#8222;\u00fcberirdisch strahlend&#8220; (klassik.com), &#8222;wunderbar schlank, klar deklamierend&#8220; (mdr Figaro) und &#8222;unver\u00e4ndert frisch und ungemein homogen&#8220; (klassik.com) f\u00fcr seine Interpretationen von Alter Musik bis zur Avantgarde gefeiert. Die M\u00f6glichkeiten seiner &hellip; <\/p>\n<p class=\"link-more\"><a href=\"https:\/\/wp.uni-koblenz.de\/unimus\/kuenstler\/klaus-mertens\/\" class=\"more-link\"><span class=\"screen-reader-text\">\u201eKlaus Mertens\u201c <\/span>weiterlesen<\/a><\/p>\n","protected":false},"author":11,"featured_media":492,"parent":48,"menu_order":0,"comment_status":"closed","ping_status":"closed","template":"artist.php","meta":{"footnotes":""},"class_list":["post-495","page","type-page","status-publish","has-post-thumbnail","hentry"],"_links":{"self":[{"href":"https:\/\/wp.uni-koblenz.de\/unimus\/wp-json\/wp\/v2\/pages\/495","targetHints":{"allow":["GET"]}}],"collection":[{"href":"https:\/\/wp.uni-koblenz.de\/unimus\/wp-json\/wp\/v2\/pages"}],"about":[{"href":"https:\/\/wp.uni-koblenz.de\/unimus\/wp-json\/wp\/v2\/types\/page"}],"author":[{"embeddable":true,"href":"https:\/\/wp.uni-koblenz.de\/unimus\/wp-json\/wp\/v2\/users\/11"}],"replies":[{"embeddable":true,"href":"https:\/\/wp.uni-koblenz.de\/unimus\/wp-json\/wp\/v2\/comments?post=495"}],"version-history":[{"count":2,"href":"https:\/\/wp.uni-koblenz.de\/unimus\/wp-json\/wp\/v2\/pages\/495\/revisions"}],"predecessor-version":[{"id":619,"href":"https:\/\/wp.uni-koblenz.de\/unimus\/wp-json\/wp\/v2\/pages\/495\/revisions\/619"}],"up":[{"embeddable":true,"href":"https:\/\/wp.uni-koblenz.de\/unimus\/wp-json\/wp\/v2\/pages\/48"}],"wp:featuredmedia":[{"embeddable":true,"href":"https:\/\/wp.uni-koblenz.de\/unimus\/wp-json\/wp\/v2\/media\/492"}],"wp:attachment":[{"href":"https:\/\/wp.uni-koblenz.de\/unimus\/wp-json\/wp\/v2\/media?parent=495"}],"curies":[{"name":"wp","href":"https:\/\/api.w.org\/{rel}","templated":true}]}}