{"id":535,"date":"2018-05-25T21:00:17","date_gmt":"2018-05-25T19:00:17","guid":{"rendered":"https:\/\/wp.uni-koblenz.de\/unimus\/?page_id=535"},"modified":"2025-06-03T02:32:46","modified_gmt":"2025-06-03T00:32:46","slug":"universitaetschor","status":"publish","type":"page","link":"https:\/\/wp.uni-koblenz.de\/unimus\/ensembles\/universitaetschor\/","title":{"rendered":"Universit\u00e4tschor"},"content":{"rendered":"<p>\u201eMehr als ein Chor der Studierenden\u201c \u00fcberschreibt die Rheinzeitung eine der vielen Kritiken. Der Universit\u00e4tschor wurde von Prof. Heinz Anton H\u00f6hnen vor \u00fcber 25 Jahren gegr\u00fcndet und bis zum Jahr 2000 von ihm als Dirigent geleitet. In dieser Zeit konnte der Chor mit vielen gro\u00dfen Werken der Chor-Literatur auf sich aufmerksam machen, von klassischen Werken Mozarts und Beethovens bis hin zu chorsinfonischen Werken von Bruckner und Mahler \u2013 in Zusammenarbeit mit der Rheinischen Philharmonie. Probenwochenenden in den nahegelegenen Jugendg\u00e4steh\u00e4usern erg\u00e4nzen die Konzertvorbereitung. Von 2000-2006 hatte J\u00fcrgen B\u00f6hme und von 2007-2016 Ron-Dirk Entleutner die musikalische Leitung inne. Seit 2016 liegt die Gesamtleitung der Universit\u00e4tsmusik in den H\u00e4nden von Christian Jeub. In dieser Zeit \u00a0standen auf dem Programm u.a. \u00a0Brahms Ein deutsches Requiem, Mendelssohn Bartholdy Elias, Rossini Petite Messe Solennelle, \u00a0Orff Carmina Burana, Tippett A child of our time, Poulenc Gloria, Bernstein Chichester Psalms, wie auch Urauff\u00fchrungen Matthias Bonitz &#8222;Stufen&#8220; oder Bob Ingalls &#8222;Mother earth cries out&#8220;. \u00a0Unter der Schirmherrschaft der Ministerpr\u00e4sidentin des Landes Rheinland-Pfalz musizierte der Universit\u00e4tschor \u00a0am 02.02.2020 im Gedenken an das f\u00fcnfundsiebzigj\u00e4hrige Endes des Zweiten Weltkrieges Benjamin Brittens War Requiem.<\/p>\n","protected":false},"excerpt":{"rendered":"<p>\u201eMehr als ein Chor der Studierenden\u201c \u00fcberschreibt die Rheinzeitung eine der vielen Kritiken. Der Universit\u00e4tschor wurde von Prof. Heinz Anton H\u00f6hnen vor \u00fcber 25 Jahren gegr\u00fcndet und bis zum Jahr 2000 von ihm als Dirigent geleitet. In dieser Zeit konnte der Chor mit vielen gro\u00dfen Werken der Chor-Literatur auf sich aufmerksam machen, von klassischen Werken &hellip; <\/p>\n<p class=\"link-more\"><a href=\"https:\/\/wp.uni-koblenz.de\/unimus\/ensembles\/universitaetschor\/\" class=\"more-link\"><span class=\"screen-reader-text\">\u201eUniversit\u00e4tschor\u201c <\/span>weiterlesen<\/a><\/p>\n","protected":false},"author":11,"featured_media":1682,"parent":533,"menu_order":0,"comment_status":"closed","ping_status":"closed","template":"artist.php","meta":{"footnotes":""},"class_list":["post-535","page","type-page","status-publish","has-post-thumbnail","hentry"],"_links":{"self":[{"href":"https:\/\/wp.uni-koblenz.de\/unimus\/wp-json\/wp\/v2\/pages\/535","targetHints":{"allow":["GET"]}}],"collection":[{"href":"https:\/\/wp.uni-koblenz.de\/unimus\/wp-json\/wp\/v2\/pages"}],"about":[{"href":"https:\/\/wp.uni-koblenz.de\/unimus\/wp-json\/wp\/v2\/types\/page"}],"author":[{"embeddable":true,"href":"https:\/\/wp.uni-koblenz.de\/unimus\/wp-json\/wp\/v2\/users\/11"}],"replies":[{"embeddable":true,"href":"https:\/\/wp.uni-koblenz.de\/unimus\/wp-json\/wp\/v2\/comments?post=535"}],"version-history":[{"count":6,"href":"https:\/\/wp.uni-koblenz.de\/unimus\/wp-json\/wp\/v2\/pages\/535\/revisions"}],"predecessor-version":[{"id":1247,"href":"https:\/\/wp.uni-koblenz.de\/unimus\/wp-json\/wp\/v2\/pages\/535\/revisions\/1247"}],"up":[{"embeddable":true,"href":"https:\/\/wp.uni-koblenz.de\/unimus\/wp-json\/wp\/v2\/pages\/533"}],"wp:featuredmedia":[{"embeddable":true,"href":"https:\/\/wp.uni-koblenz.de\/unimus\/wp-json\/wp\/v2\/media\/1682"}],"wp:attachment":[{"href":"https:\/\/wp.uni-koblenz.de\/unimus\/wp-json\/wp\/v2\/media?parent=535"}],"curies":[{"name":"wp","href":"https:\/\/api.w.org\/{rel}","templated":true}]}}