{"id":547,"date":"2018-05-30T10:12:19","date_gmt":"2018-05-30T08:12:19","guid":{"rendered":"https:\/\/wp.uni-koblenz.de\/unimus\/?page_id=547"},"modified":"2018-09-16T22:25:52","modified_gmt":"2018-09-16T20:25:52","slug":"uni-vokalensemble","status":"publish","type":"page","link":"https:\/\/wp.uni-koblenz.de\/unimus\/ensembles\/uni-vokalensemble\/","title":{"rendered":"UNI-Vokalensemble"},"content":{"rendered":"<p>Das UNI-Vokalensemble besteht aus etwa 16 jungen S\u00e4ngerinnen und S\u00e4ngern, allesamt Studierende oder Absolventen der Universit\u00e4t in Koblenz, der Fachbereiche Musikp\u00e4dagogik und \u2013wissenschaft, aber auch aller anderen Fachbereiche. Die jungen Stimmen eint die Freude am kleiner besetzten a-cappella-Gesang und das Arbeiten mit professionellem Anspruch.<br \/>\nDas UNI-Vokalensemble ist in den verschiedensten Epochen zu Hause. Mit einem stilistisch sicheren Klang \u00fcberzeugen sie ebenso wie mit ihrer ausgefeilten Auftrittskultur. Gezielt setzen die jungen Musiker genre\u00fcbergreifendes Repertoire ein, um die Spanne und Vielfalt des a-cappella-Genres in voller Gr\u00f6\u00dfe darzustellen. Durch ihre Qualit\u00e4t ist es das meist gebuchte Ensemble der Universit\u00e4tsmusik.<\/p>\n","protected":false},"excerpt":{"rendered":"<p>Das UNI-Vokalensemble besteht aus etwa 16 jungen S\u00e4ngerinnen und S\u00e4ngern, allesamt Studierende oder Absolventen der Universit\u00e4t in Koblenz, der Fachbereiche Musikp\u00e4dagogik und \u2013wissenschaft, aber auch aller anderen Fachbereiche. Die jungen Stimmen eint die Freude am kleiner besetzten a-cappella-Gesang und das Arbeiten mit professionellem Anspruch. Das UNI-Vokalensemble ist in den verschiedensten Epochen zu Hause. Mit einem &hellip; <\/p>\n<p class=\"link-more\"><a href=\"https:\/\/wp.uni-koblenz.de\/unimus\/ensembles\/uni-vokalensemble\/\" class=\"more-link\"><span class=\"screen-reader-text\">\u201eUNI-Vokalensemble\u201c <\/span>weiterlesen<\/a><\/p>\n","protected":false},"author":11,"featured_media":675,"parent":533,"menu_order":0,"comment_status":"closed","ping_status":"closed","template":"artist.php","meta":{"footnotes":""},"class_list":["post-547","page","type-page","status-publish","has-post-thumbnail","hentry"],"_links":{"self":[{"href":"https:\/\/wp.uni-koblenz.de\/unimus\/wp-json\/wp\/v2\/pages\/547","targetHints":{"allow":["GET"]}}],"collection":[{"href":"https:\/\/wp.uni-koblenz.de\/unimus\/wp-json\/wp\/v2\/pages"}],"about":[{"href":"https:\/\/wp.uni-koblenz.de\/unimus\/wp-json\/wp\/v2\/types\/page"}],"author":[{"embeddable":true,"href":"https:\/\/wp.uni-koblenz.de\/unimus\/wp-json\/wp\/v2\/users\/11"}],"replies":[{"embeddable":true,"href":"https:\/\/wp.uni-koblenz.de\/unimus\/wp-json\/wp\/v2\/comments?post=547"}],"version-history":[{"count":2,"href":"https:\/\/wp.uni-koblenz.de\/unimus\/wp-json\/wp\/v2\/pages\/547\/revisions"}],"predecessor-version":[{"id":551,"href":"https:\/\/wp.uni-koblenz.de\/unimus\/wp-json\/wp\/v2\/pages\/547\/revisions\/551"}],"up":[{"embeddable":true,"href":"https:\/\/wp.uni-koblenz.de\/unimus\/wp-json\/wp\/v2\/pages\/533"}],"wp:featuredmedia":[{"embeddable":true,"href":"https:\/\/wp.uni-koblenz.de\/unimus\/wp-json\/wp\/v2\/media\/675"}],"wp:attachment":[{"href":"https:\/\/wp.uni-koblenz.de\/unimus\/wp-json\/wp\/v2\/media?parent=547"}],"curies":[{"name":"wp","href":"https:\/\/api.w.org\/{rel}","templated":true}]}}