{"id":558,"date":"2018-05-30T10:46:27","date_gmt":"2018-05-30T08:46:27","guid":{"rendered":"https:\/\/wp.uni-koblenz.de\/unimus\/?page_id=558"},"modified":"2019-03-02T13:56:22","modified_gmt":"2019-03-02T12:56:22","slug":"capella-academia-coblenz","status":"publish","type":"page","link":"https:\/\/wp.uni-koblenz.de\/unimus\/ensembles\/capella-academia-coblenz\/","title":{"rendered":"capella academia coblenz"},"content":{"rendered":"<p>Das akademische Ensemble, in dem sich junge Musikerinnen und Musiker aus Koblenz versammeln, spielt regelm\u00e4\u00dfig Kantaten- und Oratorienauff\u00fchrungen in Koblenz. Das Kammerorchester hat sich der barocken Klangwelt verschrieben und versucht diese unter Ber\u00fccksichtigung der historischen Auff\u00fchrungspraxis um 1750 auf modernem Instrumentarium umzusetzen. Alle Musikerinnen und Musiker bringen einen langj\u00e4hrigen Erfahrungsschatz aus der Barockmusik mit. Lebendigkeit und Stiltreue steht \u00fcber der Arbeit dieses jungen Ensembles. Die Presse unterstreicht: \u201e[\u2026] alles andere als staubiger Barock [\u2026]\u201c<\/p>\n","protected":false},"excerpt":{"rendered":"<p>Das akademische Ensemble, in dem sich junge Musikerinnen und Musiker aus Koblenz versammeln, spielt regelm\u00e4\u00dfig Kantaten- und Oratorienauff\u00fchrungen in Koblenz. Das Kammerorchester hat sich der barocken Klangwelt verschrieben und versucht diese unter Ber\u00fccksichtigung der historischen Auff\u00fchrungspraxis um 1750 auf modernem Instrumentarium umzusetzen. Alle Musikerinnen und Musiker bringen einen langj\u00e4hrigen Erfahrungsschatz aus der Barockmusik mit. Lebendigkeit &hellip; <\/p>\n<p class=\"link-more\"><a href=\"https:\/\/wp.uni-koblenz.de\/unimus\/ensembles\/capella-academia-coblenz\/\" class=\"more-link\"><span class=\"screen-reader-text\">\u201ecapella academia coblenz\u201c <\/span>weiterlesen<\/a><\/p>\n","protected":false},"author":11,"featured_media":570,"parent":533,"menu_order":0,"comment_status":"closed","ping_status":"closed","template":"artist.php","meta":{"footnotes":""},"class_list":["post-558","page","type-page","status-publish","has-post-thumbnail","hentry"],"_links":{"self":[{"href":"https:\/\/wp.uni-koblenz.de\/unimus\/wp-json\/wp\/v2\/pages\/558","targetHints":{"allow":["GET"]}}],"collection":[{"href":"https:\/\/wp.uni-koblenz.de\/unimus\/wp-json\/wp\/v2\/pages"}],"about":[{"href":"https:\/\/wp.uni-koblenz.de\/unimus\/wp-json\/wp\/v2\/types\/page"}],"author":[{"embeddable":true,"href":"https:\/\/wp.uni-koblenz.de\/unimus\/wp-json\/wp\/v2\/users\/11"}],"replies":[{"embeddable":true,"href":"https:\/\/wp.uni-koblenz.de\/unimus\/wp-json\/wp\/v2\/comments?post=558"}],"version-history":[{"count":3,"href":"https:\/\/wp.uni-koblenz.de\/unimus\/wp-json\/wp\/v2\/pages\/558\/revisions"}],"predecessor-version":[{"id":816,"href":"https:\/\/wp.uni-koblenz.de\/unimus\/wp-json\/wp\/v2\/pages\/558\/revisions\/816"}],"up":[{"embeddable":true,"href":"https:\/\/wp.uni-koblenz.de\/unimus\/wp-json\/wp\/v2\/pages\/533"}],"wp:featuredmedia":[{"embeddable":true,"href":"https:\/\/wp.uni-koblenz.de\/unimus\/wp-json\/wp\/v2\/media\/570"}],"wp:attachment":[{"href":"https:\/\/wp.uni-koblenz.de\/unimus\/wp-json\/wp\/v2\/media?parent=558"}],"curies":[{"name":"wp","href":"https:\/\/api.w.org\/{rel}","templated":true}]}}