{"id":562,"date":"2018-05-30T10:53:15","date_gmt":"2018-05-30T08:53:15","guid":{"rendered":"https:\/\/wp.uni-koblenz.de\/unimus\/?page_id=562"},"modified":"2018-05-30T10:55:04","modified_gmt":"2018-05-30T08:55:04","slug":"campus-brass","status":"publish","type":"page","link":"https:\/\/wp.uni-koblenz.de\/unimus\/ensembles\/campus-brass\/","title":{"rendered":"Campus Brass"},"content":{"rendered":"<p>Campus Brass wurde 2010 ins Leben gerufen und ist damit das j\u00fcngste Ensemble im Reigen der Universit\u00e4tsmusik Koblenz. Die Mitglieder rekrutieren sich in erster Linie aus den Blechbl\u00e4serreihen des \u201eJungen Symphonieorchesters Koblenz\u201c. Aber auch jungen Musikerinnen und Musikern von au\u00dferhalb, die sich f\u00fcr anspruchsvolle Ensemblemusik f\u00fcr Blechbl\u00e4ser interessieren, steht dieses Ensemble selbstverst\u00e4ndlich offen. Letztendlich hat das Ensemble aus der Not eine Tugend gemacht. Als auf dem Semesterprogramm ein St\u00fcck stand, was nur weniger H\u00f6rner bedurfte, haben sich die Blechbl\u00e4ser im Nachbarzimmer formiert und angefangen, Blechbl\u00e4serarrangements einzustudieren. Seitdem reist Campus Brass durch die musikalische Welt, durch verschiedene Genres und Epochen und nimmt alles mit, was f\u00fcr Blechbl\u00e4ser zu spielen ist. Das Ensemble wird u.a. betreut von den Blechbl\u00e4sern der Rheinischen Philharmonie, eine Verbindung, \u00fcber die die Universit\u00e4tsmusik sehr dankbar ist.<\/p>\n","protected":false},"excerpt":{"rendered":"<p>Campus Brass wurde 2010 ins Leben gerufen und ist damit das j\u00fcngste Ensemble im Reigen der Universit\u00e4tsmusik Koblenz. Die Mitglieder rekrutieren sich in erster Linie aus den Blechbl\u00e4serreihen des \u201eJungen Symphonieorchesters Koblenz\u201c. Aber auch jungen Musikerinnen und Musikern von au\u00dferhalb, die sich f\u00fcr anspruchsvolle Ensemblemusik f\u00fcr Blechbl\u00e4ser interessieren, steht dieses Ensemble selbstverst\u00e4ndlich offen. Letztendlich hat &hellip; <\/p>\n<p class=\"link-more\"><a href=\"https:\/\/wp.uni-koblenz.de\/unimus\/ensembles\/campus-brass\/\" class=\"more-link\"><span class=\"screen-reader-text\">\u201eCampus Brass\u201c <\/span>weiterlesen<\/a><\/p>\n","protected":false},"author":11,"featured_media":565,"parent":533,"menu_order":0,"comment_status":"closed","ping_status":"closed","template":"artist.php","meta":{"footnotes":""},"class_list":["post-562","page","type-page","status-publish","has-post-thumbnail","hentry"],"_links":{"self":[{"href":"https:\/\/wp.uni-koblenz.de\/unimus\/wp-json\/wp\/v2\/pages\/562","targetHints":{"allow":["GET"]}}],"collection":[{"href":"https:\/\/wp.uni-koblenz.de\/unimus\/wp-json\/wp\/v2\/pages"}],"about":[{"href":"https:\/\/wp.uni-koblenz.de\/unimus\/wp-json\/wp\/v2\/types\/page"}],"author":[{"embeddable":true,"href":"https:\/\/wp.uni-koblenz.de\/unimus\/wp-json\/wp\/v2\/users\/11"}],"replies":[{"embeddable":true,"href":"https:\/\/wp.uni-koblenz.de\/unimus\/wp-json\/wp\/v2\/comments?post=562"}],"version-history":[{"count":2,"href":"https:\/\/wp.uni-koblenz.de\/unimus\/wp-json\/wp\/v2\/pages\/562\/revisions"}],"predecessor-version":[{"id":566,"href":"https:\/\/wp.uni-koblenz.de\/unimus\/wp-json\/wp\/v2\/pages\/562\/revisions\/566"}],"up":[{"embeddable":true,"href":"https:\/\/wp.uni-koblenz.de\/unimus\/wp-json\/wp\/v2\/pages\/533"}],"wp:featuredmedia":[{"embeddable":true,"href":"https:\/\/wp.uni-koblenz.de\/unimus\/wp-json\/wp\/v2\/media\/565"}],"wp:attachment":[{"href":"https:\/\/wp.uni-koblenz.de\/unimus\/wp-json\/wp\/v2\/media?parent=562"}],"curies":[{"name":"wp","href":"https:\/\/api.w.org\/{rel}","templated":true}]}}