{"id":572,"date":"2018-05-30T23:08:43","date_gmt":"2018-05-30T21:08:43","guid":{"rendered":"https:\/\/wp.uni-koblenz.de\/unimus\/?page_id=572"},"modified":"2020-10-20T15:55:18","modified_gmt":"2020-10-20T13:55:18","slug":"junges-symphonieorchester-koblenz","status":"publish","type":"page","link":"https:\/\/wp.uni-koblenz.de\/unimus\/ensembles\/junges-symphonieorchester-koblenz\/","title":{"rendered":"Junges Symphonieorchester Koblenz"},"content":{"rendered":"<p>Seit \u00fcber 25 Jahren bereichert das Junge Symphonieorchester Koblenz das hiesige Musikleben. Urspr\u00fcnglich als kleines Streichorchester, collegium musicum, ins Leben gerufen, kamen Schritt f\u00fcr Schritt Bl\u00e4ser hinzu. Der junge Koblenzer Klangk\u00f6rper entwickelte sich rasant vom Kammerorchester zum vollbesetzten Sinfonieorchester und konnte sich die klassisch-romantische Literatur bis hin zur Moderne zu eigen machen. Erfolgreiche Konzertprojekte in den gro\u00dfen Innenstadtkirchen sowie in der Rhein-Mosel-Halle machten das \u201eJunge Symphonieorchester Koblenz\u201c schnell \u00fcber die Stadtgrenzen bekannt.<\/p>\n<p>Gr\u00fcnder und langj\u00e4hriger Leiter Prof. Heinz Anton H\u00f6hnen formte das Orchester zu einem leistungsf\u00e4higen semi-professionellen Ensemble, zur damaligen Zeit das einzige Orchester dieser Art in der Region. Einen gro\u00dfen Teil der Mitglieder bilden die Schulmusiker aus Studenten und Absolventen der verschiedenen Fachbereiche Koblenz und der Region. Das Orchester besch\u00e4ftigt sich mit sinfonischer Literatur von Klassik, Romantik und Moderne wie auch der Begleitung von Solokonzerten und der Chorsinfonik.<\/p>\n<p>Die regelm\u00e4\u00dfige Probenarbeit wird erg\u00e4nzt durch die gro\u00dfen Semesterabschlusskonzerte, das Festival UNIMUS \u2013 den Universit\u00e4tsmusiktagen Koblenz, Intensivprobenphasen in den Jugendherbergen vor den Toren von Koblenz sowie Austauschprojekten und Konzertreisen im In- und Ausland.<\/p>\n<p>Christian Jeub \u00fcbernahm 2016 den Dirigierstab. Die Programme des gro\u00dfen Orchesters beinhalten die Begleitung des chorischen philharmonischen Repertoires, wie auch\u00a0Dvo\u0159\u00e1ks Symphonie Nr. 9 &#8222;Aus der Neuen Welt&#8220;, Smetana Die Moldau, \u00a0Bruchs Ouvert\u00fcre Die Loreley, Konzert f\u00fcr Violine u. Viola, Gershwin An American in Paris, A. M\u00e1rques Danz\u00f3n Nr. 2, Filmmusiken: Silvestri Back to the future, Horner Apollo 13, Titanic, John Williams Schindlers Liste, &#8222;E.T.&#8220; &#8211; Adventures on earth.<\/p>\n","protected":false},"excerpt":{"rendered":"<p>Seit \u00fcber 25 Jahren bereichert das Junge Symphonieorchester Koblenz das hiesige Musikleben. Urspr\u00fcnglich als kleines Streichorchester, collegium musicum, ins Leben gerufen, kamen Schritt f\u00fcr Schritt Bl\u00e4ser hinzu. Der junge Koblenzer Klangk\u00f6rper entwickelte sich rasant vom Kammerorchester zum vollbesetzten Sinfonieorchester und konnte sich die klassisch-romantische Literatur bis hin zur Moderne zu eigen machen. Erfolgreiche Konzertprojekte in &hellip; <\/p>\n<p class=\"link-more\"><a href=\"https:\/\/wp.uni-koblenz.de\/unimus\/ensembles\/junges-symphonieorchester-koblenz\/\" class=\"more-link\"><span class=\"screen-reader-text\">\u201eJunges Symphonieorchester Koblenz\u201c <\/span>weiterlesen<\/a><\/p>\n","protected":false},"author":11,"featured_media":609,"parent":533,"menu_order":0,"comment_status":"closed","ping_status":"closed","template":"artist.php","meta":{"footnotes":""},"class_list":["post-572","page","type-page","status-publish","has-post-thumbnail","hentry"],"_links":{"self":[{"href":"https:\/\/wp.uni-koblenz.de\/unimus\/wp-json\/wp\/v2\/pages\/572","targetHints":{"allow":["GET"]}}],"collection":[{"href":"https:\/\/wp.uni-koblenz.de\/unimus\/wp-json\/wp\/v2\/pages"}],"about":[{"href":"https:\/\/wp.uni-koblenz.de\/unimus\/wp-json\/wp\/v2\/types\/page"}],"author":[{"embeddable":true,"href":"https:\/\/wp.uni-koblenz.de\/unimus\/wp-json\/wp\/v2\/users\/11"}],"replies":[{"embeddable":true,"href":"https:\/\/wp.uni-koblenz.de\/unimus\/wp-json\/wp\/v2\/comments?post=572"}],"version-history":[{"count":3,"href":"https:\/\/wp.uni-koblenz.de\/unimus\/wp-json\/wp\/v2\/pages\/572\/revisions"}],"predecessor-version":[{"id":1246,"href":"https:\/\/wp.uni-koblenz.de\/unimus\/wp-json\/wp\/v2\/pages\/572\/revisions\/1246"}],"up":[{"embeddable":true,"href":"https:\/\/wp.uni-koblenz.de\/unimus\/wp-json\/wp\/v2\/pages\/533"}],"wp:featuredmedia":[{"embeddable":true,"href":"https:\/\/wp.uni-koblenz.de\/unimus\/wp-json\/wp\/v2\/media\/609"}],"wp:attachment":[{"href":"https:\/\/wp.uni-koblenz.de\/unimus\/wp-json\/wp\/v2\/media?parent=572"}],"curies":[{"name":"wp","href":"https:\/\/api.w.org\/{rel}","templated":true}]}}