{"id":581,"date":"2018-05-30T23:40:19","date_gmt":"2018-05-30T21:40:19","guid":{"rendered":"https:\/\/wp.uni-koblenz.de\/unimus\/?page_id=581"},"modified":"2018-05-30T23:40:19","modified_gmt":"2018-05-30T21:40:19","slug":"rafal-tomkiewitz","status":"publish","type":"page","link":"https:\/\/wp.uni-koblenz.de\/unimus\/kuenstler\/rafal-tomkiewitz\/","title":{"rendered":"Rafa\u0142 Tomkiewitz"},"content":{"rendered":"<p>Rafa\u0142 Tomkiewicz ist Mitglied im Opernstudio des Nationaltheaters in Warschau. Er deb\u00fctierte in der Titelrolle der Oper \u201eIl Giasone\u201d von  F. Cavalli an Collegium Nobilium Theater, Warschau.<br \/>\nEr ist 1. Preistr\u00e4ger  beim &#8222;Krystyna Jamroz Nationaler Gesangswettbewerb\u201c und sang bereits u.a. mit der Warschauer Kammeroper, dem Gda\u0144sk Shakespeare Theater und den Kraukauer Philharmonikern.<br \/>\nSolistisch gab er G. F. H\u00e4ndels \u201eMessiah\u201c  beim Festival f\u00fcr Alte Musik &#8222;ANNUM festival\u201c. Zur Zeit bereitet er sich vor auf die Rolle des Tolomeo in H\u00e4ndels &#8222;Giulio Cesare\u201c  am Stadttheater in Pozna\u0144, Theater Wielki, unter Leitung von Paul Esswood und ferner der Titelrolle der Oper \u201eRadames\u201d von P. E\u00f6tv\u00f6s am Theater Solothurn \/Biel.<\/p>\n","protected":false},"excerpt":{"rendered":"<p>Rafa\u0142 Tomkiewicz ist Mitglied im Opernstudio des Nationaltheaters in Warschau. Er deb\u00fctierte in der Titelrolle der Oper \u201eIl Giasone\u201d von F. Cavalli an Collegium Nobilium Theater, Warschau. Er ist 1. Preistr\u00e4ger beim &#8222;Krystyna Jamroz Nationaler Gesangswettbewerb\u201c und sang bereits u.a. mit der Warschauer Kammeroper, dem Gda\u0144sk Shakespeare Theater und den Kraukauer Philharmonikern. Solistisch gab er &hellip; <\/p>\n<p class=\"link-more\"><a href=\"https:\/\/wp.uni-koblenz.de\/unimus\/kuenstler\/rafal-tomkiewitz\/\" class=\"more-link\"><span class=\"screen-reader-text\">\u201eRafa\u0142 Tomkiewitz\u201c <\/span>weiterlesen<\/a><\/p>\n","protected":false},"author":11,"featured_media":580,"parent":48,"menu_order":0,"comment_status":"closed","ping_status":"closed","template":"artist.php","meta":{"footnotes":""},"class_list":["post-581","page","type-page","status-publish","has-post-thumbnail","hentry"],"_links":{"self":[{"href":"https:\/\/wp.uni-koblenz.de\/unimus\/wp-json\/wp\/v2\/pages\/581","targetHints":{"allow":["GET"]}}],"collection":[{"href":"https:\/\/wp.uni-koblenz.de\/unimus\/wp-json\/wp\/v2\/pages"}],"about":[{"href":"https:\/\/wp.uni-koblenz.de\/unimus\/wp-json\/wp\/v2\/types\/page"}],"author":[{"embeddable":true,"href":"https:\/\/wp.uni-koblenz.de\/unimus\/wp-json\/wp\/v2\/users\/11"}],"replies":[{"embeddable":true,"href":"https:\/\/wp.uni-koblenz.de\/unimus\/wp-json\/wp\/v2\/comments?post=581"}],"version-history":[{"count":1,"href":"https:\/\/wp.uni-koblenz.de\/unimus\/wp-json\/wp\/v2\/pages\/581\/revisions"}],"predecessor-version":[{"id":582,"href":"https:\/\/wp.uni-koblenz.de\/unimus\/wp-json\/wp\/v2\/pages\/581\/revisions\/582"}],"up":[{"embeddable":true,"href":"https:\/\/wp.uni-koblenz.de\/unimus\/wp-json\/wp\/v2\/pages\/48"}],"wp:featuredmedia":[{"embeddable":true,"href":"https:\/\/wp.uni-koblenz.de\/unimus\/wp-json\/wp\/v2\/media\/580"}],"wp:attachment":[{"href":"https:\/\/wp.uni-koblenz.de\/unimus\/wp-json\/wp\/v2\/media?parent=581"}],"curies":[{"name":"wp","href":"https:\/\/api.w.org\/{rel}","templated":true}]}}