{"id":700,"date":"2018-10-23T14:58:31","date_gmt":"2018-10-23T12:58:31","guid":{"rendered":"https:\/\/wp.uni-koblenz.de\/unimus\/?page_id=700"},"modified":"2018-10-23T14:58:31","modified_gmt":"2018-10-23T12:58:31","slug":"jan-schulenburg","status":"publish","type":"page","link":"https:\/\/wp.uni-koblenz.de\/unimus\/kuenstler\/jan-schulenburg\/","title":{"rendered":"Jan Schulenburg"},"content":{"rendered":"<p>Jan Schulenburg ist in Hamburg geboren und aufgewachsen. Sein musikalischer Werdegang beginnt schon fr\u00fch im \u201eNeuen Knabenchor Hamburg\u201c unter der Leitung von Brigitte Siebenkittel. Als Jungstudent wird er noch w\u00e4hrend der Schulzeit f\u00fcr zwei Jahre in die Begabtenf\u00f6rderung der \u201eHans-Kauffmann-Stiftung\u201c am Hamburger Konservatorium aufgenommen. Hier studierte er auch zwei Jahre Gesangsp\u00e4dagogik bei Knut Schoch.<\/p>\n<p>Anregungen zur Lied- und Arieninterpretation fand er unter anderem in Meisterkursen bei Magreet Honig, Norman Shetler, Mario Hoff, Gabriele Rech, Axel Bauni, Peter Nelson, Jan Philip Schulze und Tobias J. Lehmann.<\/p>\n<p>Mehrere Engagements an der Jungen Kammeroper K\u00f6ln in der \u201eKleinen Zauberfl\u00f6te\u201c als Papageno, der Kinderoper \u201eLa Cenerentola\u201c als Alidoro und in den \u201eLustigen Weibern von Windsor\u201c als Dr. Cajus brachten ihn bereits an zahlreiche gro\u00dfe Gastspielorte im deutschsprachigen Raum. In der Spielzeit 2015 \/ 2016 gab Jan Schulenburg in der Oper \u201eL&#8217;heure espagnole\u201c von Maurice Ravel sein Deb\u00fct am Theater Aachen. Solistische Engagements im Konzertbereich f\u00fchrten ihn unter anderem nach K\u00f6ln, Leipzig, Flensburg und Hamburg. Im Jahr 2017 war Jan Schulenburg Stipendiat im MDR Rundfunkchor in Leipzig. Seit Juli 2018 ist er festes Mitglied im niederl\u00e4ndischen Vokalensemble \u201eConsensus Vocalis\u201c unter der Leitung von Klaas Stock.<\/p>\n<p>An der Hochschule f\u00fcr Musik und Tanz K\u00f6ln hat der junge Bariton nach dem erfolgreichen Bachelor-Abschluss nun das Masterstudium f\u00fcr Gesang in der Klasse von Professor Mario Hoff aufgenommen.<\/p>\n","protected":false},"excerpt":{"rendered":"<p>Jan Schulenburg ist in Hamburg geboren und aufgewachsen. Sein musikalischer Werdegang beginnt schon fr\u00fch im \u201eNeuen Knabenchor Hamburg\u201c unter der Leitung von Brigitte Siebenkittel. Als Jungstudent wird er noch w\u00e4hrend der Schulzeit f\u00fcr zwei Jahre in die Begabtenf\u00f6rderung der \u201eHans-Kauffmann-Stiftung\u201c am Hamburger Konservatorium aufgenommen. Hier studierte er auch zwei Jahre Gesangsp\u00e4dagogik bei Knut Schoch. Anregungen &hellip; <\/p>\n<p class=\"link-more\"><a href=\"https:\/\/wp.uni-koblenz.de\/unimus\/kuenstler\/jan-schulenburg\/\" class=\"more-link\"><span class=\"screen-reader-text\">\u201eJan Schulenburg\u201c <\/span>weiterlesen<\/a><\/p>\n","protected":false},"author":11,"featured_media":701,"parent":48,"menu_order":0,"comment_status":"closed","ping_status":"closed","template":"artist.php","meta":{"footnotes":""},"class_list":["post-700","page","type-page","status-publish","has-post-thumbnail","hentry"],"_links":{"self":[{"href":"https:\/\/wp.uni-koblenz.de\/unimus\/wp-json\/wp\/v2\/pages\/700","targetHints":{"allow":["GET"]}}],"collection":[{"href":"https:\/\/wp.uni-koblenz.de\/unimus\/wp-json\/wp\/v2\/pages"}],"about":[{"href":"https:\/\/wp.uni-koblenz.de\/unimus\/wp-json\/wp\/v2\/types\/page"}],"author":[{"embeddable":true,"href":"https:\/\/wp.uni-koblenz.de\/unimus\/wp-json\/wp\/v2\/users\/11"}],"replies":[{"embeddable":true,"href":"https:\/\/wp.uni-koblenz.de\/unimus\/wp-json\/wp\/v2\/comments?post=700"}],"version-history":[{"count":1,"href":"https:\/\/wp.uni-koblenz.de\/unimus\/wp-json\/wp\/v2\/pages\/700\/revisions"}],"predecessor-version":[{"id":703,"href":"https:\/\/wp.uni-koblenz.de\/unimus\/wp-json\/wp\/v2\/pages\/700\/revisions\/703"}],"up":[{"embeddable":true,"href":"https:\/\/wp.uni-koblenz.de\/unimus\/wp-json\/wp\/v2\/pages\/48"}],"wp:featuredmedia":[{"embeddable":true,"href":"https:\/\/wp.uni-koblenz.de\/unimus\/wp-json\/wp\/v2\/media\/701"}],"wp:attachment":[{"href":"https:\/\/wp.uni-koblenz.de\/unimus\/wp-json\/wp\/v2\/media?parent=700"}],"curies":[{"name":"wp","href":"https:\/\/api.w.org\/{rel}","templated":true}]}}

<p>Jan Schulenburg ist in Hamburg geboren und aufgewachsen. Sein musikalischer Werdegang beginnt schon früh im „Neuen Knabenchor Hamburg“ unter der Leitung von Brigitte Siebenkittel. Als Jungstudent wird er noch während der Schulzeit für zwei Jahre in die Begabtenförderung der „Hans-Kauffmann-Stiftung“ am Hamburger Konservatorium aufgenommen. Hier studierte er auch zwei Jahre Gesangspädagogik bei Knut Schoch.</p>
<p>Anregungen zur Lied- und Arieninterpretation fand er unter anderem in Meisterkursen bei Magreet Honig, Norman Shetler, Mario Hoff, Gabriele Rech, Axel Bauni, Peter Nelson, Jan Philip Schulze und Tobias J. Lehmann.</p>
<p>Mehrere Engagements an der Jungen Kammeroper Köln in der „Kleinen Zauberflöte“ als Papageno, der Kinderoper „La Cenerentola“ als Alidoro und in den „Lustigen Weibern von Windsor“ als Dr. Cajus brachten ihn bereits an zahlreiche große Gastspielorte im deutschsprachigen Raum. In der Spielzeit 2015 / 2016 gab Jan Schulenburg in der Oper „L&#8217;heure espagnole“ von Maurice Ravel sein Debüt am Theater Aachen. Solistische Engagements im Konzertbereich führten ihn unter anderem nach Köln, Leipzig, Flensburg und Hamburg. Im Jahr 2017 war Jan Schulenburg Stipendiat im MDR Rundfunkchor in Leipzig. Seit Juli 2018 ist er festes Mitglied im niederländischen Vokalensemble „Consensus Vocalis“ unter der Leitung von Klaas Stock.</p>
<p>An der Hochschule für Musik und Tanz Köln hat der junge Bariton nach dem erfolgreichen Bachelor-Abschluss nun das Masterstudium für Gesang in der Klasse von Professor Mario Hoff aufgenommen.</p>

<p>Jan Schulenburg ist in Hamburg geboren und aufgewachsen. Sein musikalischer Werdegang beginnt schon früh im „Neuen Knabenchor Hamburg“ unter der Leitung von Brigitte Siebenkittel. Als Jungstudent wird er noch während der Schulzeit für zwei Jahre in die Begabtenförderung der „Hans-Kauffmann-Stiftung“ am Hamburger Konservatorium aufgenommen. Hier studierte er auch zwei Jahre Gesangspädagogik bei Knut Schoch. Anregungen &hellip; </p>
<p class="link-more"><a href="https://wp.uni-koblenz.de/unimus/kuenstler/jan-schulenburg/" class="more-link"><span class="screen-reader-text">„Jan Schulenburg“ </span>weiterlesen</a></p>
