{"id":780,"date":"2019-03-02T11:59:33","date_gmt":"2019-03-02T10:59:33","guid":{"rendered":"https:\/\/wp.uni-koblenz.de\/unimus\/?page_id=780"},"modified":"2019-03-02T13:40:38","modified_gmt":"2019-03-02T12:40:38","slug":"hanno-harms","status":"publish","type":"page","link":"https:\/\/wp.uni-koblenz.de\/unimus\/kuenstler\/hanno-harms\/","title":{"rendered":"Hanno Harms"},"content":{"rendered":"<p>In Oldenburg aufgewachsen studierte Hanno Harms Schulmusik (Staatsexamen), Musikerziehung (Diplom) und K\u00fcnstlerische Ausbildung (Diplom) an der Hochschule f\u00fcr Musik, Theater und Medien in Hannover sowie Literatur- und Sprachwissenschaft an der Leibniz Universit\u00e4t Hannover. Zu seinen Gesangslehrern geh\u00f6rten u.a. Prof. Gerhard Faulstich und Prof. Dr. Peter-Anton Ling. K\u00fcnstlerische Impulse erhielt er durch Altus Ralf Popken (Historische Auff\u00fchrungspraxis) sowie durch die niederl\u00e4ndische Gesangp\u00e4dagogin Ank Reinders, den Liedbegleiter Justus Zeyen, wie auch der amerikanischen Gesangsprofessorin Carol Richardson-Smith und dem Studienleiter Jeffrey Smith der Nieders\u00e4chsischen Staatsoper.<\/p>\n<p>Konzertreisen f\u00fchrten ihn nach Litauen, Russland, China und Brasilien. Dem Nachwuchsvorsingen des Deutschen B\u00fchnenvereins 2003 folgte ein Festengagement am Stadttheater Hildesheim (TfN). Dort deb\u00fctierte er als Rosillon in Die Lustige Witwe und sang weitere Rollen des leicht-lyrischen Faches. Am Oldenburgischen Staatstheater gastierte er in Mill\u00f6ckers Operette Der Bettelstudent und verk\u00f6rperte die Titelpartie in Brittens Kirchenoper Prodigal Son (Der verlorene Sohn).<\/p>\n<p>Als freischaffender S\u00e4nger konzertiere er vielfach mit Orchestern wie dem Barockorchester L` Arco Hannover, den Th\u00fcringer Sinfonikern, dem Nieders\u00e4chsischen Staatsorchester, dem Philharmonischen Orchester Hamburg, dem Oldenburgischen Staatsorchester, dem Norddeutschen Symphonieorchester und der Kammerphilharmonie Wernigerode. Dokumentationen entstanden beim Norddeutschen Rundfunk (NDR), im Zweiten Deutschen Fernsehen (ZDF) und beim Deutschlandradio Berlin.<\/p>\n","protected":false},"excerpt":{"rendered":"<p>In Oldenburg aufgewachsen studierte Hanno Harms Schulmusik (Staatsexamen), Musikerziehung (Diplom) und K\u00fcnstlerische Ausbildung (Diplom) an der Hochschule f\u00fcr Musik, Theater und Medien in Hannover sowie Literatur- und Sprachwissenschaft an der Leibniz Universit\u00e4t Hannover. Zu seinen Gesangslehrern geh\u00f6rten u.a. Prof. Gerhard Faulstich und Prof. Dr. Peter-Anton Ling. K\u00fcnstlerische Impulse erhielt er durch Altus Ralf Popken (Historische &hellip; <\/p>\n<p class=\"link-more\"><a href=\"https:\/\/wp.uni-koblenz.de\/unimus\/kuenstler\/hanno-harms\/\" class=\"more-link\"><span class=\"screen-reader-text\">\u201eHanno Harms\u201c <\/span>weiterlesen<\/a><\/p>\n","protected":false},"author":11,"featured_media":804,"parent":48,"menu_order":0,"comment_status":"closed","ping_status":"closed","template":"artist.php","meta":{"footnotes":""},"class_list":["post-780","page","type-page","status-publish","has-post-thumbnail","hentry"],"_links":{"self":[{"href":"https:\/\/wp.uni-koblenz.de\/unimus\/wp-json\/wp\/v2\/pages\/780","targetHints":{"allow":["GET"]}}],"collection":[{"href":"https:\/\/wp.uni-koblenz.de\/unimus\/wp-json\/wp\/v2\/pages"}],"about":[{"href":"https:\/\/wp.uni-koblenz.de\/unimus\/wp-json\/wp\/v2\/types\/page"}],"author":[{"embeddable":true,"href":"https:\/\/wp.uni-koblenz.de\/unimus\/wp-json\/wp\/v2\/users\/11"}],"replies":[{"embeddable":true,"href":"https:\/\/wp.uni-koblenz.de\/unimus\/wp-json\/wp\/v2\/comments?post=780"}],"version-history":[{"count":1,"href":"https:\/\/wp.uni-koblenz.de\/unimus\/wp-json\/wp\/v2\/pages\/780\/revisions"}],"predecessor-version":[{"id":791,"href":"https:\/\/wp.uni-koblenz.de\/unimus\/wp-json\/wp\/v2\/pages\/780\/revisions\/791"}],"up":[{"embeddable":true,"href":"https:\/\/wp.uni-koblenz.de\/unimus\/wp-json\/wp\/v2\/pages\/48"}],"wp:featuredmedia":[{"embeddable":true,"href":"https:\/\/wp.uni-koblenz.de\/unimus\/wp-json\/wp\/v2\/media\/804"}],"wp:attachment":[{"href":"https:\/\/wp.uni-koblenz.de\/unimus\/wp-json\/wp\/v2\/media?parent=780"}],"curies":[{"name":"wp","href":"https:\/\/api.w.org\/{rel}","templated":true}]}}

<p>In Oldenburg aufgewachsen studierte Hanno Harms Schulmusik (Staatsexamen), Musikerziehung (Diplom) und Künstlerische Ausbildung (Diplom) an der Hochschule für Musik, Theater und Medien in Hannover sowie Literatur- und Sprachwissenschaft an der Leibniz Universität Hannover. Zu seinen Gesangslehrern gehörten u.a. Prof. Gerhard Faulstich und Prof. Dr. Peter-Anton Ling. Künstlerische Impulse erhielt er durch Altus Ralf Popken (Historische Aufführungspraxis) sowie durch die niederländische Gesangpädagogin Ank Reinders, den Liedbegleiter Justus Zeyen, wie auch der amerikanischen Gesangsprofessorin Carol Richardson-Smith und dem Studienleiter Jeffrey Smith der Niedersächsischen Staatsoper.</p>
<p>Konzertreisen führten ihn nach Litauen, Russland, China und Brasilien. Dem Nachwuchsvorsingen des Deutschen Bühnenvereins 2003 folgte ein Festengagement am Stadttheater Hildesheim (TfN). Dort debütierte er als Rosillon in Die Lustige Witwe und sang weitere Rollen des leicht-lyrischen Faches. Am Oldenburgischen Staatstheater gastierte er in Millöckers Operette Der Bettelstudent und verkörperte die Titelpartie in Brittens Kirchenoper Prodigal Son (Der verlorene Sohn).</p>
<p>Als freischaffender Sänger konzertiere er vielfach mit Orchestern wie dem Barockorchester L` Arco Hannover, den Thüringer Sinfonikern, dem Niedersächsischen Staatsorchester, dem Philharmonischen Orchester Hamburg, dem Oldenburgischen Staatsorchester, dem Norddeutschen Symphonieorchester und der Kammerphilharmonie Wernigerode. Dokumentationen entstanden beim Norddeutschen Rundfunk (NDR), im Zweiten Deutschen Fernsehen (ZDF) und beim Deutschlandradio Berlin.</p>

<p>In Oldenburg aufgewachsen studierte Hanno Harms Schulmusik (Staatsexamen), Musikerziehung (Diplom) und Künstlerische Ausbildung (Diplom) an der Hochschule für Musik, Theater und Medien in Hannover sowie Literatur- und Sprachwissenschaft an der Leibniz Universität Hannover. Zu seinen Gesangslehrern gehörten u.a. Prof. Gerhard Faulstich und Prof. Dr. Peter-Anton Ling. Künstlerische Impulse erhielt er durch Altus Ralf Popken (Historische &hellip; </p>
<p class="link-more"><a href="https://wp.uni-koblenz.de/unimus/kuenstler/hanno-harms/" class="more-link"><span class="screen-reader-text">„Hanno Harms“ </span>weiterlesen</a></p>
