{"id":880,"date":"2019-04-08T11:45:47","date_gmt":"2019-04-08T09:45:47","guid":{"rendered":"https:\/\/wp.uni-koblenz.de\/unimus\/?page_id=880"},"modified":"2021-10-22T14:48:16","modified_gmt":"2021-10-22T12:48:16","slug":"projekte","status":"publish","type":"page","link":"https:\/\/wp.uni-koblenz.de\/unimus\/projekte\/","title":{"rendered":"Projekte"},"content":{"rendered":"\n<div class=\"front-page-box\">\n\n\n\n<a href=\"https:\/\/www.demokratie-koblenz.de\/seite\/531215\/kwdd.html\"><img loading=\"lazy\" decoding=\"async\" class=\"alignright wp-image-352 size-large\" src=\"https:\/\/wp.uni-koblenz.de\/unimus\/wp-content\/uploads\/sites\/16\/2021\/10\/Campus-Brass-1.10.21-Ehrenbreitstein-mit-Logo-Wochen-der-Demokratie-by-Godehard-Juraschek-A43A1211-scaled.jpg\" alt=\"\" width=\"525\" height=\"371\"><\/a>\n\n\n\n<h3>Wochen der Demokratie Koblenz<\/h3>\n<p>Bei der Abschlussveranstaltung \u201eWochen der Demokratie Koblenz\u201c und der Einweihung der Friedensglocke musizierte das Ensemble Campus Brass in der Festung Ehrenbreitstein am Freitag, 1.Oktober 2021:<\/p>\n<p>Johannes, Kramer, Trompete I<br>\nPhilipp Steinbacher, Trompete II<br>\nSamira Last, Horn<br>\nKlaus-Bernd Schneider, Posaune<br>\nAlexander Zotz, Tuba<br>\nSamuel ide, Percussion<br><a href=\"https:\/\/www.demokratie-koblenz.de\/seite\/531215\/kwdd.html\">mehr erfahren<\/a><\/p>\n\n\n\n<\/div>\n\n\n\n<div class=\"front-page-box\">\n\n\n\n<a href=\"https:\/\/wp.uni-koblenz.de\/unimus\/projekte\/universitaetsgottesdienste\/\"><img loading=\"lazy\" decoding=\"async\" class=\"alignleft wp-image-352 size-large\" src=\"https:\/\/wp.uni-koblenz.de\/unimus\/wp-content\/uploads\/sites\/16\/2018\/05\/20181111_UG_Bach_IchHabeGenug.jpg\" alt=\"\" width=\"525\" height=\"371\"><\/a>\n\n\n\n<h3>Universit\u00e4tsgottesdienste<\/h3>\n<p>In Kooperation mit der Katholischen Hochschulgemeinde und der Evangelischen Studierendengemeinde veranstaltet die Universit\u00e4tsmusik seit mehr als zehn Jahren eine Universit\u00e4tsgottesdienstreihe.\nUnter den Solisten der aufgef\u00fchrten Kantaten finden sich auch Stars wie Klaus Mertens.<br><a href=\"https:\/\/wp.uni-koblenz.de\/unimus\/projekte\/universitaetsgottesdienste\/\">mehr erfahren<\/a><\/p>\n\n\n\n<\/div>\n\n\n\n<div class=\"front-page-box\">\n\n\n\n<a href=\"https:\/\/www.facebook.com\/musikexpedition\"><img loading=\"lazy\" decoding=\"async\" class=\"alignright wp-image-352 size-large\" src=\"https:\/\/wp.uni-koblenz.de\/unimus\/wp-content\/uploads\/sites\/16\/2021\/05\/ConcertoEncerramento-119-scaled.jpg\" alt=\"\" width=\"525\" height=\"371\"><\/a>\n\n\n\n<h3>Musikexpedition &#8211; Brasilien<\/h3>\n<p>Die Universit\u00e4t in Koblenz verbindet eine vitale Partnerschaft mit Universidade Federalde S\u00e3o Jo\u00e3o del-Rei\/Brasilien.\nDiese umfasst auf sechs Campus etwa 15 ooo Studierende.\nSeit 2016 nutzten etwa siebzig Studierende die Gelegenheit des Austausches und gegenseitigen Besuches.<br><a href=\"https:\/\/wp.uni-koblenz.de\/unimus\/post-1268\/musikexpedition-brasilien\/\">mehr erfahren<\/a><\/p>\n\n\n\n<\/div>\n\n\n\n<div class=\"front-page-box\">\n\n\n\n<a href=\"https:\/\/wp.uni-koblenz.de\/unimus\/projekte\/studientag\/\"><img loading=\"lazy\" decoding=\"async\" class=\"alignleft wp-image-352 size-large\" src=\"https:\/\/wp.uni-koblenz.de\/unimus\/wp-content\/uploads\/sites\/16\/2019\/07\/20191026_studientag.jpg\" alt=\"\" width=\"525\" height=\"371\"><\/a>\n\n\n\n<h3>Studientag<\/h3>\n<p>Auf dem Studientag werden Workshops insbesondere zum Thema &#8222;Musizieren mit Kindern und Jugendlichen&#8220; angeboten. Die Teilnahme ist kostenlos. Der 4. Studientag wird am 31.10.2020 stattfinden.<br><a href=\"https:\/\/wp.uni-koblenz.de\/unimus\/projekte\/studientag\/\">mehr erfahren<\/a><\/p>\n\n\n\n<\/div>\n\n\n\n<div class=\"front-page-box\">\n\n\n\n<a href=\"https:\/\/bachinthesubways.org\/?lang=de\"><img decoding=\"async\" class=\"alignright wp-image-352 size-large\" src=\"https:\/\/wp.uni-koblenz.de\/unimus\/wp-content\/uploads\/sites\/16\/2019\/04\/20180317_Bach_is_in_the_air.jpg\" alt=\"\"><\/a>\n\n\n\n<h3>Bach is in the air<\/h3>\n<p>Johann Sebastian Bachs Musik ist voller Kraft und Sch\u00f6nheit. Sie kennt keine gesellschaftlichen und musikalischen Schranken, sie erf\u00e4hrt gr\u00f6\u00dfte Wertsch\u00e4tzung und weckt starke Emotionen. Seinen Geburtstag feiern Musiker weltweit mit der Aktion \u201eBach in the subways\u201d &#8211; in Koblenz mangels Metro in der Seilbahn.<br><a href=\"https:\/\/bachinthesubways.org\/?lang=de\">mehr erfahren<\/a><\/p>\n\n\n\n<\/div>\n\n\n\n<div class=\"front-page-box\">\n\n\n\n<a href=\"https:\/\/wp.uni-koblenz.de\/unimus\/post-1268\/moritz-eggert-die-tiefe-des-raumes\/\"><img decoding=\"async\" class=\"alignleft wp-image-352 size-large\" src=\"https:\/\/wp.uni-koblenz.de\/unimus\/wp-content\/uploads\/sites\/16\/2021\/07\/FussballoraTORium-weit-IMG_2706-scaled.jpg\" alt=\"\"><\/a>\n\n\n\n<h3>&#8222;Die Tiefe des Raumes\u201c, Ein Fu\u00dfballoratorium<\/h3>\n<p>Moritz Eggerts Fu\u00dfballoratorium als CD Produktion der Musikakademie\nder Studienstiftung des deutschen Volkes, 2019. <br>Choreinstudierung Christian Jeub.<br><a href=\"https:\/\/wp.uni-koblenz.de\/unimus\/post-1268\/moritz-eggert-die-tiefe-des-raumes\/\">mehr erfahren<\/a><\/p>\n\n\n\n<\/div>\n\n\n\n\n","protected":false},"excerpt":{"rendered":"<p>Wochen der Demokratie Koblenz Bei der Abschlussveranstaltung \u201eWochen der Demokratie Koblenz\u201c und der Einweihung der Friedensglocke musizierte das Ensemble Campus Brass in der Festung Ehrenbreitstein am Freitag, 1.Oktober 2021: Johannes, Kramer, Trompete I Philipp Steinbacher, Trompete II Samira Last, Horn Klaus-Bernd Schneider, Posaune Alexander Zotz, Tuba Samuel ide, Percussionmehr erfahren Universit\u00e4tsgottesdienste In Kooperation mit der &hellip; <\/p>\n<p class=\"link-more\"><a href=\"https:\/\/wp.uni-koblenz.de\/unimus\/projekte\/\" class=\"more-link\"><span class=\"screen-reader-text\">\u201eProjekte\u201c <\/span>weiterlesen<\/a><\/p>\n","protected":false},"author":11,"featured_media":0,"parent":0,"menu_order":0,"comment_status":"closed","ping_status":"closed","template":"artist.php","meta":{"footnotes":""},"class_list":["post-880","page","type-page","status-publish","hentry"],"_links":{"self":[{"href":"https:\/\/wp.uni-koblenz.de\/unimus\/wp-json\/wp\/v2\/pages\/880","targetHints":{"allow":["GET"]}}],"collection":[{"href":"https:\/\/wp.uni-koblenz.de\/unimus\/wp-json\/wp\/v2\/pages"}],"about":[{"href":"https:\/\/wp.uni-koblenz.de\/unimus\/wp-json\/wp\/v2\/types\/page"}],"author":[{"embeddable":true,"href":"https:\/\/wp.uni-koblenz.de\/unimus\/wp-json\/wp\/v2\/users\/11"}],"replies":[{"embeddable":true,"href":"https:\/\/wp.uni-koblenz.de\/unimus\/wp-json\/wp\/v2\/comments?post=880"}],"version-history":[{"count":30,"href":"https:\/\/wp.uni-koblenz.de\/unimus\/wp-json\/wp\/v2\/pages\/880\/revisions"}],"predecessor-version":[{"id":1703,"href":"https:\/\/wp.uni-koblenz.de\/unimus\/wp-json\/wp\/v2\/pages\/880\/revisions\/1703"}],"wp:attachment":[{"href":"https:\/\/wp.uni-koblenz.de\/unimus\/wp-json\/wp\/v2\/media?parent=880"}],"curies":[{"name":"wp","href":"https:\/\/api.w.org\/{rel}","templated":true}]}}