{"id":985,"date":"2019-06-24T16:52:50","date_gmt":"2019-06-24T14:52:50","guid":{"rendered":"https:\/\/wp.uni-koblenz.de\/unimus\/?page_id=985"},"modified":"2019-06-24T16:52:50","modified_gmt":"2019-06-24T14:52:50","slug":"prof-ernst-triner","status":"publish","type":"page","link":"https:\/\/wp.uni-koblenz.de\/unimus\/kuenstler\/prof-ernst-triner\/","title":{"rendered":"Prof. Ernst Triner"},"content":{"rendered":"<p>Von 1982-2015 1. Konzertmeister beim Staatsorchester Rheinische Philharmonie, davor 3 Jahre 2. Konzertmeister am Staatstheater Kassel, konzertiert er regelm\u00e4\u00dfig als Solist, zus\u00e4tzlich widmet er sich intensiv der Kammermusik. So ist er Primarius des Acanthis Quartetts und Leiter des Mozart-Ensembles der Rheinischen Philharmonie.<\/p>\n<p>Triner legte 1977 die k\u00fcnstlerische Reifepr\u00fcfung an der Musikhochschule W\u00fcrzburg ab. Als Stipendiat der \u201eStudienstiftung des deutschen Volkes\u201c setzte er sein Studium an der Indiana University in Bloomington (USA) und an der Academy of Fine Arts in Banff (Kanada) fort. 1979 erwarb der Geiger das Meisterklassendiplom und unterrichtet seitdem an der Musikhochschule W\u00fcrzburg. Dort wurde er 1996 zum Professor ernannt. Sein bevozugtes Konzertinstrumenst ist eine altitalienische Meistergeige von Giovanni Tononi, Bologna 1702.<\/p>\n","protected":false},"excerpt":{"rendered":"<p>Von 1982-2015 1. Konzertmeister beim Staatsorchester Rheinische Philharmonie, davor 3 Jahre 2. Konzertmeister am Staatstheater Kassel, konzertiert er regelm\u00e4\u00dfig als Solist, zus\u00e4tzlich widmet er sich intensiv der Kammermusik. So ist er Primarius des Acanthis Quartetts und Leiter des Mozart-Ensembles der Rheinischen Philharmonie. Triner legte 1977 die k\u00fcnstlerische Reifepr\u00fcfung an der Musikhochschule W\u00fcrzburg ab. Als Stipendiat &hellip; <\/p>\n<p class=\"link-more\"><a href=\"https:\/\/wp.uni-koblenz.de\/unimus\/kuenstler\/prof-ernst-triner\/\" class=\"more-link\"><span class=\"screen-reader-text\">\u201eProf. Ernst Triner\u201c <\/span>weiterlesen<\/a><\/p>\n","protected":false},"author":11,"featured_media":986,"parent":48,"menu_order":0,"comment_status":"closed","ping_status":"closed","template":"artist.php","meta":{"footnotes":""},"class_list":["post-985","page","type-page","status-publish","has-post-thumbnail","hentry"],"_links":{"self":[{"href":"https:\/\/wp.uni-koblenz.de\/unimus\/wp-json\/wp\/v2\/pages\/985","targetHints":{"allow":["GET"]}}],"collection":[{"href":"https:\/\/wp.uni-koblenz.de\/unimus\/wp-json\/wp\/v2\/pages"}],"about":[{"href":"https:\/\/wp.uni-koblenz.de\/unimus\/wp-json\/wp\/v2\/types\/page"}],"author":[{"embeddable":true,"href":"https:\/\/wp.uni-koblenz.de\/unimus\/wp-json\/wp\/v2\/users\/11"}],"replies":[{"embeddable":true,"href":"https:\/\/wp.uni-koblenz.de\/unimus\/wp-json\/wp\/v2\/comments?post=985"}],"version-history":[{"count":1,"href":"https:\/\/wp.uni-koblenz.de\/unimus\/wp-json\/wp\/v2\/pages\/985\/revisions"}],"predecessor-version":[{"id":988,"href":"https:\/\/wp.uni-koblenz.de\/unimus\/wp-json\/wp\/v2\/pages\/985\/revisions\/988"}],"up":[{"embeddable":true,"href":"https:\/\/wp.uni-koblenz.de\/unimus\/wp-json\/wp\/v2\/pages\/48"}],"wp:featuredmedia":[{"embeddable":true,"href":"https:\/\/wp.uni-koblenz.de\/unimus\/wp-json\/wp\/v2\/media\/986"}],"wp:attachment":[{"href":"https:\/\/wp.uni-koblenz.de\/unimus\/wp-json\/wp\/v2\/media?parent=985"}],"curies":[{"name":"wp","href":"https:\/\/api.w.org\/{rel}","templated":true}]}}